This is the mail archive of the
gcc-testresults@gcc.gnu.org
mailing list for the GCC project.
Results for 2.95.3 20001130 (prerelease/franzo/20001204) testsuite on powerpc-redhat-linux-gnu
- From: Art Lu <alu at h0005024d1d41 dot ne dot mediaone dot net>
- To: gcc-testresults at gcc dot gnu dot org
- Date: Thu, 14 Feb 2002 20:37:50 -0500
- Subject: Results for 2.95.3 20001130 (prerelease/franzo/20001204) testsuite on powerpc-redhat-linux-gnu
Native configuration is powerpc-redhat-linux-gnu
=== libio tests ===
Running target unix
=== libio Summary ===
# of expected passes 40
=== libstdc++ tests ===
Running target unix
=== libstdc++ Summary ===
# of expected passes 30
=== gcc tests ===
Running target unix
FAIL: gcc.dg/990119-1.c execution test
FAIL: gcc.dg/cast-qual-1.c discarding `const' warning (test for bogus messages, line 11)
FAIL: gcc.dg/cast-qual-1.c discarding `const' warning (test for warnings, line 17)
FAIL: gcc.dg/compare1.c (test for excess errors)
=== gcc Summary ===
# of expected passes 8052
# of unexpected failures 4
# of expected failures 31
# of unsupported tests 21
/home/fsirl/rh62/gcc/BUILD/obj-gcc-ppc/gcc/xgcc version 2.95.3 20001130 (prerelease/franzo/20001204)
=== g++ tests ===
Running target unix
FAIL: g++.gb/sig01.C (test for excess errors)
FAIL: g++.gb/sig02.C (test for excess errors)
FAIL: g++.gb/sig03.C (test for excess errors)
FAIL: g++.gb/sig04.C (test for excess errors)
FAIL: g++.gb/sig05.C (test for excess errors)
FAIL: g++.gb/sig06.C (test for excess errors)
FAIL: g++.gb/sig07.C (test for excess errors)
FAIL: g++.gb/sig08.C (test for excess errors)
FAIL: g++.gb/sig09.C (test for excess errors)
FAIL: g++.gb/sig10.C (test for excess errors)
FAIL: g++.gb/sig11.C (test for excess errors)
FAIL: g++.gb/sig12.C (test for excess errors)
FAIL: g++.gb/sig13.C (test for excess errors)
FAIL: g++.gb/sig14.C (test for excess errors)
FAIL: g++.gb/sig15.C (test for excess errors)
FAIL: g++.gb/sig16.C (test for excess errors)
FAIL: g++.gb/sig17.C (test for excess errors)
FAIL: g++.gb/sig18.C (test for excess errors)
FAIL: g++.gb/sig19.C (test for excess errors)
FAIL: g++.gb/sig20.C (test for excess errors)
FAIL: g++.gb/sig21.C (test for excess errors)
FAIL: g++.gb/sig22.C (test for excess errors)
FAIL: g++.gb/sig23.C (test for excess errors)
FAIL: g++.gb/sig24.C (test for excess errors)
FAIL: g++.gb/sig25.C (test for excess errors)
FAIL: g++.gb/sig26.C (test for excess errors)
FAIL: g++.gb/sig27.C (test for excess errors)
FAIL: g++.gb/sig28.C (test for excess errors)
FAIL: g++.gb/sig29.C (test for excess errors)
FAIL: g++.gb/sig30.C (test for excess errors)
FAIL: g++.gb/sig31.C (test for excess errors)
FAIL: g++.robertl/eb131.C candidate (test for errors, line 13)
=== g++ Summary ===
# of expected passes 5119
# of unexpected failures 32
# of expected failures 79
# of untested testcases 11
/home/fsirl/rh62/gcc/BUILD/obj-gcc-ppc/gcc/testsuite/../xgcc version 2.95.3 20001130 (prerelease/franzo/20001204)
=== g77 tests ===
Running target unix
=== g77 Summary ===
# of expected passes 602
=== objc tests ===
Running target unix
=== objc Summary ===
# of expected passes 38
/home/fsirl/rh62/gcc/BUILD/obj-gcc-ppc/gcc/xgcc version 2.95.3 20001130 (prerelease/franzo/20001204)
Compiler version: 2.95.3 20001130 (prerelease/franzo/20001204)
Platform: powerpc-redhat-linux-gnu
configure flags: --with-gcc-version-trigger=/home/fsirl/rh62/gcc/BUILD/gcc-2.95.3/gcc/version.c --host=ppc-redhat-linux --prefix=/usr --enable-shared --enable-threads --with-cpp-install-dir=../lib --norecursion