This is the mail archive of the
gcc-testresults@gcc.gnu.org
mailing list for the GCC project.
Results for 3.1 20020210 (experimental) testsuite on sparc-unknown-linux-gnu
- From: Christian Jönsson <c dot christian dot joensson at telia dot com>
- To: gcc-testresults at gcc dot gnu dot org
- Date: Wed, 13 Feb 2002 06:05:18 +0100
- Subject: Results for 3.1 20020210 (experimental) testsuite on sparc-unknown-linux-gnu
This was on a Debian Woody (test release) sun4m system using
binutils 2.11.92.0.12.3-6
dejagnu 1.4-4
gcc-3.0 3.0.3-1
libc6 2.2.5-3
/ChJ
LAST_UPDATED: Mon Feb 11 06:38:56 UTC 2002
Native configuration is sparc-unknown-linux-gnu
=== binutils tests ===
Running target unix/-fPIC
=== binutils Summary for unix/-fPIC ===
# of expected passes 31
# of expected failures 1
Running target unix/-fpic
=== binutils Summary for unix/-fpic ===
# of expected passes 31
# of expected failures 1
Running target unix
=== binutils Summary for unix ===
# of expected passes 31
# of expected failures 1
=== binutils Summary ===
# of expected passes 93
# of expected failures 3
=== gas tests ===
Running target unix/-fPIC
=== gas Summary for unix/-fPIC ===
# of expected passes 91
Running target unix/-fpic
=== gas Summary for unix/-fpic ===
# of expected passes 91
Running target unix
=== gas Summary for unix ===
# of expected passes 91
=== gas Summary ===
# of expected passes 273
=== g++ tests ===
Running target unix/-fPIC
FAIL: g++.dg/special/conpr-2.C execution test
FAIL: g++.dg/special/conpr-3.C execution test
FAIL: g++.dg/special/initp1.C execution test
FAIL: g++.law/profile1.C (test for excess errors)
FAIL: g++.law/profile1.C Execution test
FAIL: g++.robertl/eb83.C (test for excess errors)
FAIL: g++.robertl/eb83.C Execution test
=== g++ Summary for unix/-fPIC ===
# of expected passes 6873
# of unexpected failures 7
# of expected failures 91
# of untested testcases 22
# of unsupported tests 1
Running target unix/-fpic
FAIL: g++.dg/special/conpr-2.C execution test
FAIL: g++.dg/special/conpr-3.C execution test
FAIL: g++.dg/special/initp1.C execution test
FAIL: g++.law/profile1.C (test for excess errors)
FAIL: g++.law/profile1.C Execution test
FAIL: g++.robertl/eb83.C (test for excess errors)
FAIL: g++.robertl/eb83.C Execution test
=== g++ Summary for unix/-fpic ===
# of expected passes 6873
# of unexpected failures 7
# of expected failures 91
# of untested testcases 22
# of unsupported tests 1
Running target unix
FAIL: g++.dg/special/conpr-2.C execution test
FAIL: g++.dg/special/conpr-3.C execution test
FAIL: g++.dg/special/initp1.C execution test
=== g++ Summary for unix ===
# of expected passes 6877
# of unexpected failures 3
# of expected failures 91
# of untested testcases 22
# of unsupported tests 1
=== g++ Summary ===
# of expected passes 20623
# of unexpected failures 17
# of expected failures 273
# of untested testcases 66
# of unsupported tests 3
/share1/gcc-dev/gcc/objdir/gcc/testsuite/../g++ version 3.1 20020210 (experimental)
=== g77 tests ===
Running target unix/-fPIC
FAIL: g77.dg/bprob/bprob-1.f compilation, -g -fprofile-arcs
FAIL: g77.dg/bprob/bprob-1.f compilation, -O0 -fprofile-arcs
FAIL: g77.dg/bprob/bprob-1.f compilation, -O1 -fprofile-arcs
FAIL: g77.dg/bprob/bprob-1.f compilation, -O2 -fprofile-arcs
FAIL: g77.dg/bprob/bprob-1.f compilation, -O3 -fprofile-arcs
FAIL: g77.dg/bprob/bprob-1.f compilation, -O3 -g -fprofile-arcs
FAIL: g77.dg/bprob/bprob-1.f compilation, -Os -fprofile-arcs
FAIL: g77.dg/gcov/gcov-1.f (test for excess errors)
FAIL: g77.dg/gcov/gcov-1.f execution test
FAIL: g77.dg/gcov/gcov-1.f gcov: 118 failures in line counts, 32 in branch percentages, 24 in return percentages
FAIL: g77.f-torture/execute/947.f execution, -O0
FAIL: g77.f-torture/execute/947.f execution, -O1
FAIL: g77.f-torture/execute/947.f execution, -O2
FAIL: g77.f-torture/execute/947.f execution, -O3 -fomit-frame-pointer
FAIL: g77.f-torture/execute/947.f execution, -O3 -g
FAIL: g77.f-torture/execute/947.f execution, -Os
FAIL: g77.f-torture/execute/labug1.f compilation, -O1
FAIL: g77.f-torture/execute/labug1.f compilation, -O2
FAIL: g77.f-torture/execute/labug1.f compilation, -O3 -fomit-frame-pointer
FAIL: g77.f-torture/execute/labug1.f compilation, -O3 -fomit-frame-pointer -funroll-loops
FAIL: g77.f-torture/execute/labug1.f compilation, -O3 -fomit-frame-pointer -funroll-all-loops -finline-functions
FAIL: g77.f-torture/execute/labug1.f compilation, -O3 -g
FAIL: g77.f-torture/execute/short.f compilation, -O1
=== g77 Summary for unix/-fPIC ===
# of expected passes 1401
# of unexpected failures 23
# of unresolved testcases 21
# of untested testcases 7
# of unsupported tests 8
Running target unix/-fpic
FAIL: g77.dg/bprob/bprob-1.f compilation, -g -fprofile-arcs
FAIL: g77.dg/bprob/bprob-1.f compilation, -O0 -fprofile-arcs
FAIL: g77.dg/bprob/bprob-1.f compilation, -O1 -fprofile-arcs
FAIL: g77.dg/bprob/bprob-1.f compilation, -O2 -fprofile-arcs
FAIL: g77.dg/bprob/bprob-1.f compilation, -O3 -fprofile-arcs
FAIL: g77.dg/bprob/bprob-1.f compilation, -O3 -g -fprofile-arcs
FAIL: g77.dg/bprob/bprob-1.f compilation, -Os -fprofile-arcs
FAIL: g77.dg/gcov/gcov-1.f (test for excess errors)
FAIL: g77.dg/gcov/gcov-1.f execution test
FAIL: g77.dg/gcov/gcov-1.f gcov: 118 failures in line counts, 32 in branch percentages, 24 in return percentages
FAIL: g77.f-torture/compile/20010519-1.f, -O1
FAIL: g77.f-torture/compile/980310-3.f, -O1
FAIL: g77.f-torture/execute/20010430.f compilation, -O1
FAIL: g77.f-torture/execute/947.f execution, -O0
FAIL: g77.f-torture/execute/947.f execution, -O1
FAIL: g77.f-torture/execute/947.f execution, -O2
FAIL: g77.f-torture/execute/947.f execution, -O3 -fomit-frame-pointer
FAIL: g77.f-torture/execute/947.f execution, -O3 -g
FAIL: g77.f-torture/execute/947.f execution, -Os
FAIL: g77.f-torture/execute/labug1.f compilation, -O1
FAIL: g77.f-torture/execute/short.f compilation, -O1
=== g77 Summary for unix/-fpic ===
# of expected passes 1407
# of unexpected failures 21
# of unresolved testcases 21
# of untested testcases 3
# of unsupported tests 8
Running target unix
FAIL: g77.f-torture/execute/947.f execution, -O0
FAIL: g77.f-torture/execute/947.f execution, -O1
FAIL: g77.f-torture/execute/947.f execution, -O2
FAIL: g77.f-torture/execute/947.f execution, -O3 -fomit-frame-pointer
FAIL: g77.f-torture/execute/947.f execution, -O3 -g
FAIL: g77.f-torture/execute/947.f execution, -Os
=== g77 Summary for unix ===
# of expected passes 1446
# of unexpected failures 6
# of unsupported tests 8
=== g77 Summary ===
# of expected passes 4254
# of unexpected failures 50
# of unresolved testcases 42
# of untested testcases 10
# of unsupported tests 24
/share1/gcc-dev/gcc/objdir/gcc/testsuite/../g77 version 3.1 20020210 (experimental)
=== gcc tests ===
Running target unix/-fPIC
FAIL: gcc.c-torture/compile/20001226-1.c, -O1
FAIL: gcc.c-torture/compile/20001226-1.c, -O2
FAIL: gcc.c-torture/compile/20001226-1.c, -O3 -fomit-frame-pointer
FAIL: gcc.c-torture/compile/20001226-1.c, -O3 -g
FAIL: gcc.c-torture/compile/20001226-1.c, -Os
FAIL: gcc.c-torture/compile/920723-1.c, -O2
FAIL: gcc.c-torture/compile/920723-1.c, -O3 -fomit-frame-pointer
FAIL: gcc.c-torture/compile/920723-1.c, -O3 -fomit-frame-pointer -funroll-loops
FAIL: gcc.c-torture/compile/920723-1.c, -O3 -fomit-frame-pointer -funroll-all-loops -finline-functions
FAIL: gcc.c-torture/compile/920723-1.c, -O3 -g
FAIL: gcc.c-torture/execute/20000731-1.c compilation, -O3 -fomit-frame-pointer
FAIL: gcc.c-torture/execute/20000731-1.c compilation, -O3 -fomit-frame-pointer -funroll-loops
FAIL: gcc.c-torture/execute/20000731-1.c compilation, -O3 -fomit-frame-pointer -funroll-all-loops -finline-functions
FAIL: gcc.c-torture/execute/20000731-1.c compilation, -O3 -g
FAIL: gcc.c-torture/execute/960521-1.c compilation, -O1
FAIL: gcc.c-torture/execute/960521-1.c compilation, -O2
FAIL: gcc.c-torture/execute/strct-pack-1.c execution, -O2
FAIL: gcc.c-torture/execute/strct-pack-1.c execution, -Os
FAIL: gcc.dg/20001013-1.c (test for excess errors)
FAIL: gcc.dg/20001101-1.c (test for excess errors)
FAIL: gcc.dg/20001102-1.c (test for excess errors)
FAIL: gcc.dg/20020201-1.c (test for excess errors)
FAIL: gcc.dg/20020201-1.c execution test
FAIL: gcc.dg/c99-flex-array-2.c (test for excess errors)
FAIL: gcc.dg/pack-test-1.c (test for excess errors)
FAIL: gcc.dg/pack-test-2.c (test for errors, line 7)
FAIL: gcc.dg/pack-test-2.c (test for errors, line 14)
FAIL: gcc.dg/pack-test-2.c (test for errors, line 19)
FAIL: gcc.dg/pack-test-2.c (test for excess errors)
FAIL: gcc.dg/noncompile/930622-1.c (test for excess errors)
FAIL: gcc.misc-tests/bprob-1.c compilation, -g -fprofile-arcs
FAIL: gcc.misc-tests/bprob-1.c compilation, -O0 -fprofile-arcs
FAIL: gcc.misc-tests/bprob-1.c compilation, -O1 -fprofile-arcs
FAIL: gcc.misc-tests/bprob-1.c compilation, -O2 -DPERFTIME -fprofile-arcs
FAIL: gcc.misc-tests/bprob-1.c compilation, -O3 -DPERFTIME -fprofile-arcs
FAIL: gcc.misc-tests/bprob-1.c compilation, -O3 -g -DPERFTIME -fprofile-arcs
FAIL: gcc.misc-tests/bprob-1.c compilation, -Os -fprofile-arcs
FAIL: gcc.misc-tests/bprob-2.c compilation, -g -fprofile-arcs
FAIL: gcc.misc-tests/bprob-2.c compilation, -O0 -fprofile-arcs
FAIL: gcc.misc-tests/bprob-2.c compilation, -O1 -fprofile-arcs
FAIL: gcc.misc-tests/bprob-2.c compilation, -O2 -DPERFTIME -fprofile-arcs
FAIL: gcc.misc-tests/bprob-2.c compilation, -O3 -DPERFTIME -fprofile-arcs
FAIL: gcc.misc-tests/bprob-2.c compilation, -O3 -g -DPERFTIME -fprofile-arcs
FAIL: gcc.misc-tests/bprob-2.c compilation, -Os -fprofile-arcs
FAIL: gcc.misc-tests/gcov-1.c (test for excess errors)
FAIL: gcc.misc-tests/gcov-1.c execution test
FAIL: gcc.misc-tests/gcov-1.c gcov: 3 failures in line counts
FAIL: gcc.misc-tests/gcov-2.c (test for excess errors)
FAIL: gcc.misc-tests/gcov-2.c execution test
FAIL: gcc.misc-tests/gcov-2.c gcov: 3 failures in line counts
FAIL: gcc.misc-tests/gcov-3.c (test for excess errors)
FAIL: gcc.misc-tests/gcov-3.c execution test
FAIL: gcc.misc-tests/gcov-3.c gcov: 2 failures in line counts
FAIL: gcc.misc-tests/gcov-4.c (test for excess errors)
FAIL: gcc.misc-tests/gcov-4.c execution test
FAIL: gcc.misc-tests/gcov-4.c gcov: 50 failures in line counts
FAIL: gcc.misc-tests/gcov-4b.c (test for excess errors)
FAIL: gcc.misc-tests/gcov-4b.c execution test
FAIL: gcc.misc-tests/gcov-4b.c gcov: 24 failures in branch percentages
FAIL: gcc.misc-tests/gcov-5b.c (test for excess errors)
FAIL: gcc.misc-tests/gcov-5b.c execution test
FAIL: gcc.misc-tests/gcov-6.c (test for excess errors)
FAIL: gcc.misc-tests/gcov-6.c execution test
FAIL: gcc.misc-tests/gcov-6.c gcov: 3 failures in line counts, 1 in branch percentages, 3 in return percentages
FAIL: gcc.misc-tests/gcov-7.c (test for excess errors)
FAIL: gcc.misc-tests/gcov-7.c execution test
FAIL: gcc.misc-tests/gcov-7.c gcov: 9 failures in line counts, 3 in branch percentages, 4 in return percentages
=== gcc Summary for unix/-fPIC ===
# of expected passes 17410
# of unexpected failures 67
# of expected failures 54
# of unresolved testcases 48
# of unsupported tests 92
Running target unix/-fpic
FAIL: gcc.c-torture/compile/20000427-1.c, -O1
FAIL: gcc.c-torture/compile/20001226-1.c, -O1
FAIL: gcc.c-torture/compile/20001226-1.c, -O2
FAIL: gcc.c-torture/compile/20001226-1.c, -O3 -fomit-frame-pointer
FAIL: gcc.c-torture/compile/20001226-1.c, -O3 -g
FAIL: gcc.c-torture/compile/20001226-1.c, -Os
FAIL: gcc.c-torture/compile/20010518-1.c, -O1
FAIL: gcc.c-torture/compile/920624-1.c, -O1
FAIL: gcc.c-torture/compile/920624-1.c, -O2
FAIL: gcc.c-torture/compile/920624-1.c, -O3 -fomit-frame-pointer
FAIL: gcc.c-torture/compile/920624-1.c, -O3 -fomit-frame-pointer -funroll-loops
FAIL: gcc.c-torture/compile/920624-1.c, -O3 -fomit-frame-pointer -funroll-all-loops -finline-functions
FAIL: gcc.c-torture/compile/920624-1.c, -O3 -g
FAIL: gcc.c-torture/compile/920710-2.c, -O1
FAIL: gcc.c-torture/compile/930621-1.c, -O1
FAIL: gcc.c-torture/compile/930621-1.c, -O2
FAIL: gcc.c-torture/compile/930621-1.c, -O3 -fomit-frame-pointer
FAIL: gcc.c-torture/compile/930621-1.c, -O3 -fomit-frame-pointer -funroll-loops
FAIL: gcc.c-torture/compile/930621-1.c, -O3 -fomit-frame-pointer -funroll-all-loops -finline-functions
FAIL: gcc.c-torture/compile/930621-1.c, -O3 -g
FAIL: gcc.c-torture/compile/950729-1.c, -O1
FAIL: gcc.c-torture/compile/950729-1.c, -O2
FAIL: gcc.c-torture/compile/950729-1.c, -O3 -fomit-frame-pointer
FAIL: gcc.c-torture/compile/950729-1.c, -O3 -fomit-frame-pointer -funroll-loops
FAIL: gcc.c-torture/compile/950729-1.c, -O3 -fomit-frame-pointer -funroll-all-loops -finline-functions
FAIL: gcc.c-torture/compile/950729-1.c, -O3 -g
FAIL: gcc.c-torture/compile/980329-1.c, -O1
FAIL: gcc.c-torture/compile/991229-3.c, -O1
FAIL: gcc.c-torture/execute/20000224-1.c compilation, -O1
FAIL: gcc.c-torture/execute/20020118-1.c compilation, -O1
FAIL: gcc.c-torture/execute/20020118-1.c compilation, -O2
FAIL: gcc.c-torture/execute/20020118-1.c compilation, -O3 -fomit-frame-pointer
FAIL: gcc.c-torture/execute/20020118-1.c compilation, -O3 -fomit-frame-pointer -funroll-loops
FAIL: gcc.c-torture/execute/20020118-1.c compilation, -O3 -fomit-frame-pointer -funroll-all-loops -finline-functions
FAIL: gcc.c-torture/execute/20020118-1.c compilation, -O3 -g
FAIL: gcc.c-torture/execute/920302-1.c compilation, -O1
FAIL: gcc.c-torture/execute/991201-1.c compilation, -O1
FAIL: gcc.c-torture/execute/strct-pack-1.c execution, -O2
FAIL: gcc.c-torture/execute/strct-pack-1.c execution, -Os
FAIL: gcc.c-torture/execute/ieee/980619-1.c compilation, -O1
FAIL: gcc.c-torture/execute/ieee/980619-1.c compilation, -O2
FAIL: gcc.c-torture/execute/ieee/980619-1.c compilation, -O3 -fomit-frame-pointer
FAIL: gcc.c-torture/execute/ieee/980619-1.c compilation, -O3 -fomit-frame-pointer -funroll-loops
FAIL: gcc.c-torture/execute/ieee/980619-1.c compilation, -O3 -fomit-frame-pointer -funroll-all-loops -finline-functions
FAIL: gcc.c-torture/execute/ieee/980619-1.c compilation, -O3 -g
FAIL: gcc.dg/20001013-1.c (test for excess errors)
FAIL: gcc.dg/20001101-1.c (test for excess errors)
FAIL: gcc.dg/20001102-1.c (test for excess errors)
FAIL: gcc.dg/20020201-1.c (test for excess errors)
FAIL: gcc.dg/20020201-1.c execution test
FAIL: gcc.dg/c99-flex-array-2.c (test for excess errors)
FAIL: gcc.dg/pack-test-1.c (test for excess errors)
FAIL: gcc.dg/pack-test-2.c (test for errors, line 7)
FAIL: gcc.dg/pack-test-2.c (test for errors, line 14)
FAIL: gcc.dg/pack-test-2.c (test for errors, line 19)
FAIL: gcc.dg/pack-test-2.c (test for excess errors)
FAIL: gcc.dg/noncompile/930622-1.c (test for excess errors)
FAIL: gcc.misc-tests/bprob-1.c compilation, -g -fprofile-arcs
FAIL: gcc.misc-tests/bprob-1.c compilation, -O0 -fprofile-arcs
FAIL: gcc.misc-tests/bprob-1.c compilation, -O1 -fprofile-arcs
FAIL: gcc.misc-tests/bprob-1.c compilation, -O2 -DPERFTIME -fprofile-arcs
FAIL: gcc.misc-tests/bprob-1.c compilation, -O3 -DPERFTIME -fprofile-arcs
FAIL: gcc.misc-tests/bprob-1.c compilation, -O3 -g -DPERFTIME -fprofile-arcs
FAIL: gcc.misc-tests/bprob-1.c compilation, -Os -fprofile-arcs
FAIL: gcc.misc-tests/bprob-2.c compilation, -g -fprofile-arcs
FAIL: gcc.misc-tests/bprob-2.c compilation, -O0 -fprofile-arcs
FAIL: gcc.misc-tests/bprob-2.c compilation, -O1 -fprofile-arcs
FAIL: gcc.misc-tests/bprob-2.c compilation, -O2 -DPERFTIME -fprofile-arcs
FAIL: gcc.misc-tests/bprob-2.c compilation, -O3 -DPERFTIME -fprofile-arcs
FAIL: gcc.misc-tests/bprob-2.c compilation, -O3 -g -DPERFTIME -fprofile-arcs
FAIL: gcc.misc-tests/bprob-2.c compilation, -Os -fprofile-arcs
FAIL: gcc.misc-tests/gcov-1.c (test for excess errors)
FAIL: gcc.misc-tests/gcov-1.c execution test
FAIL: gcc.misc-tests/gcov-1.c gcov: 3 failures in line counts
FAIL: gcc.misc-tests/gcov-2.c (test for excess errors)
FAIL: gcc.misc-tests/gcov-2.c execution test
FAIL: gcc.misc-tests/gcov-2.c gcov: 3 failures in line counts
FAIL: gcc.misc-tests/gcov-3.c (test for excess errors)
FAIL: gcc.misc-tests/gcov-3.c execution test
FAIL: gcc.misc-tests/gcov-3.c gcov: 2 failures in line counts
FAIL: gcc.misc-tests/gcov-4.c (test for excess errors)
FAIL: gcc.misc-tests/gcov-4.c execution test
FAIL: gcc.misc-tests/gcov-4.c gcov: 50 failures in line counts
FAIL: gcc.misc-tests/gcov-4b.c (test for excess errors)
FAIL: gcc.misc-tests/gcov-4b.c execution test
FAIL: gcc.misc-tests/gcov-4b.c gcov: 24 failures in branch percentages
FAIL: gcc.misc-tests/gcov-5b.c (test for excess errors)
FAIL: gcc.misc-tests/gcov-5b.c execution test
FAIL: gcc.misc-tests/gcov-6.c (test for excess errors)
FAIL: gcc.misc-tests/gcov-6.c execution test
FAIL: gcc.misc-tests/gcov-6.c gcov: 3 failures in line counts, 1 in branch percentages, 3 in return percentages
FAIL: gcc.misc-tests/gcov-7.c (test for excess errors)
FAIL: gcc.misc-tests/gcov-7.c execution test
FAIL: gcc.misc-tests/gcov-7.c gcov: 9 failures in line counts, 3 in branch percentages, 4 in return percentages
=== gcc Summary for unix/-fpic ===
# of expected passes 17374
# of unexpected failures 94
# of expected failures 54
# of unresolved testcases 57
# of unsupported tests 92
Running target unix
FAIL: gcc.c-torture/compile/20001226-1.c, -O1
FAIL: gcc.c-torture/compile/20001226-1.c, -O2
FAIL: gcc.c-torture/compile/20001226-1.c, -O3 -fomit-frame-pointer
FAIL: gcc.c-torture/compile/20001226-1.c, -O3 -g
FAIL: gcc.c-torture/compile/20001226-1.c, -Os
FAIL: gcc.c-torture/execute/strct-pack-1.c execution, -O2
FAIL: gcc.c-torture/execute/strct-pack-1.c execution, -Os
FAIL: gcc.dg/20001013-1.c (test for excess errors)
FAIL: gcc.dg/20001101-1.c (test for excess errors)
FAIL: gcc.dg/20001102-1.c (test for excess errors)
FAIL: gcc.dg/c99-flex-array-2.c (test for excess errors)
FAIL: gcc.dg/pack-test-1.c (test for excess errors)
FAIL: gcc.dg/pack-test-2.c (test for errors, line 7)
FAIL: gcc.dg/pack-test-2.c (test for errors, line 14)
FAIL: gcc.dg/pack-test-2.c (test for errors, line 19)
FAIL: gcc.dg/pack-test-2.c (test for excess errors)
FAIL: gcc.dg/noncompile/930622-1.c (test for excess errors)
=== gcc Summary for unix ===
# of expected passes 17508
# of unexpected failures 17
# of expected failures 54
# of unsupported tests 92
=== gcc Summary ===
# of expected passes 52292
# of unexpected failures 178
# of expected failures 162
# of unresolved testcases 105
# of unsupported tests 276
/share1/gcc-dev/gcc/objdir/gcc/xgcc version 3.1 20020210 (experimental)
=== objc tests ===
Running target unix/-fPIC
FAIL: objc/execute/formal_protocol-6.m execution, -O0
FAIL: objc/execute/formal_protocol-6.m execution, -O1
FAIL: objc/execute/formal_protocol-6.m execution, -O2
FAIL: objc/execute/formal_protocol-6.m execution, -O3 -fomit-frame-pointer
FAIL: objc/execute/formal_protocol-6.m execution, -O3 -g
FAIL: objc/execute/formal_protocol-6.m execution, -Os
=== objc Summary for unix/-fPIC ===
# of expected passes 1036
# of unexpected failures 6
Running target unix/-fpic
FAIL: objc/execute/formal_protocol-6.m execution, -O0
FAIL: objc/execute/formal_protocol-6.m execution, -O1
FAIL: objc/execute/formal_protocol-6.m execution, -O2
FAIL: objc/execute/formal_protocol-6.m execution, -O3 -fomit-frame-pointer
FAIL: objc/execute/formal_protocol-6.m execution, -O3 -g
FAIL: objc/execute/formal_protocol-6.m execution, -Os
=== objc Summary for unix/-fpic ===
# of expected passes 1036
# of unexpected failures 6
Running target unix
FAIL: objc/execute/formal_protocol-6.m execution, -O0
FAIL: objc/execute/formal_protocol-6.m execution, -O1
FAIL: objc/execute/formal_protocol-6.m execution, -O2
FAIL: objc/execute/formal_protocol-6.m execution, -O3 -fomit-frame-pointer
FAIL: objc/execute/formal_protocol-6.m execution, -O3 -g
FAIL: objc/execute/formal_protocol-6.m execution, -Os
=== objc Summary for unix ===
# of expected passes 1036
# of unexpected failures 6
=== objc Summary ===
# of expected passes 3108
# of unexpected failures 18
/share1/gcc-dev/gcc/objdir/gcc/xgcc version 3.1 20020210 (experimental)
=== ld tests ===
Running target unix/-fPIC
FAIL: S-records
FAIL: S-records with constructors
=== ld Summary for unix/-fPIC ===
# of expected passes 127
# of unexpected failures 2
# of expected failures 13
Running target unix/-fpic
FAIL: vers3
FAIL: vers4
FAIL: vers4a
FAIL: vers6
FAIL: vers15
FAIL: vers19
FAIL: S-records
FAIL: S-records with constructors
=== ld Summary for unix/-fpic ===
# of expected passes 121
# of unexpected failures 8
# of expected failures 13
Running target unix
=== ld Summary for unix ===
# of expected passes 129
# of expected failures 13
=== ld Summary ===
# of expected passes 377
# of unexpected failures 10
# of expected failures 39
=== libjava tests ===
Running target unix/-fPIC
FAIL: calls header generation
FAIL: cxxtest header generation
FAIL: field header generation
FAIL: final_method header generation
FAIL: findclass header generation
FAIL: invoke header generation
FAIL: martin header generation
FAIL: noclass header generation
FAIL: overload header generation
FAIL: register header generation
FAIL: simple_int header generation
FAIL: throwit header generation
FAIL: virtual header generation
FAIL: Array_1 execution from source compiled test
FAIL: Array_1 execution from bytecode->native test
FAIL: Array_1 -O execution from source compiled test
FAIL: Array_1 -O execution from bytecode->native test
FAIL: Array_2 execution from source compiled test
FAIL: Array_2 execution from bytecode->native test
FAIL: Array_2 -O execution from source compiled test
FAIL: Array_2 -O execution from bytecode->native test
FAIL: Array_3 execution from source compiled test
FAIL: Array_3 execution from bytecode->native test
FAIL: Array_3 -O execution from source compiled test
FAIL: Array_3 -O execution from bytecode->native test
FAIL: Class_1 execution from source compiled test
FAIL: Class_1 execution from bytecode->native test
FAIL: Class_1 -O execution from source compiled test
FAIL: Class_1 -O execution from bytecode->native test
FAIL: Divide_1 execution from source compiled test
FAIL: Divide_1 execution from bytecode->native test
FAIL: Divide_1 -O execution from source compiled test
FAIL: Divide_1 -O execution from bytecode->native test
FAIL: FileHandleGcTest execution from source compiled test
FAIL: FileHandleGcTest execution from bytecode->native test
FAIL: FileHandleGcTest -O execution from source compiled test
FAIL: FileHandleGcTest -O execution from bytecode->native test
FAIL: Final execution from source compiled test
FAIL: Final execution from bytecode->native test
FAIL: Final -O execution from source compiled test
FAIL: Final -O execution from bytecode->native test
FAIL: Float_1 execution from source compiled test
FAIL: Float_1 execution from bytecode->native test
FAIL: Float_1 -O execution from source compiled test
FAIL: Float_1 -O execution from bytecode->native test
FAIL: G19990301_01 execution from source compiled test
FAIL: G19990301_01 execution from bytecode->native test
FAIL: G19990301_01 -O execution from source compiled test
FAIL: G19990301_01 -O execution from bytecode->native test
FAIL: G19990302_02 execution from source compiled test
FAIL: G19990302_02 execution from bytecode->native test
FAIL: G19990302_02 -O execution from source compiled test
FAIL: G19990302_02 -O execution from bytecode->native test
FAIL: G19990303_01 execution from source compiled test
FAIL: G19990303_01 execution from bytecode->native test
FAIL: G19990303_01 -O execution from source compiled test
FAIL: G19990303_01 -O execution from bytecode->native test
FAIL: G19990303_02 execution from source compiled test
FAIL: G19990303_02 execution from bytecode->native test
FAIL: G19990303_02 -O execution from source compiled test
FAIL: G19990303_02 -O execution from bytecode->native test
FAIL: G19990304_01 execution from source compiled test
FAIL: G19990304_01 execution from bytecode->native test
FAIL: G19990304_01 -O execution from source compiled test
FAIL: G19990304_01 -O execution from bytecode->native test
FAIL: G19990310_01 execution from source compiled test
FAIL: G19990310_01 execution from bytecode->native test
FAIL: G19990310_01 -O execution from source compiled test
FAIL: G19990310_01 -O execution from bytecode->native test
FAIL: II execution from source compiled test
FAIL: II execution from bytecode->native test
FAIL: II -O execution from source compiled test
FAIL: II -O execution from bytecode->native test
FAIL: InterfaceDispatch execution from source compiled test
FAIL: InterfaceDispatch execution from bytecode->native test
FAIL: InterfaceDispatch -O execution from source compiled test
FAIL: InterfaceDispatch -O execution from bytecode->native test
FAIL: Invoke_1 execution from source compiled test
FAIL: Invoke_1 execution from bytecode->native test
FAIL: Invoke_1 -O execution from source compiled test
FAIL: Invoke_1 -O execution from bytecode->native test
FAIL: Invoke_2 execution from source compiled test
FAIL: Invoke_2 execution from bytecode->native test
FAIL: Invoke_2 -O execution from source compiled test
FAIL: Invoke_2 -O execution from bytecode->native test
FAIL: KeepInline execution from source compiled test
FAIL: KeepInline execution from bytecode->native test
FAIL: KeepInline -O execution from source compiled test
FAIL: KeepInline -O execution from bytecode->native test
FAIL: Matrix4f execution from source compiled test
FAIL: Matrix4f execution from bytecode->native test
FAIL: Matrix4f -O execution from source compiled test
FAIL: Matrix4f -O execution from bytecode->native test
FAIL: N19990310_02 execution from source compiled test
FAIL: N19990310_02 execution from bytecode->native test
FAIL: N19990310_02 -O execution from source compiled test
FAIL: N19990310_02 -O execution from bytecode->native test
FAIL: N19990310_3 execution from source compiled test
FAIL: N19990310_3 execution from bytecode->native test
FAIL: N19990310_3 -O execution from source compiled test
FAIL: N19990310_3 -O execution from bytecode->native test
FAIL: N19990310_4 execution from source compiled test
FAIL: N19990310_4 execution from bytecode->native test
FAIL: N19990310_4 -O execution from source compiled test
FAIL: N19990310_4 -O execution from bytecode->native test
FAIL: N19990310_5 execution from source compiled test
FAIL: N19990310_5 execution from bytecode->native test
FAIL: N19990310_5 -O execution from source compiled test
FAIL: N19990310_5 -O execution from bytecode->native test
FAIL: PR141 execution from source compiled test
FAIL: PR141 execution from bytecode->native test
FAIL: PR141 -O execution from source compiled test
FAIL: PR141 -O execution from bytecode->native test
FAIL: PR160 execution from source compiled test
FAIL: PR160 execution from bytecode->native test
FAIL: PR160 -O execution from source compiled test
FAIL: PR160 -O execution from bytecode->native test
FAIL: PR162 execution from source compiled test
FAIL: PR162 execution from bytecode->native test
FAIL: PR162 -O execution from source compiled test
FAIL: PR162 -O execution from bytecode->native test
FAIL: PR218 execution from source compiled test
FAIL: PR218 execution from bytecode->native test
FAIL: PR218 -O execution from source compiled test
FAIL: PR218 -O execution from bytecode->native test
FAIL: PR242 execution from source compiled test
FAIL: PR242 execution from bytecode->native test
FAIL: PR242 -O execution from source compiled test
FAIL: PR242 -O execution from bytecode->native test
FAIL: PR260 execution from source compiled test
FAIL: PR260 execution from bytecode->native test
FAIL: PR260 -O execution from source compiled test
FAIL: PR260 -O execution from bytecode->native test
FAIL: PR3096 execution from source compiled test
FAIL: PR3096 execution from bytecode->native test
FAIL: PR3096 -O execution from source compiled test
FAIL: PR3096 -O execution from bytecode->native test
FAIL: PR3731 execution from source compiled test
FAIL: PR3731 execution from bytecode->native test
FAIL: PR3731 -O execution from source compiled test
FAIL: PR3731 -O execution from bytecode->native test
FAIL: PR5057 execution from source compiled test
FAIL: PR5057 execution from bytecode->native test
FAIL: PR5057 -O execution from source compiled test
FAIL: PR5057 -O execution from bytecode->native test
FAIL: PR5057_2 execution from source compiled test
FAIL: PR5057_2 execution from bytecode->native test
FAIL: PR5057_2 -O execution from source compiled test
FAIL: PR5057_2 -O execution from bytecode->native test
FAIL: PR55 execution from source compiled test
FAIL: PR55 execution from bytecode->native test
FAIL: PR55 -O execution from source compiled test
FAIL: PR55 -O execution from bytecode->native test
FAIL: PR56 execution from source compiled test
FAIL: PR56 execution from bytecode->native test
FAIL: PR56 -O execution from source compiled test
FAIL: PR56 -O execution from bytecode->native test
FAIL: Primes execution from source compiled test
FAIL: Primes execution from bytecode->native test
FAIL: Primes -O execution from source compiled test
FAIL: Primes -O execution from bytecode->native test
FAIL: Shazam execution from source compiled test
FAIL: Shazam execution from bytecode->native test
FAIL: Shazam -O execution from source compiled test
FAIL: Shazam -O execution from bytecode->native test
FAIL: StringBuffer_1 execution from source compiled test
FAIL: StringBuffer_1 execution from bytecode->native test
FAIL: StringBuffer_1 -O execution from source compiled test
FAIL: StringBuffer_1 -O execution from bytecode->native test
FAIL: SyncTest execution from source compiled test
FAIL: SyncTest execution from bytecode->native test
FAIL: SyncTest -O execution from source compiled test
FAIL: SyncTest -O execution from bytecode->native test
FAIL: Synch execution from source compiled test
FAIL: Synch execution from bytecode->native test
FAIL: Synch -O execution from source compiled test
FAIL: Synch -O execution from bytecode->native test
FAIL: TLtest execution from source compiled test
FAIL: TLtest execution from bytecode->native test
FAIL: TLtest -O execution from source compiled test
FAIL: TLtest -O execution from bytecode->native test
FAIL: Thread_Alive execution from source compiled test
FAIL: Thread_Alive execution from bytecode->native test
FAIL: Thread_Alive -O execution from source compiled test
FAIL: Thread_Alive -O execution from bytecode->native test
FAIL: Thread_Interrupt execution from source compiled test
FAIL: Thread_Interrupt execution from bytecode->native test
FAIL: Thread_Interrupt -O execution from source compiled test
FAIL: Thread_Interrupt -O execution from bytecode->native test
FAIL: Thread_Join execution from source compiled test
FAIL: Thread_Join execution from bytecode->native test
FAIL: Thread_Join -O execution from source compiled test
FAIL: Thread_Join -O execution from bytecode->native test
FAIL: Thread_Monitor execution from source compiled test
FAIL: Thread_Monitor execution from bytecode->native test
FAIL: Thread_Monitor -O execution from source compiled test
FAIL: Thread_Monitor -O execution from bytecode->native test
FAIL: Thread_Sleep execution from source compiled test
FAIL: Thread_Sleep execution from bytecode->native test
FAIL: Thread_Sleep -O execution from source compiled test
FAIL: Thread_Sleep -O execution from bytecode->native test
FAIL: Thread_Wait execution from source compiled test
FAIL: Thread_Wait execution from bytecode->native test
FAIL: Thread_Wait -O execution from source compiled test
FAIL: Thread_Wait -O execution from bytecode->native test
FAIL: Thread_Wait_2 execution from source compiled test
FAIL: Thread_Wait_2 execution from bytecode->native test
FAIL: Thread_Wait_2 -O execution from source compiled test
FAIL: Thread_Wait_2 -O execution from bytecode->native test
FAIL: Thread_Wait_Interrupt execution from source compiled test
FAIL: Thread_Wait_Interrupt execution from bytecode->native test
FAIL: Thread_Wait_Interrupt -O execution from source compiled test
FAIL: Thread_Wait_Interrupt -O execution from bytecode->native test
FAIL: Throw_1 execution from source compiled test
FAIL: Throw_1 execution from bytecode->native test
FAIL: Throw_1 -O execution from source compiled test
FAIL: Throw_1 -O execution from bytecode->native test
FAIL: anfi execution from source compiled test
FAIL: anfi execution from bytecode->native test
FAIL: anfi -O execution from source compiled test
FAIL: anfi -O execution from bytecode->native test
FAIL: anon execution from source compiled test
FAIL: anon execution from bytecode->native test
FAIL: anon -O execution from source compiled test
FAIL: anon -O execution from bytecode->native test
FAIL: anon2 execution from source compiled test
FAIL: anon2 execution from bytecode->native test
FAIL: anon2 -O execution from source compiled test
FAIL: anon2 -O execution from bytecode->native test
FAIL: anon3 execution from source compiled test
FAIL: anon3 execution from bytecode->native test
FAIL: anon3 -O execution from source compiled test
FAIL: anon3 -O execution from bytecode->native test
FAIL: anon4 execution from source compiled test
FAIL: anon4 execution from bytecode->native test
FAIL: anon4 -O execution from source compiled test
FAIL: anon4 -O execution from bytecode->native test
FAIL: anon_ctor_itf_arg execution from source compiled test
FAIL: anon_ctor_itf_arg execution from bytecode->native test
FAIL: anon_ctor_itf_arg -O execution from source compiled test
FAIL: anon_ctor_itf_arg -O execution from bytecode->native test
FAIL: anonarray execution from source compiled test
FAIL: anonarray execution from bytecode->native test
FAIL: anonarray -O execution from source compiled test
FAIL: anonarray -O execution from bytecode->native test
FAIL: anonarray2 execution from source compiled test
FAIL: anonarray2 execution from bytecode->native test
FAIL: anonarray2 -O execution from source compiled test
FAIL: anonarray2 -O execution from bytecode->native test
FAIL: anonarray3 execution from source compiled test
FAIL: anonarray3 execution from bytecode->native test
FAIL: anonarray3 -O execution from source compiled test
FAIL: anonarray3 -O execution from bytecode->native test
FAIL: direct_read execution from source compiled test
FAIL: direct_read execution from bytecode->native test
FAIL: direct_read -O execution from source compiled test
FAIL: direct_read -O execution from bytecode->native test
FAIL: direct_write execution from source compiled test
FAIL: direct_write execution from bytecode->native test
FAIL: direct_write -O execution from source compiled test
FAIL: direct_write -O execution from bytecode->native test
FAIL: err1 execution from source compiled test
FAIL: err1 execution from bytecode->native test
FAIL: err1 -O execution from source compiled test
FAIL: err1 -O execution from bytecode->native test
FAIL: err10 execution from source compiled test
FAIL: err10 execution from bytecode->native test
FAIL: err10 -O execution from source compiled test
FAIL: err10 -O execution from bytecode->native test
FAIL: err11 execution from source compiled test
FAIL: err11 execution from bytecode->native test
FAIL: err11 -O execution from source compiled test
FAIL: err11 -O execution from bytecode->native test
FAIL: err12 execution from source compiled test
FAIL: err12 execution from bytecode->native test
FAIL: err12 -O execution from source compiled test
FAIL: err12 -O execution from bytecode->native test
FAIL: err13 execution from source compiled test
FAIL: err13 execution from bytecode->native test
FAIL: err13 -O execution from source compiled test
FAIL: err13 -O execution from bytecode->native test
FAIL: err2 execution from source compiled test
FAIL: err2 execution from bytecode->native test
FAIL: err2 -O execution from source compiled test
FAIL: err2 -O execution from bytecode->native test
FAIL: err3 execution from source compiled test
FAIL: err3 execution from bytecode->native test
FAIL: err3 -O execution from source compiled test
FAIL: err3 -O execution from bytecode->native test
FAIL: err4 execution from source compiled test
FAIL: err4 execution from bytecode->native test
FAIL: err4 -O execution from source compiled test
FAIL: err4 -O execution from bytecode->native test
FAIL: err5 execution from source compiled test
FAIL: err5 execution from bytecode->native test
FAIL: err5 -O execution from source compiled test
FAIL: err5 -O execution from bytecode->native test
FAIL: err6 execution from source compiled test
FAIL: err6 execution from bytecode->native test
FAIL: err6 -O execution from source compiled test
FAIL: err6 -O execution from bytecode->native test
FAIL: err7 execution from source compiled test
XPASS: err7 compilation from bytecode
FAIL: err7 execution from bytecode->native test
FAIL: err7 -O execution from source compiled test
XPASS: err7 -O compilation from bytecode
FAIL: err7 -O execution from bytecode->native test
FAIL: err8 execution from source compiled test
XPASS: err8 compilation from bytecode
FAIL: err8 execution from bytecode->native test
FAIL: err8 -O execution from source compiled test
XPASS: err8 -O compilation from bytecode
FAIL: err8 -O execution from bytecode->native test
FAIL: err9 execution from source compiled test
FAIL: err9 execution from bytecode->native test
FAIL: err9 -O execution from source compiled test
FAIL: err9 -O execution from bytecode->native test
FAIL: final_inner execution from source compiled test
FAIL: final_inner execution from bytecode->native test
FAIL: final_inner -O execution from source compiled test
FAIL: final_inner -O execution from bytecode->native test
FAIL: final_int execution from source compiled test
FAIL: final_int execution from bytecode->native test
FAIL: final_int -O execution from source compiled test
FAIL: final_int -O execution from bytecode->native test
FAIL: final_static_and_friend execution from source compiled test
FAIL: final_static_and_friend execution from bytecode->native test
FAIL: final_static_and_friend -O execution from source compiled test
FAIL: final_static_and_friend -O execution from bytecode->native test
FAIL: indirect execution from source compiled test
FAIL: indirect execution from bytecode->native test
FAIL: indirect -O execution from source compiled test
FAIL: indirect -O execution from bytecode->native test
FAIL: indirect_read execution from source compiled test
FAIL: indirect_read execution from bytecode->native test
FAIL: indirect_read -O execution from source compiled test
FAIL: indirect_read -O execution from bytecode->native test
FAIL: indirect_write execution from source compiled test
FAIL: indirect_write execution from bytecode->native test
FAIL: indirect_write -O execution from source compiled test
FAIL: indirect_write -O execution from bytecode->native test
FAIL: inner1 execution from source compiled test
FAIL: inner1 execution from bytecode->native test
FAIL: inner1 -O execution from source compiled test
FAIL: inner1 -O execution from bytecode->native test
FAIL: inner2 execution from source compiled test
FAIL: inner2 execution from bytecode->native test
FAIL: inner2 -O execution from source compiled test
FAIL: inner2 -O execution from bytecode->native test
FAIL: inner3 execution from source compiled test
FAIL: inner3 execution from bytecode->native test
FAIL: inner3 -O execution from source compiled test
FAIL: inner3 -O execution from bytecode->native test
FAIL: inner4 execution from source compiled test
FAIL: inner4 execution from bytecode->native test
FAIL: inner4 -O execution from source compiled test
FAIL: inner4 -O execution from bytecode->native test
FAIL: inner_array execution from source compiled test
FAIL: inner_array execution from bytecode->native test
FAIL: inner_array -O execution from source compiled test
FAIL: inner_array -O execution from bytecode->native test
FAIL: inner_interface execution from source compiled test
FAIL: inner_interface execution from bytecode->native test
FAIL: inner_interface -O execution from source compiled test
FAIL: inner_interface -O execution from bytecode->native test
FAIL: instance execution from source compiled test
FAIL: instance execution from bytecode->native test
FAIL: instance -O execution from source compiled test
FAIL: instance -O execution from bytecode->native test
FAIL: instinit execution from source compiled test
FAIL: instinit execution from bytecode->native test
FAIL: instinit -O execution from source compiled test
FAIL: instinit -O execution from bytecode->native test
FAIL: instinit2 execution from source compiled test
FAIL: instinit2 execution from bytecode->native test
FAIL: instinit2 -O execution from source compiled test
FAIL: instinit2 -O execution from bytecode->native test
FAIL: invoke_from_inner execution from source compiled test
FAIL: invoke_from_inner execution from bytecode->native test
FAIL: invoke_from_inner -O execution from source compiled test
FAIL: invoke_from_inner -O execution from bytecode->native test
FAIL: invokethrow execution from source compiled test
FAIL: invokethrow execution from bytecode->native test
FAIL: invokethrow -O execution from source compiled test
FAIL: invokethrow -O execution from bytecode->native test
FAIL: klass execution from source compiled test
FAIL: klass execution from bytecode->native test
FAIL: klass -O execution from source compiled test
FAIL: klass -O execution from bytecode->native test
FAIL: multiple_finit execution from source compiled test
FAIL: multiple_finit execution from bytecode->native test
FAIL: multiple_finit -O execution from source compiled test
FAIL: multiple_finit -O execution from bytecode->native test
FAIL: nested_with_ctor execution from source compiled test
FAIL: nested_with_ctor execution from bytecode->native test
FAIL: nested_with_ctor -O execution from source compiled test
FAIL: nested_with_ctor -O execution from bytecode->native test
FAIL: pr109 execution from source compiled test
FAIL: pr109 execution from bytecode->native test
FAIL: pr109 -O execution from source compiled test
FAIL: pr109 -O execution from bytecode->native test
FAIL: pr133 execution from source compiled test
FAIL: pr133 execution from bytecode->native test
FAIL: pr133 -O execution from source compiled test
FAIL: pr133 -O execution from bytecode->native test
FAIL: pr179 execution from source compiled test
FAIL: pr179 execution from bytecode->native test
FAIL: pr179 -O execution from source compiled test
FAIL: pr179 -O execution from bytecode->native test
FAIL: pr184 execution from source compiled test
FAIL: pr184 execution from bytecode->native test
FAIL: pr184 -O execution from source compiled test
FAIL: pr184 -O execution from bytecode->native test
FAIL: pr83 execution from source compiled test
FAIL: pr83 execution from bytecode->native test
FAIL: pr83 -O execution from source compiled test
FAIL: pr83 -O execution from bytecode->native test
FAIL: private_direct_read execution from source compiled test
FAIL: private_direct_read execution from bytecode->native test
FAIL: private_direct_read -O execution from source compiled test
FAIL: private_direct_read -O execution from bytecode->native test
FAIL: search_outer execution from source compiled test
FAIL: search_outer execution from bytecode->native test
FAIL: search_outer -O execution from source compiled test
FAIL: search_outer -O execution from bytecode->native test
FAIL: stringconst execution from source compiled test
FAIL: stringconst execution from bytecode->native test
FAIL: stringconst -O execution from source compiled test
FAIL: stringconst -O execution from bytecode->native test
FAIL: stringconst2 execution from source compiled test
FAIL: stringconst2 execution from bytecode->native test
FAIL: stringconst2 -O execution from source compiled test
FAIL: stringconst2 -O execution from bytecode->native test
FAIL: stub execution from source compiled test
FAIL: stub execution from bytecode->native test
FAIL: stub -O execution from source compiled test
FAIL: stub -O execution from bytecode->native test
FAIL: test_long execution from source compiled test
FAIL: test_long execution from bytecode->native test
FAIL: test_long -O execution from source compiled test
FAIL: test_long -O execution from bytecode->native test
FAIL: tmi execution from source compiled test
FAIL: tmi execution from bytecode->native test
FAIL: tmi -O execution from source compiled test
FAIL: tmi -O execution from bytecode->native test
FAIL: tp execution from source compiled test
FAIL: tp execution from bytecode->native test
FAIL: tp -O execution from source compiled test
FAIL: tp -O execution from bytecode->native test
FAIL: update_outer execution from source compiled test
FAIL: update_outer execution from bytecode->native test
FAIL: update_outer -O execution from source compiled test
FAIL: update_outer -O execution from bytecode->native test
=== libjava Summary for unix/-fPIC ===
# of expected passes 1065
# of unexpected failures 449
# of unexpected successes 4
# of expected failures 8
# of untested testcases 444
Running target unix/-fpic
FAIL: calls header generation
FAIL: cxxtest header generation
FAIL: field header generation
FAIL: final_method header generation
FAIL: findclass header generation
FAIL: invoke header generation
FAIL: martin header generation
FAIL: noclass header generation
FAIL: overload header generation
FAIL: register header generation
FAIL: simple_int header generation
FAIL: throwit header generation
FAIL: virtual header generation
FAIL: Array_1 execution from source compiled test
FAIL: Array_1 execution from bytecode->native test
FAIL: Array_1 -O execution from source compiled test
FAIL: Array_1 -O execution from bytecode->native test
FAIL: Array_2 execution from source compiled test
FAIL: Array_2 execution from bytecode->native test
FAIL: Array_2 -O execution from source compiled test
FAIL: Array_2 -O execution from bytecode->native test
FAIL: Array_3 execution from source compiled test
FAIL: Array_3 execution from bytecode->native test
FAIL: Array_3 -O execution from source compiled test
FAIL: Array_3 -O execution from bytecode->native test
FAIL: Class_1 execution from source compiled test
FAIL: Class_1 execution from bytecode->native test
FAIL: Class_1 -O execution from source compiled test
FAIL: Class_1 -O execution from bytecode->native test
FAIL: Divide_1 execution from source compiled test
FAIL: Divide_1 execution from bytecode->native test
FAIL: Divide_1 -O execution from source compiled test
FAIL: Divide_1 -O execution from bytecode->native test
FAIL: FileHandleGcTest execution from source compiled test
FAIL: FileHandleGcTest execution from bytecode->native test
FAIL: FileHandleGcTest -O execution from source compiled test
FAIL: FileHandleGcTest -O execution from bytecode->native test
FAIL: Final execution from source compiled test
FAIL: Final execution from bytecode->native test
FAIL: Final -O execution from source compiled test
FAIL: Final -O execution from bytecode->native test
FAIL: Float_1 execution from source compiled test
FAIL: Float_1 execution from bytecode->native test
FAIL: Float_1 -O execution from source compiled test
FAIL: Float_1 -O execution from bytecode->native test
FAIL: G19990301_01 execution from source compiled test
FAIL: G19990301_01 execution from bytecode->native test
FAIL: G19990301_01 -O execution from source compiled test
FAIL: G19990301_01 -O execution from bytecode->native test
FAIL: G19990302_02 execution from source compiled test
FAIL: G19990302_02 execution from bytecode->native test
FAIL: G19990302_02 -O execution from source compiled test
FAIL: G19990302_02 -O execution from bytecode->native test
FAIL: G19990303_01 execution from source compiled test
FAIL: G19990303_01 execution from bytecode->native test
FAIL: G19990303_01 -O execution from source compiled test
FAIL: G19990303_01 -O execution from bytecode->native test
FAIL: G19990303_02 execution from source compiled test
FAIL: G19990303_02 execution from bytecode->native test
FAIL: G19990303_02 -O execution from source compiled test
FAIL: G19990303_02 -O execution from bytecode->native test
FAIL: G19990304_01 execution from source compiled test
FAIL: G19990304_01 execution from bytecode->native test
FAIL: G19990304_01 -O execution from source compiled test
FAIL: G19990304_01 -O execution from bytecode->native test
FAIL: G19990310_01 execution from source compiled test
FAIL: G19990310_01 execution from bytecode->native test
FAIL: G19990310_01 -O execution from source compiled test
FAIL: G19990310_01 -O execution from bytecode->native test
FAIL: II execution from source compiled test
FAIL: II execution from bytecode->native test
FAIL: II -O execution from source compiled test
FAIL: II -O execution from bytecode->native test
FAIL: InterfaceDispatch execution from source compiled test
FAIL: InterfaceDispatch execution from bytecode->native test
FAIL: InterfaceDispatch -O execution from source compiled test
FAIL: InterfaceDispatch -O execution from bytecode->native test
FAIL: Invoke_1 execution from source compiled test
FAIL: Invoke_1 execution from bytecode->native test
FAIL: Invoke_1 -O execution from source compiled test
FAIL: Invoke_1 -O execution from bytecode->native test
FAIL: Invoke_2 execution from source compiled test
FAIL: Invoke_2 execution from bytecode->native test
FAIL: Invoke_2 -O execution from source compiled test
FAIL: Invoke_2 -O execution from bytecode->native test
FAIL: KeepInline execution from source compiled test
FAIL: KeepInline execution from bytecode->native test
FAIL: KeepInline -O execution from source compiled test
FAIL: KeepInline -O execution from bytecode->native test
FAIL: Matrix4f execution from source compiled test
FAIL: Matrix4f execution from bytecode->native test
FAIL: Matrix4f -O execution from source compiled test
FAIL: Matrix4f -O execution from bytecode->native test
FAIL: N19990310_02 execution from source compiled test
FAIL: N19990310_02 execution from bytecode->native test
FAIL: N19990310_02 -O execution from source compiled test
FAIL: N19990310_02 -O execution from bytecode->native test
FAIL: N19990310_3 execution from source compiled test
FAIL: N19990310_3 execution from bytecode->native test
FAIL: N19990310_3 -O execution from source compiled test
FAIL: N19990310_3 -O execution from bytecode->native test
FAIL: N19990310_4 execution from source compiled test
FAIL: N19990310_4 execution from bytecode->native test
FAIL: N19990310_4 -O execution from source compiled test
FAIL: N19990310_4 -O execution from bytecode->native test
FAIL: N19990310_5 execution from source compiled test
FAIL: N19990310_5 execution from bytecode->native test
FAIL: N19990310_5 -O execution from source compiled test
FAIL: N19990310_5 -O execution from bytecode->native test
FAIL: PR141 execution from source compiled test
FAIL: PR141 execution from bytecode->native test
FAIL: PR141 -O execution from source compiled test
FAIL: PR141 -O execution from bytecode->native test
FAIL: PR160 execution from source compiled test
FAIL: PR160 execution from bytecode->native test
FAIL: PR160 -O execution from source compiled test
FAIL: PR160 -O execution from bytecode->native test
FAIL: PR162 execution from source compiled test
FAIL: PR162 execution from bytecode->native test
FAIL: PR162 -O execution from source compiled test
FAIL: PR162 -O execution from bytecode->native test
FAIL: PR218 execution from source compiled test
FAIL: PR218 execution from bytecode->native test
FAIL: PR218 -O execution from source compiled test
FAIL: PR218 -O execution from bytecode->native test
FAIL: PR242 execution from source compiled test
FAIL: PR242 execution from bytecode->native test
FAIL: PR242 -O execution from source compiled test
FAIL: PR242 -O execution from bytecode->native test
FAIL: PR260 execution from source compiled test
FAIL: PR260 execution from bytecode->native test
FAIL: PR260 -O execution from source compiled test
FAIL: PR260 -O execution from bytecode->native test
FAIL: PR3096 execution from source compiled test
FAIL: PR3096 execution from bytecode->native test
FAIL: PR3096 -O execution from source compiled test
FAIL: PR3096 -O execution from bytecode->native test
FAIL: PR3731 execution from source compiled test
FAIL: PR3731 execution from bytecode->native test
FAIL: PR3731 -O execution from source compiled test
FAIL: PR3731 -O execution from bytecode->native test
FAIL: PR5057 execution from source compiled test
FAIL: PR5057 execution from bytecode->native test
FAIL: PR5057 -O execution from source compiled test
FAIL: PR5057 -O execution from bytecode->native test
FAIL: PR5057_2 execution from source compiled test
FAIL: PR5057_2 execution from bytecode->native test
FAIL: PR5057_2 -O execution from source compiled test
FAIL: PR5057_2 -O execution from bytecode->native test
FAIL: PR55 execution from source compiled test
FAIL: PR55 execution from bytecode->native test
FAIL: PR55 -O execution from source compiled test
FAIL: PR55 -O execution from bytecode->native test
FAIL: PR56 execution from source compiled test
FAIL: PR56 execution from bytecode->native test
FAIL: PR56 -O execution from source compiled test
FAIL: PR56 -O execution from bytecode->native test
FAIL: Primes execution from source compiled test
FAIL: Primes execution from bytecode->native test
FAIL: Primes -O execution from source compiled test
FAIL: Primes -O execution from bytecode->native test
FAIL: Shazam execution from source compiled test
FAIL: Shazam execution from bytecode->native test
FAIL: Shazam -O execution from source compiled test
FAIL: Shazam -O execution from bytecode->native test
FAIL: StringBuffer_1 execution from source compiled test
FAIL: StringBuffer_1 execution from bytecode->native test
FAIL: StringBuffer_1 -O execution from source compiled test
FAIL: StringBuffer_1 -O execution from bytecode->native test
FAIL: SyncTest execution from source compiled test
FAIL: SyncTest execution from bytecode->native test
FAIL: SyncTest -O execution from source compiled test
FAIL: SyncTest -O execution from bytecode->native test
FAIL: Synch execution from source compiled test
FAIL: Synch execution from bytecode->native test
FAIL: Synch -O execution from source compiled test
FAIL: Synch -O execution from bytecode->native test
FAIL: TLtest execution from source compiled test
FAIL: TLtest execution from bytecode->native test
FAIL: TLtest -O execution from source compiled test
FAIL: TLtest -O execution from bytecode->native test
FAIL: Thread_Alive execution from source compiled test
FAIL: Thread_Alive execution from bytecode->native test
FAIL: Thread_Alive -O execution from source compiled test
FAIL: Thread_Alive -O execution from bytecode->native test
FAIL: Thread_Interrupt execution from source compiled test
FAIL: Thread_Interrupt execution from bytecode->native test
FAIL: Thread_Interrupt -O execution from source compiled test
FAIL: Thread_Interrupt -O execution from bytecode->native test
FAIL: Thread_Join execution from source compiled test
FAIL: Thread_Join execution from bytecode->native test
FAIL: Thread_Join -O execution from source compiled test
FAIL: Thread_Join -O execution from bytecode->native test
FAIL: Thread_Monitor execution from source compiled test
FAIL: Thread_Monitor execution from bytecode->native test
FAIL: Thread_Monitor -O execution from source compiled test
FAIL: Thread_Monitor -O execution from bytecode->native test
FAIL: Thread_Sleep execution from source compiled test
FAIL: Thread_Sleep execution from bytecode->native test
FAIL: Thread_Sleep -O execution from source compiled test
FAIL: Thread_Sleep -O execution from bytecode->native test
FAIL: Thread_Wait execution from source compiled test
FAIL: Thread_Wait execution from bytecode->native test
FAIL: Thread_Wait -O execution from source compiled test
FAIL: Thread_Wait -O execution from bytecode->native test
FAIL: Thread_Wait_2 execution from source compiled test
FAIL: Thread_Wait_2 execution from bytecode->native test
FAIL: Thread_Wait_2 -O execution from source compiled test
FAIL: Thread_Wait_2 -O execution from bytecode->native test
FAIL: Thread_Wait_Interrupt execution from source compiled test
FAIL: Thread_Wait_Interrupt execution from bytecode->native test
FAIL: Thread_Wait_Interrupt -O execution from source compiled test
FAIL: Thread_Wait_Interrupt -O execution from bytecode->native test
FAIL: Throw_1 execution from source compiled test
FAIL: Throw_1 execution from bytecode->native test
FAIL: Throw_1 -O execution from source compiled test
FAIL: Throw_1 -O execution from bytecode->native test
FAIL: anfi execution from source compiled test
FAIL: anfi execution from bytecode->native test
FAIL: anfi -O execution from source compiled test
FAIL: anfi -O execution from bytecode->native test
FAIL: anon execution from source compiled test
FAIL: anon execution from bytecode->native test
FAIL: anon -O execution from source compiled test
FAIL: anon -O execution from bytecode->native test
FAIL: anon2 execution from source compiled test
FAIL: anon2 execution from bytecode->native test
FAIL: anon2 -O execution from source compiled test
FAIL: anon2 -O execution from bytecode->native test
FAIL: anon3 execution from source compiled test
FAIL: anon3 execution from bytecode->native test
FAIL: anon3 -O execution from source compiled test
FAIL: anon3 -O execution from bytecode->native test
FAIL: anon4 execution from source compiled test
FAIL: anon4 execution from bytecode->native test
FAIL: anon4 -O execution from source compiled test
FAIL: anon4 -O execution from bytecode->native test
FAIL: anon_ctor_itf_arg execution from source compiled test
FAIL: anon_ctor_itf_arg execution from bytecode->native test
FAIL: anon_ctor_itf_arg -O execution from source compiled test
FAIL: anon_ctor_itf_arg -O execution from bytecode->native test
FAIL: anonarray execution from source compiled test
FAIL: anonarray execution from bytecode->native test
FAIL: anonarray -O execution from source compiled test
FAIL: anonarray -O execution from bytecode->native test
FAIL: anonarray2 execution from source compiled test
FAIL: anonarray2 execution from bytecode->native test
FAIL: anonarray2 -O execution from source compiled test
FAIL: anonarray2 -O execution from bytecode->native test
FAIL: anonarray3 execution from source compiled test
FAIL: anonarray3 execution from bytecode->native test
FAIL: anonarray3 -O execution from source compiled test
FAIL: anonarray3 -O execution from bytecode->native test
FAIL: direct_read execution from source compiled test
FAIL: direct_read execution from bytecode->native test
FAIL: direct_read -O execution from source compiled test
FAIL: direct_read -O execution from bytecode->native test
FAIL: direct_write execution from source compiled test
FAIL: direct_write execution from bytecode->native test
FAIL: direct_write -O execution from source compiled test
FAIL: direct_write -O execution from bytecode->native test
FAIL: err1 execution from source compiled test
FAIL: err1 execution from bytecode->native test
FAIL: err1 -O execution from source compiled test
FAIL: err1 -O execution from bytecode->native test
FAIL: err10 execution from source compiled test
FAIL: err10 execution from bytecode->native test
FAIL: err10 -O execution from source compiled test
FAIL: err10 -O execution from bytecode->native test
FAIL: err11 execution from source compiled test
FAIL: err11 execution from bytecode->native test
FAIL: err11 -O execution from source compiled test
FAIL: err11 -O execution from bytecode->native test
FAIL: err12 execution from source compiled test
FAIL: err12 execution from bytecode->native test
FAIL: err12 -O execution from source compiled test
FAIL: err12 -O execution from bytecode->native test
FAIL: err13 execution from source compiled test
FAIL: err13 execution from bytecode->native test
FAIL: err13 -O execution from source compiled test
FAIL: err13 -O execution from bytecode->native test
FAIL: err2 execution from source compiled test
FAIL: err2 execution from bytecode->native test
FAIL: err2 -O execution from source compiled test
FAIL: err2 -O execution from bytecode->native test
FAIL: err3 execution from source compiled test
FAIL: err3 execution from bytecode->native test
FAIL: err3 -O execution from source compiled test
FAIL: err3 -O execution from bytecode->native test
FAIL: err4 execution from source compiled test
FAIL: err4 execution from bytecode->native test
FAIL: err4 -O execution from source compiled test
FAIL: err4 -O execution from bytecode->native test
FAIL: err5 execution from source compiled test
FAIL: err5 execution from bytecode->native test
FAIL: err5 -O execution from source compiled test
FAIL: err5 -O execution from bytecode->native test
FAIL: err6 execution from source compiled test
FAIL: err6 execution from bytecode->native test
FAIL: err6 -O execution from source compiled test
FAIL: err6 -O execution from bytecode->native test
FAIL: err7 execution from source compiled test
XPASS: err7 compilation from bytecode
FAIL: err7 execution from bytecode->native test
FAIL: err7 -O execution from source compiled test
XPASS: err7 -O compilation from bytecode
FAIL: err7 -O execution from bytecode->native test
FAIL: err8 execution from source compiled test
XPASS: err8 compilation from bytecode
FAIL: err8 execution from bytecode->native test
FAIL: err8 -O execution from source compiled test
XPASS: err8 -O compilation from bytecode
FAIL: err8 -O execution from bytecode->native test
FAIL: err9 execution from source compiled test
FAIL: err9 execution from bytecode->native test
FAIL: err9 -O execution from source compiled test
FAIL: err9 -O execution from bytecode->native test
FAIL: final_inner execution from source compiled test
FAIL: final_inner execution from bytecode->native test
FAIL: final_inner -O execution from source compiled test
FAIL: final_inner -O execution from bytecode->native test
FAIL: final_int execution from source compiled test
FAIL: final_int execution from bytecode->native test
FAIL: final_int -O execution from source compiled test
FAIL: final_int -O execution from bytecode->native test
FAIL: final_static_and_friend execution from source compiled test
FAIL: final_static_and_friend execution from bytecode->native test
FAIL: final_static_and_friend -O execution from source compiled test
FAIL: final_static_and_friend -O execution from bytecode->native test
FAIL: indirect execution from source compiled test
FAIL: indirect execution from bytecode->native test
FAIL: indirect -O execution from source compiled test
FAIL: indirect -O execution from bytecode->native test
FAIL: indirect_read execution from source compiled test
FAIL: indirect_read execution from bytecode->native test
FAIL: indirect_read -O execution from source compiled test
FAIL: indirect_read -O execution from bytecode->native test
FAIL: indirect_write execution from source compiled test
FAIL: indirect_write execution from bytecode->native test
FAIL: indirect_write -O execution from source compiled test
FAIL: indirect_write -O execution from bytecode->native test
FAIL: inner1 execution from source compiled test
FAIL: inner1 execution from bytecode->native test
FAIL: inner1 -O execution from source compiled test
FAIL: inner1 -O execution from bytecode->native test
FAIL: inner2 execution from source compiled test
FAIL: inner2 execution from bytecode->native test
FAIL: inner2 -O execution from source compiled test
FAIL: inner2 -O execution from bytecode->native test
FAIL: inner3 execution from source compiled test
FAIL: inner3 execution from bytecode->native test
FAIL: inner3 -O execution from source compiled test
FAIL: inner3 -O execution from bytecode->native test
FAIL: inner4 execution from source compiled test
FAIL: inner4 execution from bytecode->native test
FAIL: inner4 -O execution from source compiled test
FAIL: inner4 -O execution from bytecode->native test
FAIL: inner_array execution from source compiled test
FAIL: inner_array execution from bytecode->native test
FAIL: inner_array -O execution from source compiled test
FAIL: inner_array -O execution from bytecode->native test
FAIL: inner_interface execution from source compiled test
FAIL: inner_interface execution from bytecode->native test
FAIL: inner_interface -O execution from source compiled test
FAIL: inner_interface -O execution from bytecode->native test
FAIL: instance execution from source compiled test
FAIL: instance execution from bytecode->native test
FAIL: instance -O execution from source compiled test
FAIL: instance -O execution from bytecode->native test
FAIL: instinit execution from source compiled test
FAIL: instinit execution from bytecode->native test
FAIL: instinit -O execution from source compiled test
FAIL: instinit -O execution from bytecode->native test
FAIL: instinit2 execution from source compiled test
FAIL: instinit2 execution from bytecode->native test
FAIL: instinit2 -O execution from source compiled test
FAIL: instinit2 -O execution from bytecode->native test
FAIL: invoke_from_inner execution from source compiled test
FAIL: invoke_from_inner execution from bytecode->native test
FAIL: invoke_from_inner -O execution from source compiled test
FAIL: invoke_from_inner -O execution from bytecode->native test
FAIL: invokethrow execution from source compiled test
FAIL: invokethrow execution from bytecode->native test
FAIL: invokethrow -O execution from source compiled test
FAIL: invokethrow -O execution from bytecode->native test
FAIL: klass execution from source compiled test
FAIL: klass execution from bytecode->native test
FAIL: klass -O execution from source compiled test
FAIL: klass -O execution from bytecode->native test
FAIL: multiple_finit execution from source compiled test
FAIL: multiple_finit execution from bytecode->native test
FAIL: multiple_finit -O execution from source compiled test
FAIL: multiple_finit -O execution from bytecode->native test
FAIL: nested_with_ctor execution from source compiled test
FAIL: nested_with_ctor execution from bytecode->native test
FAIL: nested_with_ctor -O execution from source compiled test
FAIL: nested_with_ctor -O execution from bytecode->native test
FAIL: pr109 execution from source compiled test
FAIL: pr109 execution from bytecode->native test
FAIL: pr109 -O execution from source compiled test
FAIL: pr109 -O execution from bytecode->native test
FAIL: pr133 execution from source compiled test
FAIL: pr133 execution from bytecode->native test
FAIL: pr133 -O execution from source compiled test
FAIL: pr133 -O execution from bytecode->native test
FAIL: pr179 execution from source compiled test
FAIL: pr179 execution from bytecode->native test
FAIL: pr179 -O execution from source compiled test
FAIL: pr179 -O execution from bytecode->native test
FAIL: pr184 execution from source compiled test
FAIL: pr184 execution from bytecode->native test
FAIL: pr184 -O execution from source compiled test
FAIL: pr184 -O execution from bytecode->native test
FAIL: pr83 execution from source compiled test
FAIL: pr83 execution from bytecode->native test
FAIL: pr83 -O execution from source compiled test
FAIL: pr83 -O execution from bytecode->native test
FAIL: private_direct_read execution from source compiled test
FAIL: private_direct_read execution from bytecode->native test
FAIL: private_direct_read -O execution from source compiled test
FAIL: private_direct_read -O execution from bytecode->native test
FAIL: search_outer execution from source compiled test
FAIL: search_outer execution from bytecode->native test
FAIL: search_outer -O execution from source compiled test
FAIL: search_outer -O execution from bytecode->native test
FAIL: stringconst execution from source compiled test
FAIL: stringconst execution from bytecode->native test
FAIL: stringconst -O execution from source compiled test
FAIL: stringconst -O execution from bytecode->native test
FAIL: stringconst2 execution from source compiled test
FAIL: stringconst2 execution from bytecode->native test
FAIL: stringconst2 -O execution from source compiled test
FAIL: stringconst2 -O execution from bytecode->native test
FAIL: stub execution from source compiled test
FAIL: stub execution from bytecode->native test
FAIL: stub -O execution from source compiled test
FAIL: stub -O execution from bytecode->native test
FAIL: test_long execution from source compiled test
FAIL: test_long execution from bytecode->native test
FAIL: test_long -O execution from source compiled test
FAIL: test_long -O execution from bytecode->native test
FAIL: tmi execution from source compiled test
FAIL: tmi execution from bytecode->native test
FAIL: tmi -O execution from source compiled test
FAIL: tmi -O execution from bytecode->native test
FAIL: tp execution from source compiled test
FAIL: tp execution from bytecode->native test
FAIL: tp -O execution from source compiled test
FAIL: tp -O execution from bytecode->native test
FAIL: update_outer execution from source compiled test
FAIL: update_outer execution from bytecode->native test
FAIL: update_outer -O execution from source compiled test
FAIL: update_outer -O execution from bytecode->native test
=== libjava Summary for unix/-fpic ===
# of expected passes 1065
# of unexpected failures 449
# of unexpected successes 4
# of expected failures 8
# of untested testcases 444
Running target unix
FAIL: calls run
FAIL: linking cxxtest
FAIL: field run
FAIL: final_method run
FAIL: findclass run
FAIL: invoke run
FAIL: martin run
FAIL: noclass run
FAIL: overload run
FAIL: register run
FAIL: simple_int run
FAIL: throwit run
FAIL: virtual run
FAIL: Array_1 execution from source compiled test
FAIL: Array_1 execution from bytecode->native test
FAIL: Array_1 -O execution from source compiled test
FAIL: Array_1 -O execution from bytecode->native test
FAIL: Array_2 execution from source compiled test
FAIL: Array_2 execution from bytecode->native test
FAIL: Array_2 -O execution from source compiled test
FAIL: Array_2 -O execution from bytecode->native test
FAIL: Array_3 execution from source compiled test
FAIL: Array_3 execution from bytecode->native test
FAIL: Array_3 -O execution from source compiled test
FAIL: Array_3 -O execution from bytecode->native test
FAIL: Class_1 execution from source compiled test
FAIL: Class_1 execution from bytecode->native test
FAIL: Class_1 -O execution from source compiled test
FAIL: Class_1 -O execution from bytecode->native test
FAIL: Divide_1 execution from source compiled test
FAIL: Divide_1 execution from bytecode->native test
FAIL: Divide_1 -O execution from source compiled test
FAIL: Divide_1 -O execution from bytecode->native test
FAIL: FileHandleGcTest execution from source compiled test
FAIL: FileHandleGcTest execution from bytecode->native test
FAIL: FileHandleGcTest -O execution from source compiled test
FAIL: FileHandleGcTest -O execution from bytecode->native test
FAIL: Final execution from source compiled test
FAIL: Final execution from bytecode->native test
FAIL: Final -O execution from source compiled test
FAIL: Final -O execution from bytecode->native test
FAIL: Float_1 execution from source compiled test
FAIL: Float_1 execution from bytecode->native test
FAIL: Float_1 -O execution from source compiled test
FAIL: Float_1 -O execution from bytecode->native test
FAIL: G19990301_01 execution from source compiled test
FAIL: G19990301_01 execution from bytecode->native test
FAIL: G19990301_01 -O execution from source compiled test
FAIL: G19990301_01 -O execution from bytecode->native test
FAIL: G19990302_02 execution from source compiled test
FAIL: G19990302_02 execution from bytecode->native test
FAIL: G19990302_02 -O execution from source compiled test
FAIL: G19990302_02 -O execution from bytecode->native test
FAIL: G19990303_01 execution from source compiled test
FAIL: G19990303_01 execution from bytecode->native test
FAIL: G19990303_01 -O execution from source compiled test
FAIL: G19990303_01 -O execution from bytecode->native test
FAIL: G19990303_02 execution from source compiled test
FAIL: G19990303_02 execution from bytecode->native test
FAIL: G19990303_02 -O execution from source compiled test
FAIL: G19990303_02 -O execution from bytecode->native test
FAIL: G19990304_01 execution from source compiled test
FAIL: G19990304_01 execution from bytecode->native test
FAIL: G19990304_01 -O execution from source compiled test
FAIL: G19990304_01 -O execution from bytecode->native test
FAIL: G19990310_01 execution from source compiled test
FAIL: G19990310_01 execution from bytecode->native test
FAIL: G19990310_01 -O execution from source compiled test
FAIL: G19990310_01 -O execution from bytecode->native test
FAIL: II execution from source compiled test
FAIL: II execution from bytecode->native test
FAIL: II -O execution from source compiled test
FAIL: II -O execution from bytecode->native test
FAIL: InterfaceDispatch execution from source compiled test
FAIL: InterfaceDispatch execution from bytecode->native test
FAIL: InterfaceDispatch -O execution from source compiled test
FAIL: InterfaceDispatch -O execution from bytecode->native test
FAIL: Invoke_1 execution from source compiled test
FAIL: Invoke_1 execution from bytecode->native test
FAIL: Invoke_1 -O execution from source compiled test
FAIL: Invoke_1 -O execution from bytecode->native test
FAIL: Invoke_2 execution from source compiled test
FAIL: Invoke_2 execution from bytecode->native test
FAIL: Invoke_2 -O execution from source compiled test
FAIL: Invoke_2 -O execution from bytecode->native test
FAIL: KeepInline execution from source compiled test
FAIL: KeepInline execution from bytecode->native test
FAIL: KeepInline -O execution from source compiled test
FAIL: KeepInline -O execution from bytecode->native test
FAIL: Matrix4f execution from source compiled test
FAIL: Matrix4f execution from bytecode->native test
FAIL: Matrix4f -O execution from source compiled test
FAIL: Matrix4f -O execution from bytecode->native test
FAIL: N19990310_02 execution from source compiled test
FAIL: N19990310_02 execution from bytecode->native test
FAIL: N19990310_02 -O execution from source compiled test
FAIL: N19990310_02 -O execution from bytecode->native test
FAIL: N19990310_3 execution from source compiled test
FAIL: N19990310_3 execution from bytecode->native test
FAIL: N19990310_3 -O execution from source compiled test
FAIL: N19990310_3 -O execution from bytecode->native test
FAIL: N19990310_4 execution from source compiled test
FAIL: N19990310_4 execution from bytecode->native test
FAIL: N19990310_4 -O execution from source compiled test
FAIL: N19990310_4 -O execution from bytecode->native test
FAIL: N19990310_5 execution from source compiled test
FAIL: N19990310_5 execution from bytecode->native test
FAIL: N19990310_5 -O execution from source compiled test
FAIL: N19990310_5 -O execution from bytecode->native test
FAIL: PR141 execution from source compiled test
FAIL: PR141 execution from bytecode->native test
FAIL: PR141 -O execution from source compiled test
FAIL: PR141 -O execution from bytecode->native test
FAIL: PR160 execution from source compiled test
FAIL: PR160 execution from bytecode->native test
FAIL: PR160 -O execution from source compiled test
FAIL: PR160 -O execution from bytecode->native test
FAIL: PR162 execution from source compiled test
FAIL: PR162 execution from bytecode->native test
FAIL: PR162 -O execution from source compiled test
FAIL: PR162 -O execution from bytecode->native test
FAIL: PR218 execution from source compiled test
FAIL: PR218 execution from bytecode->native test
FAIL: PR218 -O execution from source compiled test
FAIL: PR218 -O execution from bytecode->native test
FAIL: PR242 execution from source compiled test
FAIL: PR242 execution from bytecode->native test
FAIL: PR242 -O execution from source compiled test
FAIL: PR242 -O execution from bytecode->native test
FAIL: PR260 execution from source compiled test
FAIL: PR260 execution from bytecode->native test
FAIL: PR260 -O execution from source compiled test
FAIL: PR260 -O execution from bytecode->native test
FAIL: PR3096 execution from source compiled test
FAIL: PR3096 execution from bytecode->native test
FAIL: PR3096 -O execution from source compiled test
FAIL: PR3096 -O execution from bytecode->native test
FAIL: PR3731 execution from source compiled test
FAIL: PR3731 execution from bytecode->native test
FAIL: PR3731 -O execution from source compiled test
FAIL: PR3731 -O execution from bytecode->native test
FAIL: PR5057 execution from source compiled test
FAIL: PR5057 execution from bytecode->native test
FAIL: PR5057 -O execution from source compiled test
FAIL: PR5057 -O execution from bytecode->native test
FAIL: PR5057_2 execution from source compiled test
FAIL: PR5057_2 execution from bytecode->native test
FAIL: PR5057_2 -O execution from source compiled test
FAIL: PR5057_2 -O execution from bytecode->native test
FAIL: PR55 execution from source compiled test
FAIL: PR55 execution from bytecode->native test
FAIL: PR55 -O execution from source compiled test
FAIL: PR55 -O execution from bytecode->native test
FAIL: PR56 execution from source compiled test
FAIL: PR56 execution from bytecode->native test
FAIL: PR56 -O execution from source compiled test
FAIL: PR56 -O execution from bytecode->native test
FAIL: Primes execution from source compiled test
FAIL: Primes execution from bytecode->native test
FAIL: Primes -O execution from source compiled test
FAIL: Primes -O execution from bytecode->native test
FAIL: Shazam execution from source compiled test
FAIL: Shazam execution from bytecode->native test
FAIL: Shazam -O execution from source compiled test
FAIL: Shazam -O execution from bytecode->native test
FAIL: StringBuffer_1 execution from source compiled test
FAIL: StringBuffer_1 execution from bytecode->native test
FAIL: StringBuffer_1 -O execution from source compiled test
FAIL: StringBuffer_1 -O execution from bytecode->native test
FAIL: SyncTest execution from source compiled test
FAIL: SyncTest execution from bytecode->native test
FAIL: SyncTest -O execution from source compiled test
FAIL: SyncTest -O execution from bytecode->native test
FAIL: Synch execution from source compiled test
FAIL: Synch execution from bytecode->native test
FAIL: Synch -O execution from source compiled test
FAIL: Synch -O execution from bytecode->native test
FAIL: TLtest execution from source compiled test
FAIL: TLtest execution from bytecode->native test
FAIL: TLtest -O execution from source compiled test
FAIL: TLtest -O execution from bytecode->native test
FAIL: Thread_Alive execution from source compiled test
FAIL: Thread_Alive execution from bytecode->native test
FAIL: Thread_Alive -O execution from source compiled test
FAIL: Thread_Alive -O execution from bytecode->native test
FAIL: Thread_Interrupt execution from source compiled test
FAIL: Thread_Interrupt execution from bytecode->native test
FAIL: Thread_Interrupt -O execution from source compiled test
FAIL: Thread_Interrupt -O execution from bytecode->native test
FAIL: Thread_Join execution from source compiled test
FAIL: Thread_Join execution from bytecode->native test
FAIL: Thread_Join -O execution from source compiled test
FAIL: Thread_Join -O execution from bytecode->native test
FAIL: Thread_Monitor execution from source compiled test
FAIL: Thread_Monitor execution from bytecode->native test
FAIL: Thread_Monitor -O execution from source compiled test
FAIL: Thread_Monitor -O execution from bytecode->native test
FAIL: Thread_Sleep execution from source compiled test
FAIL: Thread_Sleep execution from bytecode->native test
FAIL: Thread_Sleep -O execution from source compiled test
FAIL: Thread_Sleep -O execution from bytecode->native test
FAIL: Thread_Wait execution from source compiled test
FAIL: Thread_Wait execution from bytecode->native test
FAIL: Thread_Wait -O execution from source compiled test
FAIL: Thread_Wait -O execution from bytecode->native test
FAIL: Thread_Wait_2 execution from source compiled test
FAIL: Thread_Wait_2 execution from bytecode->native test
FAIL: Thread_Wait_2 -O execution from source compiled test
FAIL: Thread_Wait_2 -O execution from bytecode->native test
FAIL: Thread_Wait_Interrupt execution from source compiled test
FAIL: Thread_Wait_Interrupt execution from bytecode->native test
FAIL: Thread_Wait_Interrupt -O execution from source compiled test
FAIL: Thread_Wait_Interrupt -O execution from bytecode->native test
FAIL: Throw_1 execution from source compiled test
FAIL: Throw_1 execution from bytecode->native test
FAIL: Throw_1 -O execution from source compiled test
FAIL: Throw_1 -O execution from bytecode->native test
FAIL: anfi execution from source compiled test
FAIL: anfi execution from bytecode->native test
FAIL: anfi -O execution from source compiled test
FAIL: anfi -O execution from bytecode->native test
FAIL: anon execution from source compiled test
FAIL: anon execution from bytecode->native test
FAIL: anon -O execution from source compiled test
FAIL: anon -O execution from bytecode->native test
FAIL: anon2 execution from source compiled test
FAIL: anon2 execution from bytecode->native test
FAIL: anon2 -O execution from source compiled test
FAIL: anon2 -O execution from bytecode->native test
FAIL: anon3 execution from source compiled test
FAIL: anon3 execution from bytecode->native test
FAIL: anon3 -O execution from source compiled test
FAIL: anon3 -O execution from bytecode->native test
FAIL: anon4 execution from source compiled test
FAIL: anon4 execution from bytecode->native test
FAIL: anon4 -O execution from source compiled test
FAIL: anon4 -O execution from bytecode->native test
FAIL: anon_ctor_itf_arg execution from source compiled test
FAIL: anon_ctor_itf_arg execution from bytecode->native test
FAIL: anon_ctor_itf_arg -O execution from source compiled test
FAIL: anon_ctor_itf_arg -O execution from bytecode->native test
FAIL: anonarray execution from source compiled test
FAIL: anonarray execution from bytecode->native test
FAIL: anonarray -O execution from source compiled test
FAIL: anonarray -O execution from bytecode->native test
FAIL: anonarray2 execution from source compiled test
FAIL: anonarray2 execution from bytecode->native test
FAIL: anonarray2 -O execution from source compiled test
FAIL: anonarray2 -O execution from bytecode->native test
FAIL: anonarray3 execution from source compiled test
FAIL: anonarray3 execution from bytecode->native test
FAIL: anonarray3 -O execution from source compiled test
FAIL: anonarray3 -O execution from bytecode->native test
FAIL: direct_read execution from source compiled test
FAIL: direct_read execution from bytecode->native test
FAIL: direct_read -O execution from source compiled test
FAIL: direct_read -O execution from bytecode->native test
FAIL: direct_write execution from source compiled test
FAIL: direct_write execution from bytecode->native test
FAIL: direct_write -O execution from source compiled test
FAIL: direct_write -O execution from bytecode->native test
FAIL: err1 execution from source compiled test
FAIL: err1 execution from bytecode->native test
FAIL: err1 -O execution from source compiled test
FAIL: err1 -O execution from bytecode->native test
FAIL: err10 execution from source compiled test
FAIL: err10 execution from bytecode->native test
FAIL: err10 -O execution from source compiled test
FAIL: err10 -O execution from bytecode->native test
FAIL: err11 execution from source compiled test
FAIL: err11 execution from bytecode->native test
FAIL: err11 -O execution from source compiled test
FAIL: err11 -O execution from bytecode->native test
FAIL: err12 execution from source compiled test
FAIL: err12 execution from bytecode->native test
FAIL: err12 -O execution from source compiled test
FAIL: err12 -O execution from bytecode->native test
FAIL: err13 execution from source compiled test
FAIL: err13 execution from bytecode->native test
FAIL: err13 -O execution from source compiled test
FAIL: err13 -O execution from bytecode->native test
FAIL: err2 execution from source compiled test
FAIL: err2 execution from bytecode->native test
FAIL: err2 -O execution from source compiled test
FAIL: err2 -O execution from bytecode->native test
FAIL: err3 execution from source compiled test
FAIL: err3 execution from bytecode->native test
FAIL: err3 -O execution from source compiled test
FAIL: err3 -O execution from bytecode->native test
FAIL: err4 execution from source compiled test
FAIL: err4 execution from bytecode->native test
FAIL: err4 -O execution from source compiled test
FAIL: err4 -O execution from bytecode->native test
FAIL: err5 execution from source compiled test
FAIL: err5 execution from bytecode->native test
FAIL: err5 -O execution from source compiled test
FAIL: err5 -O execution from bytecode->native test
FAIL: err6 execution from source compiled test
FAIL: err6 execution from bytecode->native test
FAIL: err6 -O execution from source compiled test
FAIL: err6 -O execution from bytecode->native test
FAIL: err7 execution from source compiled test
XPASS: err7 compilation from bytecode
FAIL: err7 execution from bytecode->native test
FAIL: err7 -O execution from source compiled test
XPASS: err7 -O compilation from bytecode
FAIL: err7 -O execution from bytecode->native test
FAIL: err8 execution from source compiled test
XPASS: err8 compilation from bytecode
FAIL: err8 execution from bytecode->native test
FAIL: err8 -O execution from source compiled test
XPASS: err8 -O compilation from bytecode
FAIL: err8 -O execution from bytecode->native test
FAIL: err9 execution from source compiled test
FAIL: err9 execution from bytecode->native test
FAIL: err9 -O execution from source compiled test
FAIL: err9 -O execution from bytecode->native test
FAIL: final_inner execution from source compiled test
FAIL: final_inner execution from bytecode->native test
FAIL: final_inner -O execution from source compiled test
FAIL: final_inner -O execution from bytecode->native test
FAIL: final_int execution from source compiled test
FAIL: final_int execution from bytecode->native test
FAIL: final_int -O execution from source compiled test
FAIL: final_int -O execution from bytecode->native test
FAIL: final_static_and_friend execution from source compiled test
FAIL: final_static_and_friend execution from bytecode->native test
FAIL: final_static_and_friend -O execution from source compiled test
FAIL: final_static_and_friend -O execution from bytecode->native test
FAIL: indirect execution from source compiled test
FAIL: indirect execution from bytecode->native test
FAIL: indirect -O execution from source compiled test
FAIL: indirect -O execution from bytecode->native test
FAIL: indirect_read execution from source compiled test
FAIL: indirect_read execution from bytecode->native test
FAIL: indirect_read -O execution from source compiled test
FAIL: indirect_read -O execution from bytecode->native test
FAIL: indirect_write execution from source compiled test
FAIL: indirect_write execution from bytecode->native test
FAIL: indirect_write -O execution from source compiled test
FAIL: indirect_write -O execution from bytecode->native test
FAIL: inner1 execution from source compiled test
FAIL: inner1 execution from bytecode->native test
FAIL: inner1 -O execution from source compiled test
FAIL: inner1 -O execution from bytecode->native test
FAIL: inner2 execution from source compiled test
FAIL: inner2 execution from bytecode->native test
FAIL: inner2 -O execution from source compiled test
FAIL: inner2 -O execution from bytecode->native test
FAIL: inner3 execution from source compiled test
FAIL: inner3 execution from bytecode->native test
FAIL: inner3 -O execution from source compiled test
FAIL: inner3 -O execution from bytecode->native test
FAIL: inner4 execution from source compiled test
FAIL: inner4 execution from bytecode->native test
FAIL: inner4 -O execution from source compiled test
FAIL: inner4 -O execution from bytecode->native test
FAIL: inner_array execution from source compiled test
FAIL: inner_array execution from bytecode->native test
FAIL: inner_array -O execution from source compiled test
FAIL: inner_array -O execution from bytecode->native test
FAIL: inner_interface execution from source compiled test
FAIL: inner_interface execution from bytecode->native test
FAIL: inner_interface -O execution from source compiled test
FAIL: inner_interface -O execution from bytecode->native test
FAIL: instance execution from source compiled test
FAIL: instance execution from bytecode->native test
FAIL: instance -O execution from source compiled test
FAIL: instance -O execution from bytecode->native test
FAIL: instinit execution from source compiled test
FAIL: instinit execution from bytecode->native test
FAIL: instinit -O execution from source compiled test
FAIL: instinit -O execution from bytecode->native test
FAIL: instinit2 execution from source compiled test
FAIL: instinit2 execution from bytecode->native test
FAIL: instinit2 -O execution from source compiled test
FAIL: instinit2 -O execution from bytecode->native test
FAIL: invoke_from_inner execution from source compiled test
FAIL: invoke_from_inner execution from bytecode->native test
FAIL: invoke_from_inner -O execution from source compiled test
FAIL: invoke_from_inner -O execution from bytecode->native test
FAIL: invokethrow execution from source compiled test
FAIL: invokethrow execution from bytecode->native test
FAIL: invokethrow -O execution from source compiled test
FAIL: invokethrow -O execution from bytecode->native test
FAIL: klass execution from source compiled test
FAIL: klass execution from bytecode->native test
FAIL: klass -O execution from source compiled test
FAIL: klass -O execution from bytecode->native test
FAIL: multiple_finit execution from source compiled test
FAIL: multiple_finit execution from bytecode->native test
FAIL: multiple_finit -O execution from source compiled test
FAIL: multiple_finit -O execution from bytecode->native test
FAIL: nested_with_ctor execution from source compiled test
FAIL: nested_with_ctor execution from bytecode->native test
FAIL: nested_with_ctor -O execution from source compiled test
FAIL: nested_with_ctor -O execution from bytecode->native test
FAIL: pr109 execution from source compiled test
FAIL: pr109 execution from bytecode->native test
FAIL: pr109 -O execution from source compiled test
FAIL: pr109 -O execution from bytecode->native test
FAIL: pr133 execution from source compiled test
FAIL: pr133 execution from bytecode->native test
FAIL: pr133 -O execution from source compiled test
FAIL: pr133 -O execution from bytecode->native test
FAIL: pr179 execution from source compiled test
FAIL: pr179 execution from bytecode->native test
FAIL: pr179 -O execution from source compiled test
FAIL: pr179 -O execution from bytecode->native test
FAIL: pr184 execution from source compiled test
FAIL: pr184 execution from bytecode->native test
FAIL: pr184 -O execution from source compiled test
FAIL: pr184 -O execution from bytecode->native test
FAIL: pr83 execution from source compiled test
FAIL: pr83 execution from bytecode->native test
FAIL: pr83 -O execution from source compiled test
FAIL: pr83 -O execution from bytecode->native test
FAIL: private_direct_read execution from source compiled test
FAIL: private_direct_read execution from bytecode->native test
FAIL: private_direct_read -O execution from source compiled test
FAIL: private_direct_read -O execution from bytecode->native test
FAIL: search_outer execution from source compiled test
FAIL: search_outer execution from bytecode->native test
FAIL: search_outer -O execution from source compiled test
FAIL: search_outer -O execution from bytecode->native test
FAIL: stringconst execution from source compiled test
FAIL: stringconst execution from bytecode->native test
FAIL: stringconst -O execution from source compiled test
FAIL: stringconst -O execution from bytecode->native test
FAIL: stringconst2 execution from source compiled test
FAIL: stringconst2 execution from bytecode->native test
FAIL: stringconst2 -O execution from source compiled test
FAIL: stringconst2 -O execution from bytecode->native test
FAIL: stub execution from source compiled test
FAIL: stub execution from bytecode->native test
FAIL: stub -O execution from source compiled test
FAIL: stub -O execution from bytecode->native test
FAIL: test_long execution from source compiled test
FAIL: test_long execution from bytecode->native test
FAIL: test_long -O execution from source compiled test
FAIL: test_long -O execution from bytecode->native test
FAIL: tmi execution from source compiled test
FAIL: tmi execution from bytecode->native test
FAIL: tmi -O execution from source compiled test
FAIL: tmi -O execution from bytecode->native test
FAIL: tp execution from source compiled test
FAIL: tp execution from bytecode->native test
FAIL: tp -O execution from source compiled test
FAIL: tp -O execution from bytecode->native test
FAIL: update_outer execution from source compiled test
FAIL: update_outer execution from bytecode->native test
FAIL: update_outer -O execution from source compiled test
FAIL: update_outer -O execution from bytecode->native test
=== libjava Summary for unix ===
# of expected passes 1103
# of unexpected failures 449
# of unexpected successes 4
# of expected failures 9
# of untested testcases 456
=== libjava Summary ===
# of expected passes 3233
# of unexpected failures 1347
# of unexpected successes 12
# of expected failures 25
# of untested testcases 1344
=== libstdc++-v3 tests ===
Running target unix/-fPIC
FAIL: 18_support/numeric_limits.cc execution test
FAIL: 22_locale/codecvt_members_char_char.cc execution test
FAIL: 22_locale/codecvt_members_unicode_char.cc execution test
FAIL: 22_locale/codecvt_members_unicode_wchar_t.cc execution test
FAIL: 22_locale/codecvt_members_wchar_t_char.cc execution test
FAIL: 22_locale/ctor_copy_dtor.cc execution test
FAIL: 22_locale/ctype_members_wchar_t.cc execution test
FAIL: 26_numerics/c99_classification_macros_c.cc (test for excess errors)
FAIL: 27_io/ostream_inserter_arith.cc execution test
FAIL: thread/pthread1.cc execution test
FAIL: thread/pthread4.cc execution test
FAIL: thread/pthread5.cc execution test
FAIL: thread/pthread6.cc execution test
=== libstdc++-v3 Summary for unix/-fPIC ===
# of expected passes 342
# of unexpected failures 13
# of expected failures 25
Running target unix/-fpic
FAIL: 18_support/numeric_limits.cc execution test
FAIL: 22_locale/codecvt_members_char_char.cc execution test
FAIL: 22_locale/codecvt_members_unicode_char.cc execution test
FAIL: 22_locale/codecvt_members_unicode_wchar_t.cc execution test
FAIL: 22_locale/codecvt_members_wchar_t_char.cc execution test
FAIL: 22_locale/ctor_copy_dtor.cc execution test
FAIL: 22_locale/ctype_members_wchar_t.cc execution test
FAIL: 26_numerics/c99_classification_macros_c.cc (test for excess errors)
FAIL: 27_io/ostream_inserter_arith.cc execution test
FAIL: thread/pthread1.cc execution test
FAIL: thread/pthread4.cc execution test
FAIL: thread/pthread5.cc execution test
FAIL: thread/pthread6.cc execution test
=== libstdc++-v3 Summary for unix/-fpic ===
# of expected passes 342
# of unexpected failures 13
# of expected failures 25
Running target unix
FAIL: 18_support/numeric_limits.cc execution test
FAIL: 22_locale/codecvt_members_char_char.cc execution test
FAIL: 22_locale/codecvt_members_unicode_char.cc execution test
FAIL: 22_locale/codecvt_members_unicode_wchar_t.cc execution test
FAIL: 22_locale/codecvt_members_wchar_t_char.cc execution test
FAIL: 22_locale/ctor_copy_dtor.cc execution test
FAIL: 22_locale/ctype_members_wchar_t.cc execution test
FAIL: 26_numerics/c99_classification_macros_c.cc (test for excess errors)
FAIL: 27_io/ostream_inserter_arith.cc execution test
FAIL: thread/pthread1.cc execution test
FAIL: thread/pthread4.cc execution test
FAIL: thread/pthread5.cc execution test
FAIL: thread/pthread6.cc execution test
=== libstdc++-v3 Summary for unix ===
# of expected passes 342
# of unexpected failures 13
# of expected failures 25
=== libstdc++-v3 Summary ===
# of expected passes 1026
# of unexpected failures 39
# of expected failures 75
Compiler version: 3.1 20020210 (experimental)
Platform: sparc-unknown-linux-gnu
configure flags: --host=sparc-linux --enable-shared --enable-clocale=gnu --with-gnu-ld --with-gnu-as --enable-threads=posix
Counting all warnings,
there are 450 warnings in stage0 of this bootstrap.
Number of warnings per file:
192 libiberty/md5.c
148 libiberty/regex.c
78 ../../binutils/ieee.c
5 make[3]
5 libjava/java/lang/natClassLoader.cc
2 make[4]
2 include/xregex2.h
2 include/sys/cdefs.h
2 include/gc.h
1 make[5]
1 libjava/posix-threads.cc
1 libjava/name-finder.cc
1 libjava/gnu/gcj/runtime/natSharedLibLoader.cc
1 libjava/gnu/gcj/io/shs.cc
1 libjava/gnu/gcj/convert/natIconv.cc
1 libjava/boehm.cc
1 libf2c/libU77/vxtidate_.c
1 libf2c/libU77/date_.c
1 libf2c/libI77/open.c
1 lex.yy.c
1 fastjar/jartool.c
1 config.h
1 ../../../boehm-gc/mark_rts.c
Number of warning types:
128 traditional C rejects string concatenation
94 signed and unsigned type in conditional expression
64 function-like macro \`FI' must be used with arguments in traditional C
64 function-like macro \`FH' must be used with arguments in traditional C
64 function-like macro \`FG' must be used with arguments in traditional C
8 jobserver unavailable: using -j1. Add \`???' to parent make rule.
5 unused parameter \`
5 this is the location of the previous definition
4 unused parameter \`???'
2 no return statement in function returning non-void
2 \`__restrict_arr' redefined
2 \`GC_LINUX_THREADS' redefined
1 unused
1 string length \`???' is greater than the length \`???' ISO C89 compilers are required to support
1 function returns address of local variable
1 comparison between
1 cast from pointer to integer of
1 \`_XOPEN_SOURCE' redefined
1 \`???' defined but not used
1 \`???' declared
Counting all warnings,
there are 54 warnings in stage3 of this bootstrap.
Number of warnings per file:
24 gcc/combine.c
10 gcc/regclass.c
4 gcc/optabs.c
3 gcc/java/builtins.c
3 gcc/gcc.c
2 gcc/fold-const.c
1 gcc/reload.c
1 gcc/profile.c
1 gcc/objc/lang-specs.h
1 gcc/java/jvspec.c
1 gcc/java/class.c
1 gcc/ifcvt.c
1 gcc/function.c
1 gcc/cp/lang-specs.h
Number of warning types:
37 comparison between signed and unsigned
6 string length \`???' is greater than the length \`???' ISO C89 compilers are required to support
5 signed and unsigned type in conditional expression
3 unused parameter \`???'
1 unused variable \`???'
1 pointer targets in passing arg ??? of \`???' differ in signedness
1 \`???' might be used uninitialized in this function