This is the mail archive of the
gcc-testresults@gcc.gnu.org
mailing list for the GCC project.
Results for 3.1 20020207 (experimental) testsuite on s390-ibm-linux-gnu
- From: "Ulrich Weigand" <Ulrich dot Weigand at de dot ibm dot com>
- To: gcc-testresults at gcc dot gnu dot org
- Date: Thu, 7 Feb 2002 16:51:08 +0100
- Subject: Results for 3.1 20020207 (experimental) testsuite on s390-ibm-linux-gnu
LAST_UPDATED:
Native configuration is s390-ibm-linux-gnu
=== g++ tests ===
Running target unix
FAIL: g++.ext/instantiate2.C not instantiated (test for errors, line 19)
FAIL: g++.ext/instantiate3.C not instantiated (test for errors, line 13)
=== g++ Summary ===
# of expected passes 6875
# of unexpected failures 2
# of expected failures 91
# of untested testcases 23
# of unsupported tests 1
/mnt/dasdb1/weigand/fsf/gcc-head-build/gcc/testsuite/../g++ version 3.1 20020207 (experimental)
=== g77 tests ===
Running target unix
=== g77 Summary ===
# of expected passes 1410
# of expected failures 6
# of unsupported tests 8
/mnt/dasdb1/weigand/fsf/gcc-head-build/gcc/testsuite/../g77 version 3.1 20020207 (experimental)
=== gcc tests ===
Running target unix
FAIL: gcc.c-torture/compile/20001226-1.c, -O0
FAIL: gcc.dg/debug/debug-1.c scan-assembler xyzzy
FAIL: gcc.dg/debug/debug-1.c scan-assembler xyzzy
FAIL: gcc.dg/debug/debug-1.c scan-assembler xyzzy
FAIL: gcc.dg/debug/debug-1.c scan-assembler xyzzy
FAIL: gcc.dg/debug/debug-2.c scan-assembler xyzzy
FAIL: gcc.dg/debug/debug-2.c scan-assembler xyzzy
FAIL: gcc.dg/debug/debug-2.c scan-assembler xyzzy
FAIL: gcc.dg/debug/debug-2.c scan-assembler xyzzy
FAIL: gcc.dg/debug/dwarf2-1.c (test for excess errors)
FAIL: gcc.dg/debug/dwarf2-1.c (test for excess errors)
FAIL: gcc.dg/debug/dwarf2-1.c (test for excess errors)
FAIL: gcc.dg/debug/dwarf2-1.c (test for excess errors)
FAIL: gcc.dg/debug/dwarf2-1.c (test for excess errors)
FAIL: gcc.dg/debug/dwarf2-1.c (test for excess errors)
FAIL: gcc.dg/debug/dwarf2-1.c (test for excess errors)
FAIL: gcc.dg/debug/dwarf2-1.c (test for excess errors)
FAIL: gcc.dg/debug/dwarf2-1.c (test for excess errors)
FAIL: gcc.dg/debug/dwarf2-1.c (test for excess errors)
FAIL: gcc.dg/debug/dwarf2-1.c (test for excess errors)
FAIL: gcc.dg/debug/dwarf2-1.c (test for excess errors)
FAIL: gcc.dg/debug/dwarf2-1.c (test for excess errors)
FAIL: gcc.dg/debug/dwarf2-1.c (test for excess errors)
FAIL: gcc.dg/debug/dwarf2-1.c (test for excess errors)
FAIL: gcc.dg/debug/dwarf2-1.c (test for excess errors)
FAIL: gcc.dg/debug/dwarf2-1.c (test for excess errors)
FAIL: gcc.dg/debug/dwarf2-1.c (test for excess errors)
FAIL: gcc.dg/debug/dwarf2-1.c (test for excess errors)
FAIL: gcc.dg/debug/dwarf2-1.c (test for excess errors)
FAIL: gcc.dg/debug/dwarf2-1.c (test for excess errors)
FAIL: gcc.dg/debug/dwarf2-1.c (test for excess errors)
FAIL: gcc.dg/debug/dwarf2-1.c (test for excess errors)
FAIL: gcc.dg/debug/dwarf2-1.c (test for excess errors)
FAIL: gcc.dg/debug/dwarf2-1.c (test for excess errors)
FAIL: gcc.dg/debug/dwarf2-1.c (test for excess errors)
FAIL: gcc.dg/debug/dwarf2-1.c (test for excess errors)
=== gcc Summary ===
# of expected passes 17422
# of unexpected failures 36
# of expected failures 54
# of unsupported tests 102
/mnt/dasdb1/weigand/fsf/gcc-head-build/gcc/xgcc version 3.1 20020207 (experimental)
=== objc tests ===
Running target unix
FAIL: objc/execute/formal_protocol-6.m execution, -O0
FAIL: objc/execute/formal_protocol-6.m execution, -O1
FAIL: objc/execute/formal_protocol-6.m execution, -O2
FAIL: objc/execute/formal_protocol-6.m execution, -O3 -fomit-frame-pointer
FAIL: objc/execute/formal_protocol-6.m execution, -O3 -g
FAIL: objc/execute/formal_protocol-6.m execution, -Os
=== objc Summary ===
# of expected passes 1036
# of unexpected failures 6
/mnt/dasdb1/weigand/fsf/gcc-head-build/gcc/xgcc version 3.1 20020207 (experimental)
=== libstdc++-v3 tests ===
Running target unix
FAIL: 22_locale/codecvt_members_unicode_char.cc execution test
FAIL: 22_locale/codecvt_members_unicode_wchar_t.cc execution test
XPASS: 22_locale/ctype_members_char.cc execution test
XPASS: 22_locale/members.cc execution test
XPASS: 22_locale/messages_byname.cc execution test
XPASS: 22_locale/messages_members_char.cc execution test
XPASS: 22_locale/money_get_members_char.cc execution test
XPASS: 22_locale/money_put_members_char.cc execution test
XPASS: 22_locale/money_put_members_wchar_t.cc execution test
XPASS: 22_locale/moneypunct_byname.cc execution test
XPASS: 22_locale/moneypunct_members_char.cc execution test
XPASS: 22_locale/moneypunct_members_wchar_t.cc execution test
XPASS: 22_locale/num_get_members_char.cc execution test
XPASS: 22_locale/num_put_members_char.cc execution test
XPASS: 22_locale/num_put_members_wchar_t.cc execution test
XPASS: 22_locale/numpunct_byname.cc execution test
XPASS: 22_locale/numpunct_members_char.cc execution test
XPASS: 22_locale/numpunct_members_wchar_t.cc execution test
XPASS: 22_locale/time_get_members_char.cc execution test
XPASS: 22_locale/time_put_members_char.cc execution test
FAIL: 26_numerics/c99_classification_macros_c.cc (test for excess errors)
FAIL: thread/pthread5.cc execution test
=== libstdc++-v3 Summary ===
# of expected passes 351
# of unexpected failures 4
# of unexpected successes 18
# of expected failures 7
Compiler version: 3.1 20020207 (experimental)
Platform: s390-ibm-linux-gnu
configure flags: --host=s390-ibm-linux --enable-shared --enable-threads --disable-libgcj --prefix=/home/weigand/fsf/gcc-head-install