This is the mail archive of the
gcc-testresults@gcc.gnu.org
mailing list for the GCC project.
Results for 3.0.3 testsuite on i586-pc-linux-gnu
- From: meuh at meuh dot eu dot org (Yann Droneaud)
- To: gcc-testresults at gcc dot gnu dot org
- Date: Tue, 5 Feb 2002 20:24:46 +0100 (CET)
- Subject: Results for 3.0.3 testsuite on i586-pc-linux-gnu
I have ran the testsuite for gcc-3.0.3, here is the results.
The test environment:
Pentium (classic) 200Mhz, RAM: 48Mo, Swap: 64Mo
linux-2.4.17
glibc-2.2.4
gcc-2.95.3
binutils-2.11.92.0.12.3 (20011121)
dejaGNU 1.4.0:
\$ runtest --version
Expect version is 5.32.2
Tcl version is 8.3
Framework version is 1.4.0
Some comments:
failures in the libstdc++-v3 testsuite are due to undefined iconv symbols,
this is probably because, before building gcc-3.0.3, i have installed
libiconv-1.0.7.
failures in gcc.c-torture were caused by timeout, compiled outside runtest,
takes about 5 minutes with gcc-3 and about twice time with gcc-2.95.3.
--
Yann Droneaud <ydroneaud@meuh.eu.org> +33 6 88 40 82 43
<ydroneaud@tuxfamily.org> <yann.droneaud@iupmime.univ-lemans.fr>
1024D/BEA43321 5D91 B5B0 5137 B8FE 6882 FE19 CAA0 6F05 BEA4 3321
http://www.meuh.eu.org http://www-iupmime.univ-lemans.fr
-----------------------------------------------------------------
LAST_UPDATED:
Native configuration is i586-pc-linux-gnu
=== g++ tests ===
Running target unix
FAIL: g++.ext/instantiate1.C not instantiated (test for errors, line 20)
=== g++ Summary ===
# of expected passes 6515
# of unexpected failures 1
# of expected failures 103
# of untested testcases 9
/usr/src/gcc-3.0.3/gcc/testsuite/../g++ version 3.0.3
=== g77 tests ===
Running target unix
=== g77 Summary ===
# of expected passes 933
# of unsupported tests 8
=== gcc tests ===
Running target unix
FAIL: gcc.c-torture/compile/20001226-1.c, -O3 -g
FAIL: gcc.c-torture/compile/20001226-1.c, -Os
XPASS: gcc.c-torture/execute/20000801-4.c execution, -O0
XPASS: gcc.c-torture/execute/20000801-4.c execution, -O1
XPASS: gcc.c-torture/execute/20000801-4.c execution, -O2
XPASS: gcc.c-torture/execute/20000801-4.c execution, -O3 -fomit-frame-pointer
XPASS: gcc.c-torture/execute/20000801-4.c execution, -O3 -g
XPASS: gcc.c-torture/execute/20000801-4.c execution, -Os
=== gcc Summary ===
# of expected passes 15341
# of unexpected failures 2
# of unexpected successes 6
# of expected failures 77
# of unsupported tests 20
/usr/src/gcc-3.0.3/gcc/xgcc version 3.0.3
=== objc tests ===
Running target unix
=== objc Summary ===
# of expected passes 153
# of expected failures 1
/usr/src/gcc-3.0.3/gcc/xgcc version 3.0.3
=== libjava tests ===
Running target unix
XPASS: N19990310_4 output from source compiled test
XPASS: N19990310_4 -O output from source compiled test
XPASS: stringconst output from bytecode->native test
XPASS: stringconst -O output from bytecode->native test
XPASS: stub compilation from source
XPASS: stub byte compilation
XPASS: stub compilation from bytecode
XPASS: stub -O compilation from source
XPASS: stub byte compilation
XPASS: stub -O compilation from bytecode
=== libjava Summary ===
# of expected passes 1676
# of unexpected successes 10
# of expected failures 14
# of untested testcases 16
=== libstdc++-v3 tests ===
Running target unix
FAIL: 22_locale/codecvt_unicode_char.cc (test for excess errors)
FAIL: 22_locale/codecvt_unicode_wchar_t.cc (test for excess errors)
FAIL: 22_locale/ctor_copy_dtor.cc (test for excess errors)
=== libstdc++-v3 Summary ===
# of expected passes 241
# of unexpected failures 3
# of expected failures 8
Compiler version: 3.0.3
Platform: i586-pc-linux-gnu
configure flags: --host=i586-pc-linux-gnu --prefix=/usr --with-gnu-as --with-gnu-ld --enable-shared --enable-threads=posix --enable-objc-gc