This is the mail archive of the
gcc-testresults@gcc.gnu.org
mailing list for the GCC project.
Results for 3.1 20011220 (experimental) testsuite on alphaev6-unknown-linux-gnu
- From: Richard Henderson <rth at cygnus dot com>
- To: gcc-testresults at gcc dot gnu dot org
- Date: Thu, 20 Dec 2001 23:13:16 -0800
- Subject: Results for 3.1 20011220 (experimental) testsuite on alphaev6-unknown-linux-gnu
LAST_UPDATED: Fri Dec 21 00:35:17 UTC 2001
Native configuration is alphaev6-unknown-linux-gnu
=== libjava tests ===
Running target unix
FAIL: PR375 compilation from source
FAIL: PR375 -O compilation from source
FAIL: Statics compilation from source
FAIL: Statics -O compilation from source
FAIL: plusplus compilation from source
FAIL: plusplus -O compilation from source
FAIL: PR4766 compilation from bytecode
FAIL: PR4766 -O compilation from bytecode
FAIL: calls run
FAIL: field run
FAIL: findclass run
FAIL: throwit run
FAIL: cxxtest run
FAIL: Array_1 compilation from source
FAIL: Array_1 compilation from bytecode
FAIL: Array_1 -O compilation from source
FAIL: Array_1 -O compilation from bytecode
FAIL: Class_1 compilation from source
FAIL: Class_1 -O compilation from source
FAIL: InterfaceDispatch compilation from source
FAIL: InterfaceDispatch compilation from bytecode
FAIL: InterfaceDispatch -O compilation from source
FAIL: InterfaceDispatch -O compilation from bytecode
FAIL: N19990310_02 compilation from source
FAIL: N19990310_02 compilation from bytecode
FAIL: N19990310_02 -O compilation from source
FAIL: N19990310_02 -O compilation from bytecode
FAIL: N19990310_5 compilation from source
FAIL: N19990310_5 compilation from bytecode
FAIL: N19990310_5 -O compilation from source
FAIL: N19990310_5 -O compilation from bytecode
FAIL: PR160 compilation from source
FAIL: PR160 compilation from bytecode
FAIL: PR160 -O compilation from source
FAIL: PR160 -O compilation from bytecode
FAIL: Primes compilation from source
FAIL: Primes compilation from bytecode
FAIL: Primes -O compilation from source
FAIL: Primes -O compilation from bytecode
FAIL: StringBuffer_1 execution from source compiled test
FAIL: StringBuffer_1 execution from bytecode->native test
FAIL: StringBuffer_1 -O execution from source compiled test
FAIL: StringBuffer_1 -O execution from bytecode->native test
FAIL: anonarray compilation from source
FAIL: anonarray compilation from bytecode
FAIL: anonarray -O compilation from source
FAIL: anonarray -O compilation from bytecode
FAIL: anonarray3 compilation from source
FAIL: anonarray3 compilation from bytecode
FAIL: anonarray3 -O compilation from source
FAIL: anonarray3 -O compilation from bytecode
FAIL: err11 compilation from source
FAIL: err11 compilation from bytecode
FAIL: err11 -O compilation from source
FAIL: err11 -O compilation from bytecode
FAIL: err4 compilation from source
FAIL: err4 compilation from bytecode
FAIL: err4 -O compilation from source
FAIL: err4 -O compilation from bytecode
FAIL: err6 compilation from source
FAIL: err6 compilation from bytecode
FAIL: err6 -O compilation from source
FAIL: err6 -O compilation from bytecode
FAIL: err7 compilation from source
FAIL: err7 -O compilation from source
FAIL: inner_array compilation from source
FAIL: inner_array compilation from bytecode
FAIL: inner_array -O compilation from source
FAIL: inner_array -O compilation from bytecode
FAIL: klass compilation from source
FAIL: klass compilation from bytecode
FAIL: klass -O compilation from source
FAIL: klass -O compilation from bytecode
XPASS: stringconst output from bytecode->native test
XPASS: stringconst -O output from bytecode->native test
FAIL: stringconst2 output from source compiled test
FAIL: stringconst2 -O output from source compiled test
FAIL: SyncTest execution from bytecode->native test
FAIL: SyncTest -O execution from bytecode->native test
FAIL: Matrix4f compilation from source
FAIL: Matrix4f compilation from bytecode
FAIL: Matrix4f -O compilation from source
FAIL: Matrix4f -O compilation from bytecode
FAIL: PR3096 compilation from source
FAIL: PR3096 compilation from bytecode
FAIL: PR3096 -O compilation from source
FAIL: PR3096 -O compilation from bytecode
FAIL: PR5057 output from bytecode->native test
FAIL: PR5057 -O output from bytecode->native test
FAIL: PR5057_2 output from bytecode->native test
FAIL: PR5057_2 -O output from bytecode->native test
=== libjava Summary ===
# of expected passes 1750
# of unexpected failures 89
# of unexpected successes 2
# of expected failures 12
# of untested testcases 155
=== libstdc++-v3 tests ===
Running target unix
FAIL: 18_support/numeric_limits.cc execution test
XPASS: 22_locale/ctype_members_char.cc execution test
XPASS: 22_locale/members.cc execution test
XPASS: 22_locale/messages_byname.cc execution test
XPASS: 22_locale/messages_members_char.cc execution test
XPASS: 22_locale/money_get_members_char.cc execution test
XPASS: 22_locale/money_get_members_wchar_t.cc execution test
XPASS: 22_locale/money_put_members_char.cc execution test
XPASS: 22_locale/money_put_members_wchar_t.cc execution test
XPASS: 22_locale/moneypunct_byname.cc execution test
XPASS: 22_locale/moneypunct_members_char.cc execution test
XPASS: 22_locale/moneypunct_members_wchar_t.cc execution test
XPASS: 22_locale/num_get_members_char.cc execution test
XPASS: 22_locale/num_get_members_wchar_t.cc execution test
XPASS: 22_locale/num_put_members_char.cc execution test
XPASS: 22_locale/num_put_members_wchar_t.cc execution test
XPASS: 22_locale/numpunct_byname.cc execution test
XPASS: 22_locale/numpunct_members_char.cc execution test
XPASS: 22_locale/numpunct_members_wchar_t.cc execution test
XPASS: 22_locale/time_get_members_char.cc execution test
XPASS: 22_locale/time_get_members_wchar_t.cc execution test
XPASS: 22_locale/time_put_members_char.cc execution test
=== libstdc++-v3 Summary ===
# of expected passes 331
# of unexpected failures 1
# of unexpected successes 21
# of expected failures 8
=== g77 tests ===
Running target unix
FAIL: g77.f-torture/execute/20010430.f execution, -O2
FAIL: g77.f-torture/execute/20010430.f execution, -O3 -fomit-frame-pointer
FAIL: g77.f-torture/execute/20010430.f execution, -O3 -fomit-frame-pointer -funroll-loops
FAIL: g77.f-torture/execute/20010430.f execution, -O3 -fomit-frame-pointer -funroll-all-loops -finline-functions
FAIL: g77.f-torture/execute/20010430.f execution, -O3 -g
=== g77 Summary ===
# of expected passes 1339
# of unexpected failures 5
# of unsupported tests 8
/castro/street/rth/gcc/build/axp/gcc/testsuite/../g77 version 3.1 20011220 (experimental)
=== gcc tests ===
Running target unix
FAIL: gcc.c-torture/compile/930117-1.c, -O0
FAIL: gcc.c-torture/compile/930117-1.c, -O1
FAIL: gcc.c-torture/compile/930117-1.c, -O2
FAIL: gcc.c-torture/compile/930117-1.c, -O3 -fomit-frame-pointer
FAIL: gcc.c-torture/compile/930117-1.c, -O3 -g
FAIL: gcc.c-torture/compile/930117-1.c, -Os
FAIL: gcc.c-torture/execute/20011008-3.c execution, -O3 -fomit-frame-pointer
FAIL: gcc.c-torture/execute/20011008-3.c execution, -O3 -fomit-frame-pointer -funroll-loops
FAIL: gcc.c-torture/execute/20011008-3.c execution, -O3 -fomit-frame-pointer -funroll-all-loops -finline-functions
FAIL: gcc.c-torture/execute/20011008-3.c execution, -O3 -g
FAIL: gcc.c-torture/execute/20011219-1.c execution, -O0
FAIL: gcc.c-torture/execute/20011219-1.c execution, -O1
FAIL: gcc.c-torture/execute/20011219-1.c execution, -O2
FAIL: gcc.c-torture/execute/20011219-1.c execution, -O3 -fomit-frame-pointer
FAIL: gcc.c-torture/execute/20011219-1.c execution, -O3 -g
FAIL: gcc.c-torture/execute/20011219-1.c execution, -Os
FAIL: gcc.dg/20011130-1.c (test for excess errors)
=== gcc Summary ===
# of expected passes 16556
# of unexpected failures 17
# of expected failures 47
# of unsupported tests 62
/castro/street/rth/gcc/build/axp/gcc/xgcc version 3.1 20011220 (experimental)
=== g++ tests ===
Running target unix
FAIL: g++.dg/eh/registers1.C execution test
FAIL: g++.dg/init/init-ref2.C execution test
FAIL: g++.jason/thunk3.C (test for excess errors)
FAIL: g++.law/profile1.C Execution test
XPASS: g++.pt/decl2.C ICE - (test for errors, line 8)
=== g++ Summary ===
# of expected passes 6734
# of unexpected failures 4
# of unexpected successes 1
# of expected failures 97
# of untested testcases 20
# of unsupported tests 1
/castro/street/rth/gcc/build/axp/gcc/testsuite/../g++ version 3.1 20011220 (experimental)
=== objc tests ===
Running target unix
FAIL: objc/execute/formal_protocol-6.m execution, -O
FAIL: objc.dg/special/unclaimed-category-1.m (test for excess errors)
=== objc Summary ===
# of expected passes 217
# of unexpected failures 2
/castro/street/rth/gcc/build/axp/gcc/xgcc version 3.1 20011220 (experimental)
Compiler version: 3.1 20011220 (experimental)
Platform: alphaev6-unknown-linux-gnu
configure flags: --host=alphaev6-unknown-linux-gnu --prefix=/castro/street/H-alpha-linux --enable-threads