This is the mail archive of the gcc-testresults@gcc.gnu.org mailing list for the GCC project.
Index Nav: | [Date Index] [Subject Index] [Author Index] [Thread Index] | |
---|---|---|
Message Nav: | [Date Prev] [Date Next] | [Thread Prev] [Thread Next] |
Other format: | [Raw text] |
Test gcc.dg/c99-intconst-1.c sends dejagnu into an infinite loop. Worked around by patching /usr/include/limits.h to define LLONG_MIN, LLONG_MAX and ULLONG_MAX with http://sources.redhat.com/ml/newlib/2001/msg00611.html. Test still fails. LAST_UPDATED: Mon Dec 17 22:49:46 2001 Native configuration is i686-pc-cygwin === g++ tests === Running target unix FAIL: g++.dg/ext/align1.C (test for excess errors) FAIL: g++.dg/special/conpr-1.C execution test FAIL: g++.dg/special/conpr-2.C execution test FAIL: g++.dg/special/conpr-3.C execution test FAIL: g++.dg/special/conpr-3.C execution test FAIL: g++.dg/special/initp1.C execution test FAIL: g++.eh/badalloc1.C Execution test FAIL: g++.eh/unwind1.C Execution test FAIL: g++.ext/attrib5.C (test for excess errors) FAIL: g++.ext/instantiate3.C not instantiated (test for errors, line 13) XPASS: g++.ext/instantiate3.C (test for excess errors) XPASS: g++.jason/template18.C (test for excess errors) XPASS: g++.jason/template18.C Execution test XPASS: g++.oliva/typename2.C implicit typename - (test for errors, line 26) XPASS: g++.pt/decl2.C ICE - (test for errors, line 8) === g++ Summary === # of expected passes 6734 # of unexpected failures 10 # of unexpected successes 5 # of expected failures 94 # of untested testcases 15 # of unsupported tests 1 /usr/local/obj/gcc/gcc/testsuite/../g++ version 3.1 20011217 (experimental) === g77 tests === Running target unix === g77 Summary === # of expected passes 1360 /usr/local/obj/gcc/gcc/testsuite/../g77 version 3.1 20011217 (experimental) === gcc tests === Running target unix XPASS: gcc.c-torture/execute/loop-2e.c execution, -Os FAIL: gcc.dg/c99-intconst-1.c (test for excess errors) FAIL: gcc.dg/special/wkali-1.c (test for excess errors) === gcc Summary === # of expected passes 16599 # of unexpected failures 2 # of unexpected successes 1 # of expected failures 46 # of unsupported tests 34 /usr/local/obj/gcc/gcc/xgcc version 3.1 20011217 (experimental) === objc tests === Running target unix FAIL: objc/execute/IMP.m compilation, -O FAIL: objc/execute/_cmd.m compilation, -O FAIL: objc/execute/accessing_ivars.m compilation, -O FAIL: objc/execute/bf-1.m compilation, -O FAIL: objc/execute/bf-10.m compilation, -O FAIL: objc/execute/bf-11.m compilation, -O FAIL: objc/execute/bf-12.m compilation, -O FAIL: objc/execute/bf-13.m compilation, -O FAIL: objc/execute/bf-14.m compilation, -O FAIL: objc/execute/bf-15.m compilation, -O FAIL: objc/execute/bf-16.m compilation, -O FAIL: objc/execute/bf-17.m compilation, -O FAIL: objc/execute/bf-18.m compilation, -O FAIL: objc/execute/bf-19.m compilation, -O FAIL: objc/execute/bf-2.m compilation, -O FAIL: objc/execute/bf-20.m compilation, -O FAIL: objc/execute/bf-21.m compilation, -O FAIL: objc/execute/bf-3.m compilation, -O FAIL: objc/execute/bf-4.m compilation, -O FAIL: objc/execute/bf-5.m compilation, -O FAIL: objc/execute/bf-6.m compilation, -O FAIL: objc/execute/bf-7.m compilation, -O FAIL: objc/execute/bf-8.m compilation, -O FAIL: objc/execute/bf-9.m compilation, -O FAIL: objc/execute/bycopy-1.m compilation, -O FAIL: objc/execute/bycopy-2.m compilation, -O FAIL: objc/execute/bycopy-3.m compilation, -O FAIL: objc/execute/class-1.m compilation, -O FAIL: objc/execute/class-10.m compilation, -O FAIL: objc/execute/class-11.m compilation, -O FAIL: objc/execute/class-12.m compilation, -O FAIL: objc/execute/class-13.m compilation, -O FAIL: objc/execute/class-14.m compilation, -O FAIL: objc/execute/class-2.m compilation, -O FAIL: objc/execute/class-3.m compilation, -O FAIL: objc/execute/class-4.m compilation, -O FAIL: objc/execute/class-5.m compilation, -O FAIL: objc/execute/class-6.m compilation, -O FAIL: objc/execute/class-7.m compilation, -O FAIL: objc/execute/class-8.m compilation, -O FAIL: objc/execute/class-9.m compilation, -O FAIL: objc/execute/class_self-1.m compilation, -O FAIL: objc/execute/class_self-2.m compilation, -O FAIL: objc/execute/compatibility_alias.m compilation, -O FAIL: objc/execute/enumeration-1.m compilation, -O FAIL: objc/execute/enumeration-2.m compilation, -O FAIL: objc/execute/fdecl.m compilation, -O FAIL: objc/execute/formal_protocol-1.m compilation, -O FAIL: objc/execute/formal_protocol-2.m compilation, -O FAIL: objc/execute/formal_protocol-3.m compilation, -O FAIL: objc/execute/formal_protocol-4.m compilation, -O FAIL: objc/execute/formal_protocol-5.m compilation, -O FAIL: objc/execute/formal_protocol-6.m compilation, -O FAIL: objc/execute/formal_protocol-7.m compilation, -O FAIL: objc/execute/initialize.m compilation, -O FAIL: objc/execute/load-2.m compilation, -O FAIL: objc/execute/load-3.m compilation, -O FAIL: objc/execute/load.m compilation, -O FAIL: objc/execute/many_args_method.m compilation, -O FAIL: objc/execute/nested-3.m compilation, -O FAIL: objc/execute/no_clash.m compilation, -O FAIL: objc/execute/np-1.m compilation, -O FAIL: objc/execute/np-2.m compilation, -O FAIL: objc/execute/object_is_class.m compilation, -O FAIL: objc/execute/object_is_meta_class.m compilation, -O FAIL: objc/execute/private.m compilation, -O FAIL: objc/execute/protocol.m compilation, -O FAIL: objc/execute/redefining_self.m compilation, -O FAIL: objc/execute/root_methods.m compilation, -O FAIL: objc/execute/selector-1.m compilation, -O FAIL: objc/execute/static-1.m compilation, -O FAIL: objc/execute/static-2.m compilation, -O FAIL: objc/execute/string1.m compilation, -O FAIL: objc/execute/string2.m compilation, -O FAIL: objc/execute/string3.m compilation, -O FAIL: objc/execute/string4.m compilation, -O FAIL: objc/execute/va_method.m compilation, -O FAIL: unclaimed-category-1a.o === objc Summary === # of expected passes 63 # of unexpected failures 78 # of untested testcases 77 /usr/local/obj/gcc/gcc/xgcc version 3.1 20011217 (experimental) === libstdc++-v3 tests === Running target unix XPASS: 22_locale/collate_members_wchar_t.cc execution test XPASS: 22_locale/money_get_members_wchar_t.cc execution test XPASS: 22_locale/money_put_members_wchar_t.cc execution test XPASS: 22_locale/moneypunct_members_wchar_t.cc execution test XPASS: 22_locale/num_get_members_wchar_t.cc execution test XPASS: 22_locale/num_put_members_wchar_t.cc execution test XPASS: 22_locale/numpunct_members_wchar_t.cc execution test XPASS: 22_locale/time_get_members_wchar_t.cc execution test XPASS: 22_locale/time_put_members_wchar_t.cc execution test FAIL: 23_containers/map_operators.cc (test for errors, line 43) FAIL: 23_containers/map_operators.cc (test for errors, line 44) XPASS: 23_containers/map_operators.cc (test for excess errors) FAIL: 23_containers/set_operators.cc (test for errors, line 40) FAIL: 23_containers/set_operators.cc (test for errors, line 41) XPASS: 23_containers/set_operators.cc (test for excess errors) XPASS: 26_numerics/c99_classification_macros_c.cc (test for excess errors) FAIL: 27_io/istream_extractor_arith.cc execution test === libstdc++-v3 Summary === # of expected passes 327 # of unexpected failures 5 # of unexpected successes 12 # of expected failures 17 Compiler version: 3.1 20011217 (experimental) Platform: i686-pc-cygwin configure flags: --host=i686-pc-cygwin --enable-threads=posix --disable-libgcj --enable-sjlj-exceptions --with-system-zlib --disable-nls --disable-shared Counting all warnings, there are 64 warnings in stage3 of this bootstrap. Number of warnings per file: 23 gcc/combine.c 9 gcc/gcc.c 6 gcc/cp/pt.c 5 gcc/emit-rtl.c 5 gcc/cse.c 3 gcc/fold-const.c 3 gcc/cp/lang-specs.h 2 gcc/dwarf2out.c 1 insn-emit.c 1 gcc/unwind-pe.h 1 gcc/regmove.c 1 gcc/objc/lang-specs.h 1 gcc/java/jvspec.c 1 gcc/function.c 1 gcc/cp/error.c 1 gcc/cfgcleanup.c Number of warning types: 39 comparison between signed and unsigned 8 string length \`???' is greater than the length \`???' ISO C89 compilers are required to support 5 signed and unsigned type in conditional expression 4 traditional C rejects string concatenation 2 assignment of read-only location 2 \`???' defined but not used 2 \`???' declared \`static' but never defined 1 pointer targets in passing arg ??? of \`???' differ in signedness 1 \`???' might be used uninitialized in this function
Index Nav: | [Date Index] [Subject Index] [Author Index] [Thread Index] | |
---|---|---|
Message Nav: | [Date Prev] [Date Next] | [Thread Prev] [Thread Next] |