This is the mail archive of the
gcc-testresults@gcc.gnu.org
mailing list for the GCC project.
Results for 3.1 20011215 (experimental) testsuite on i386-unknown-netbsdelf1.5Z
- From: cato at df dot lth dot se
- To: gcc-testresults at gcc dot gnu dot org
- Date: Sun, 16 Dec 2001 21:01:34 +0100 (MET)
- Subject: Results for 3.1 20011215 (experimental) testsuite on i386-unknown-netbsdelf1.5Z
LAST_UPDATED: Sat Dec 15 11:13:43 UTC 2001
Native configuration is i386-unknown-netbsdelf1.5Z
=== g++ tests ===
Running target unix
FAIL: g++.dg/eh/omit-frame-pointer.C execution test
FAIL: g++.eh/badalloc1.C Execution test
FAIL: g++.law/profile1.C (test for excess errors)
XPASS: g++.oliva/typename2.C implicit typename - (test for errors, line 26)
FAIL: g++.other/init15.C caused compiler crash
XPASS: g++.pt/decl2.C ICE - (test for errors, line 8)
=== g++ Summary ===
# of expected passes 6737
# of unexpected failures 4
# of unexpected successes 2
# of expected failures 98
# of untested testcases 15
# of unsupported tests 1
/ndsk/gcctmp/i386/gcc011215/build/gcc/testsuite/../g++ version 3.1 20011215 (experimental)
=== g77 tests ===
Running target unix
=== g77 Summary ===
# of expected passes 1344
# of unsupported tests 8
/ndsk/gcctmp/i386/gcc011215/build/gcc/testsuite/../g77 version 3.1 20011215 (experimental)
=== gcc tests ===
Running target unix
FAIL: gcc.c-torture/compile/20011114-1.c, -O0
FAIL: gcc.c-torture/compile/20011114-1.c, -O1
FAIL: gcc.c-torture/compile/20011114-1.c, -O2
FAIL: gcc.c-torture/compile/20011114-1.c, -O3 -fomit-frame-pointer
FAIL: gcc.c-torture/compile/20011114-1.c, -O3 -g
FAIL: gcc.c-torture/compile/20011114-1.c, -Os
FAIL: gcc.c-torture/execute/920428-2.c execution, -O1
FAIL: gcc.c-torture/execute/920428-2.c execution, -O2
FAIL: gcc.c-torture/execute/920428-2.c execution, -O3 -fomit-frame-pointer
FAIL: gcc.c-torture/execute/920428-2.c execution, -O3 -g
FAIL: gcc.c-torture/execute/920428-2.c execution, -Os
FAIL: gcc.c-torture/execute/920501-3.c compilation, -O1
FAIL: gcc.c-torture/execute/920501-3.c compilation, -O2
FAIL: gcc.c-torture/execute/920501-3.c compilation, -O3 -fomit-frame-pointer
FAIL: gcc.c-torture/execute/920501-3.c compilation, -O3 -fomit-frame-pointer -funroll-loops
FAIL: gcc.c-torture/execute/920501-3.c compilation, -O3 -fomit-frame-pointer -funroll-all-loops -finline-functions
FAIL: gcc.c-torture/execute/920501-3.c compilation, -O3 -g
FAIL: gcc.c-torture/execute/920501-3.c compilation, -Os
FAIL: gcc.c-torture/execute/920501-7.c execution, -O1
FAIL: gcc.c-torture/execute/920501-7.c execution, -O2
FAIL: gcc.c-torture/execute/920501-7.c execution, -O3 -fomit-frame-pointer
FAIL: gcc.c-torture/execute/920501-7.c execution, -O3 -g
FAIL: gcc.c-torture/execute/920501-7.c execution, -Os
FAIL: gcc.c-torture/execute/960218-1.c compilation, -O0
FAIL: gcc.c-torture/execute/960218-1.c compilation, -O1
FAIL: gcc.c-torture/execute/960218-1.c compilation, -O2
FAIL: gcc.c-torture/execute/960218-1.c compilation, -O3 -fomit-frame-pointer
FAIL: gcc.c-torture/execute/960218-1.c compilation, -O3 -fomit-frame-pointer -funroll-loops
FAIL: gcc.c-torture/execute/960218-1.c compilation, -O3 -fomit-frame-pointer -funroll-all-loops -finline-functions
FAIL: gcc.c-torture/execute/960218-1.c compilation, -O3 -g
FAIL: gcc.c-torture/execute/960218-1.c compilation, -Os
FAIL: gcc.c-torture/execute/comp-goto-2.c execution, -O3 -fomit-frame-pointer
FAIL: gcc.c-torture/execute/comp-goto-2.c execution, -Os
FAIL: gcc.c-torture/execute/loop-2c.c execution, -Os
FAIL: gcc.c-torture/execute/loop-2d.c execution, -Os
FAIL: gcc.c-torture/execute/loop-3c.c execution, -Os
FAIL: gcc.c-torture/execute/ieee/rbug.c execution, -O0
FAIL: gcc.c-torture/execute/ieee/rbug.c execution, -O1
FAIL: gcc.c-torture/execute/ieee/rbug.c execution, -O2
FAIL: gcc.c-torture/execute/ieee/rbug.c execution, -Os
FAIL: gcc.dg/c99-intconst-1.c (test for excess errors)
FAIL: gcc.dg/format/c99-scanf-3.c vfscanf (test for warnings, line 21)
FAIL: gcc.dg/format/c99-scanf-3.c vfscanf (test for warnings, line 21)
FAIL: gcc.dg/format/ext-6.c vfscanf (test for warnings, line 38)
FAIL: gcc.dg/format/ext-6.c vfscanf (test for warnings, line 38)
=== gcc Summary ===
# of expected passes 16515
# of unexpected failures 45
# of expected failures 43
# of unresolved testcases 15
# of unsupported tests 33
/ndsk/gcctmp/i386/gcc011215/build/gcc/xgcc version 3.1 20011215 (experimental)
=== objc tests ===
Running target unix
FAIL: objc/execute/formal_protocol-6.m execution, -O
=== objc Summary ===
# of expected passes 216
# of unexpected failures 1
/ndsk/gcctmp/i386/gcc011215/build/gcc/xgcc version 3.1 20011215 (experimental)
=== libstdc++-v3 tests ===
Running target unix
XPASS: 22_locale/collate_members_wchar_t.cc execution test
XPASS: 22_locale/money_get_members_wchar_t.cc execution test
XPASS: 22_locale/money_put_members_wchar_t.cc execution test
XPASS: 22_locale/moneypunct_members_wchar_t.cc execution test
XPASS: 22_locale/num_get_members_wchar_t.cc execution test
XPASS: 22_locale/num_put_members_wchar_t.cc execution test
XPASS: 22_locale/numpunct_members_wchar_t.cc execution test
XPASS: 22_locale/time_get_members_wchar_t.cc execution test
XPASS: 22_locale/time_put_members_wchar_t.cc execution test
XPASS: 26_numerics/c99_classification_macros_c.cc (test for excess errors)
FAIL: 27_io/istream_extractor_arith.cc execution test
=== libstdc++-v3 Summary ===
# of expected passes 331
# of unexpected failures 1
# of unexpected successes 10
# of expected failures 19
Compiler version: 3.1 20011215 (experimental)
Platform: i386-unknown-netbsdelf1.5Z
configure flags: --host=i386-unknown-netbsdelf1.5Z --disable-nls