This is the mail archive of the
gcc-testresults@gcc.gnu.org
mailing list for the GCC project.
Results for 3.0.3 20011210 (prerelease) testsuite on i686-pc-linux-gnu
- From: Neil Booth <neil at daikokuya dot demon dot co dot uk>
- To: gcc-testresults at gcc dot gnu dot org
- Date: Tue, 11 Dec 2001 22:33:28 +0000
- Subject: Results for 3.0.3 20011210 (prerelease) testsuite on i686-pc-linux-gnu
LAST_UPDATED:
Native configuration is i686-pc-linux-gnu
=== g++ tests ===
Running target unix
FAIL: g++.ext/instantiate1.C not instantiated (test for errors, line 20)
=== g++ Summary ===
# of expected passes 6515
# of unexpected failures 1
# of expected failures 103
# of untested testcases 9
/home/neil/src/gcc-branch/build/gcc/testsuite/../g++ version 3.0.3 20011210 (prerelease)
=== g77 tests ===
Running target unix
FAIL: g77.f-torture/execute/auto1.f execution, -O0
FAIL: g77.f-torture/execute/auto1.f execution, -O1
FAIL: g77.f-torture/execute/auto1.f execution, -O2
FAIL: g77.f-torture/execute/auto1.f execution, -O3 -fomit-frame-pointer
FAIL: g77.f-torture/execute/auto1.f execution, -O3 -fomit-frame-pointer -funroll-loops
FAIL: g77.f-torture/execute/auto1.f execution, -O3 -fomit-frame-pointer -funroll-all-loops -finline-functions
FAIL: g77.f-torture/execute/auto1.f execution, -O3 -g
FAIL: g77.f-torture/execute/auto1.f execution, -Os
=== g77 Summary ===
# of expected passes 941
# of unexpected failures 8
gcc version 3.1 20011204 (experimental)
=== gcc tests ===
Running target unix
XPASS: gcc.c-torture/execute/20000801-4.c execution, -O0
XPASS: gcc.c-torture/execute/20000801-4.c execution, -O1
XPASS: gcc.c-torture/execute/20000801-4.c execution, -O2
XPASS: gcc.c-torture/execute/20000801-4.c execution, -O3 -fomit-frame-pointer
XPASS: gcc.c-torture/execute/20000801-4.c execution, -O3 -g
XPASS: gcc.c-torture/execute/20000801-4.c execution, -Os
=== gcc Summary ===
# of expected passes 15343
# of unexpected successes 6
# of expected failures 77
# of unsupported tests 20
/home/neil/src/gcc-branch/build/gcc/xgcc version 3.0.3 20011210 (prerelease)
=== objc tests ===
Running target unix
=== objc Summary ===
# of expected passes 153
# of expected failures 1
/home/neil/src/gcc-branch/build/gcc/xgcc version 3.0.3 20011210 (prerelease)
=== libstdc++-v3 tests ===
Running target unix
=== libstdc++-v3 Summary ===
# of expected passes 247
# of expected failures 8
Compiler version: 3.0.3 20011210 (prerelease)
Platform: i686-pc-linux-gnu
configure flags: --host=i686-pc-linux-gnu --enable-shared --enable-threads=posix --enable-languages=c,objc,c++