This is the mail archive of the
gcc-testresults@gcc.gnu.org
mailing list for the GCC project.
Results for 3.1 20010831 (experimental) testsuite on i386-unknown-linux-gnu
- To: gcc-testresults at gcc dot gnu dot org
- Subject: Results for 3.1 20010831 (experimental) testsuite on i386-unknown-linux-gnu
- From: Automatic Build System <build at netwinder dot org>
- Date: Sat, 1 Sep 2001 04:15:00 -0400
LAST_UPDATED: Sat Sep 1 04:08:03 UTC 2001
Native configuration is i386-unknown-linux-gnu
=== g++ tests ===
Running target unix
FAIL: g++.other/enum5.C (test for excess errors)
XPASS: g++.robertl/eb17.C Execution test
=== g++ Summary ===
# of expected passes 6614
# of unexpected failures 1
# of unexpected successes 1
# of expected failures 95
# of untested testcases 9
/home/build-rpm/BUILD/obj-gcc-20010901/gcc/testsuite/../g++ version 3.1 20010831 (experimental)
=== g77 tests ===
Running target unix
=== g77 Summary ===
# of expected passes 1301
# of unsupported tests 8
=== gcc tests ===
Running target unix
FAIL: gcc.dg/format/c99-scanf-1.c %hhu sign (test for warnings, line 144)
FAIL: gcc.dg/format/c99-scanf-1.c (test for excess errors)
FAIL: gcc.misc-tests/gcov-3.c gcov: 4:is 2:should be 1
=== gcc Summary ===
# of expected passes 15710
# of unexpected failures 3
# of expected failures 66
# of unsupported tests 23
/home/build-rpm/BUILD/obj-gcc-20010901/gcc/xgcc version 3.1 20010831 (experimental)
=== objc tests ===
Running target unix
FAIL: objc/execute/formal_protocol-6.m execution, -O
=== objc Summary ===
# of expected passes 202
# of unexpected failures 1
/home/build-rpm/BUILD/obj-gcc-20010901/gcc/xgcc version 3.1 20010831 (experimental)
=== libstdc++-v3 tests ===
Running target unix
FAIL: 22_locale/codecvt.cc (test for excess errors)
XPASS: 22_locale/collate_members_wchar_t.cc execution test
XPASS: 22_locale/money_put_members_char.cc execution test
=== libstdc++-v3 Summary ===
# of expected passes 298
# of unexpected failures 1
# of unexpected successes 2
# of expected failures 17
Compiler version: 3.1 20010831 (experimental)
Platform: i386-unknown-linux-gnu
configure flags: --host=i386-unknown-linux-gnu --enable-languages=c,c++,objc,f77 --prefix=/usr/local --enable-shared --enable-threads --without-cvs