This is the mail archive of the
gcc-testresults@gcc.gnu.org
mailing list for the GCC project.
Results for gcc libstdc++-v3 testsuite on sparc-sun-solaris2.8
- To: gcc-testresults at gcc dot gnu dot org
- Subject: Results for gcc libstdc++-v3 testsuite on sparc-sun-solaris2.8
- From: root at cita dot utoronto dot ca
- Date: Thu, 23 Aug 2001 14:30:18 -0400 (EDT)
I have tried to run the test suite, but it failed to complete.
The test suite got hung up during or after the libjava tests.
I include the last of the screenoutput below:
WARNING: Couldn't find the global config file.
Test Run By vanhoof on Thu Aug 23 02:02:00 2001
Native configuration is sparc-sun-solaris2.8
=== libjava tests ===
Schedule of variations:
unix
Running target unix
Using /opt/local/share/dejagnu/baseboards/unix.exp as board description file for target.
Using /opt/local/share/dejagnu/config/unix.exp as generic interface file for target.
Using /tobacco/opt/local/temp/gcc-3.0.1/libjava/testsuite/config/default.exp as tool-and-target-specific interface file.
Running /tobacco/opt/local/temp/gcc-3.0.1/libjava/testsuite/libjava.compile/compile.exp ...
FAIL: ArrayClass compilation from source
FAIL: ArrayClass -O compilation from source
FAIL: BlankFinal compilation from source
FAIL: BlankFinal -O compilation from source
FAIL: Case compilation from source
FAIL: Case -O compilation from source
FAIL: G19990210_1 compilation from source
FAIL: G19990210_1 -O compilation from source
FAIL: G19990210_2 compilation from source
FAIL: G19990210_2 -O compilation from source
FAIL: G19990210_3 compilation from source
FAIL: G19990210_3 -O compilation from source
FAIL: G19990217_01 compilation from source
FAIL: G19990217_01 -O compilation from source
FAIL: G19990225_01 compilation from source
FAIL: G19990225_01 -O compilation from source
FAIL: N19990310_01 compilation from source
Now follows the output from the test_summary script.
-----------------------------------------------------
LAST_UPDATED:
Native configuration is sparc-sun-solaris2.8
=== libstdc++-v3 tests ===
Running target unix
FAIL: 21_strings/append.cc execution test
FAIL: 21_strings/c_strings.cc execution test
FAIL: 21_strings/ctor_copy_dtor.cc execution test
FAIL: 21_strings/element_access.cc execution test
FAIL: 21_strings/insert.cc execution test
FAIL: 21_strings/substr.cc execution test
FAIL: 23_containers/vector_element_access.cc execution test
XPASS: 26_numerics/c99_classification_macros_c.cc (test for excess errors)
=== libstdc++-v3 Summary ===
# of expected passes 238
# of unexpected failures 7
# of unexpected successes 1
# of expected failures 7
Compiler version: gcc libstdc++-v3
Platform: sparc-sun-solaris2.8
configure flags: --host=sparc-sun-solaris2.8 --prefix=/opt/local --enable-threads --enable-gcj