This is the mail archive of the
gcc-testresults@gcc.gnu.org
mailing list for the GCC project.
Results for 3.1 20010818 (experimental) testsuite on i686-pc-linux-gnu
- To: gcc-testresults at gcc dot gnu dot org
- Subject: Results for 3.1 20010818 (experimental) testsuite on i686-pc-linux-gnu
- From: Gordon Sadler <gbsadler1 at lcisp dot com>
- Date: Sat, 18 Aug 2001 09:32:05 -0500
LAST_UPDATED: Sat Aug 18 10:46:24 UTC 2001
Native configuration is i686-pc-linux-gnu
=== g++ tests ===
Running target unix
FAIL: g++.dg/template/friend.C (test for excess errors)
FAIL: g++.dg/template/init-list.C (test for excess errors)
FAIL: g++.benjamin/15071.C (test for excess errors)
FAIL: g++.brendan/copy9.C (test for excess errors)
FAIL: g++.brendan/crash15.C (test for excess errors)
FAIL: g++.brendan/crash20.C (test for excess errors)
FAIL: g++.brendan/crash38.C (test for excess errors)
FAIL: g++.brendan/crash49.C (test for excess errors)
FAIL: g++.brendan/crash62.C (test for excess errors)
FAIL: g++.brendan/cvt1.C (test for excess errors)
FAIL: g++.brendan/err-msg3.C (test for excess errors)
FAIL: g++.brendan/nest21.C (test for excess errors)
FAIL: g++.brendan/ptolemy2.C (test for excess errors)
FAIL: g++.jason/template24.C (test for excess errors)
FAIL: g++.jason/template31.C (test for excess errors)
FAIL: g++.jason/typeid1.C (test for excess errors)
FAIL: g++.law/arg1.C (test for excess errors)
FAIL: g++.law/arg8.C (test for excess errors)
FAIL: g++.law/arm12.C (test for excess errors)
FAIL: g++.law/arm9.C (test for excess errors)
FAIL: g++.law/bad-error7.C (test for excess errors)
FAIL: g++.law/code-gen5.C (test for excess errors)
FAIL: g++.law/ctors10.C (test for excess errors)
FAIL: g++.law/ctors12.C (test for excess errors)
FAIL: g++.law/ctors13.C (test for excess errors)
FAIL: g++.law/ctors17.C (test for excess errors)
FAIL: g++.law/ctors6.C (test for excess errors)
FAIL: g++.law/cvt16.C (test for excess errors)
FAIL: g++.law/cvt2.C (test for excess errors)
FAIL: g++.law/missed-error2.C (test for excess errors)
FAIL: g++.law/nest3.C (test for excess errors)
FAIL: g++.law/operators32.C (test for excess errors)
FAIL: g++.law/operators4.C (test for excess errors)
FAIL: g++.law/vbase1.C (test for excess errors)
FAIL: g++.law/virtual3.C (test for excess errors)
FAIL: g++.law/visibility1.C (test for excess errors)
FAIL: g++.law/visibility10.C (test for excess errors)
FAIL: g++.law/visibility13.C (test for excess errors)
FAIL: g++.law/visibility17.C (test for excess errors)
FAIL: g++.law/visibility2.C (test for excess errors)
FAIL: g++.law/visibility22.C (test for excess errors)
FAIL: g++.law/visibility25.C (test for excess errors)
FAIL: g++.law/visibility7.C (test for excess errors)
FAIL: g++.martin/bitset1.C (test for excess errors)
FAIL: g++.mike/net46.C (test for excess errors)
FAIL: g++.mike/p658.C (test for excess errors)
FAIL: g++.mike/rtti1.C (test for excess errors)
FAIL: g++.other/defarg6.C (test for excess errors)
FAIL: g++.other/enum5.C (test for excess errors)
FAIL: g++.other/headers1.C (test for excess errors)
FAIL: g++.other/inline14.C (test for excess errors)
FAIL: g++.pt/crash68.C (test for excess errors)
FAIL: g++.pt/instantiate10.C (test for excess errors)
FAIL: g++.robertl/eb109.C (test for excess errors)
FAIL: g++.robertl/eb113.C (test for excess errors)
FAIL: g++.robertl/eb127.C (test for excess errors)
FAIL: g++.robertl/eb15.C (test for excess errors)
XPASS: g++.robertl/eb17.C Execution test
FAIL: g++.robertl/eb21.C (test for excess errors)
FAIL: g++.robertl/eb24.C (test for excess errors)
FAIL: g++.robertl/eb3.C (test for excess errors)
FAIL: g++.robertl/eb30.C (test for excess errors)
FAIL: g++.robertl/eb31.C (test for excess errors)
FAIL: g++.robertl/eb33.C (test for excess errors)
FAIL: g++.robertl/eb39.C (test for excess errors)
FAIL: g++.robertl/eb4.C (test for excess errors)
FAIL: g++.robertl/eb41.C (test for excess errors)
FAIL: g++.robertl/eb44.C (test for excess errors)
FAIL: g++.robertl/eb46.C (test for excess errors)
FAIL: g++.robertl/eb54.C (test for excess errors)
FAIL: g++.robertl/eb55.C (test for excess errors)
FAIL: g++.robertl/eb59.C (test for excess errors)
FAIL: g++.robertl/eb65.C (test for excess errors)
FAIL: g++.robertl/eb66.C (test for excess errors)
FAIL: g++.robertl/eb77.C (test for excess errors)
FAIL: g++.robertl/eb79.C (test for excess errors)
=== g++ Summary ===
# of expected passes 6511
# of unexpected failures 75
# of unexpected successes 1
# of expected failures 119
# of untested testcases 9
/usr/local/src/build/gcc/gcc/testsuite/../g++ version 3.1 20010818 (experimental)
=== g77 tests ===
Running target unix
=== g77 Summary ===
# of expected passes 1317
=== gcc tests ===
Running target unix
FAIL: gcc.c-torture/compile/20001226-1.c, -O2
FAIL: gcc.c-torture/compile/20001226-1.c, -O3 -g
FAIL: gcc.c-torture/compile/20001226-1.c, -Os
XPASS: gcc.c-torture/execute/20000801-4.c execution, -O0
XPASS: gcc.c-torture/execute/20000801-4.c execution, -O1
XPASS: gcc.c-torture/execute/20000801-4.c execution, -O2
XPASS: gcc.c-torture/execute/20000801-4.c execution, -O3 -fomit-frame-pointer
XPASS: gcc.c-torture/execute/20000801-4.c execution, -O3 -g
XPASS: gcc.c-torture/execute/20000801-4.c execution, -Os
FAIL: gcc.dg/format/ext-3.c bad %_0 (test for warnings, line 213)
FAIL: gcc.dg/format/ext-3.c bad %^# (test for warnings, line 215)
FAIL: gcc.dg/format/ext-3.c (test for excess errors)
FAIL: gcc.dg/special/gcsec-1.c (test for excess errors)
FAIL: gcov failed:
FAIL: gcov failed: (PRMS 8294)
=== gcc Summary ===
# of expected passes 15668
# of unexpected failures 9
# of unexpected successes 6
# of expected failures 66
# of unsupported tests 23
/usr/local/src/build/gcc/gcc/xgcc version 3.1 20010818 (experimental)
=== objc tests ===
Running target unix
FAIL: objc/execute/formal_protocol-6.m execution, -O
=== objc Summary ===
# of expected passes 202
# of unexpected failures 1
/usr/local/src/build/gcc/gcc/xgcc version 3.1 20010818 (experimental)
=== libjava tests ===
Running target unix
FAIL: register run
FAIL: Primes output from source compiled test
FAIL: Primes output from bytecode->native test
FAIL: Primes -O output from source compiled test
FAIL: Primes -O output from bytecode->native test
XPASS: stringconst output from bytecode->native test
XPASS: stringconst -O output from bytecode->native test
=== libjava Summary ===
# of expected passes 1869
# of unexpected failures 5
# of unexpected successes 2
# of expected failures 16
# of untested testcases 17
=== libstdc++-v3 tests ===
Running target unix
XPASS: 22_locale/collate_byname.cc execution test
XPASS: 22_locale/collate_wchar_t_members.cc execution test
=== libstdc++-v3 Summary ===
# of expected passes 290
# of unexpected successes 2
# of expected failures 13
Compiler version: 3.1 20010818 (experimental)
Platform: i686-pc-linux-gnu
configure flags: --host=i686-pc-linux-gnu --verbose --enable-threads=posix --with-system-zlib --enable-shared --disable-nls --enable-checking
BOOT_CFLAGS=-g -Os -march=i686
Counting all warnings,
there are 53 warnings in stage3 of this bootstrap.
Number of warnings per file:
23 gcc/combine.c
6 gcc/cp/pt.c
5 gcc/cse.c
5 gcc/cp/error.c
3 gcc/gcc.c
2 gcc/tlink.c
2 gcc/fold-const.c
1 gcc/unwind-dw2.c
1 gcc/objc/lang-specs.h
1 gcc/java/jvspec.c
1 gcc/f/lang-specs.h
1 gcc/expmed.c
1 gcc/cp/lang-specs.h
1 gcc/cp/errfn.c
Number of warning types:
35 comparison between signed and unsigned
7 string length \`???' is greater than the length \`???' ISO C89 compilers are required to support
5 initialization from incompatible pointer type
2 passing arg ??? of \`???' discards qualifiers from pointer target type
1 signed and unsigned type in conditional expression
1 pointer targets in passing arg ??? of \`???' differ in signedness
1 function declaration isn't a prototype
1 \`???' might be used uninitialized in this function