This is the mail archive of the
gcc-testresults@gcc.gnu.org
mailing list for the GCC project.
Results for 3.0.1 20010814 (prerelease) testsuite on alphaev56-dec-osf4.0f
- To: gcc-testresults at gcc dot gnu dot org
- Subject: Results for 3.0.1 20010814 (prerelease) testsuite on alphaev56-dec-osf4.0f
- From: Craig P Prescott <prescott at phys dot ufl dot edu>
- Date: Wed, 15 Aug 2001 01:34:23 -0400 (EDT)
LAST_UPDATED: Tue Aug 14 19:54:33 EDT 2001
Native configuration is alphaev56-dec-osf4.0f
=== libstdc++-v3 tests ===
Running target unix
FAIL: 22_locale/ctype_char_members.cc execution test
XPASS: 26_numerics/c99_classification_macros_c.cc (test for excess errors)
=== libstdc++-v3 Summary ===
# of expected passes 244
# of unexpected failures 1
# of unexpected successes 1
# of expected failures 7
=== g++ tests ===
Running target unix
FAIL: g++.dg/special/conpr-1.C execution test
FAIL: g++.dg/special/conpr-2.C execution test
FAIL: g++.dg/special/conpr-3.C (test for excess errors)
FAIL: g++.dg/special/conpr-3.C execution test
FAIL: g++.dg/special/conpr-3.C (test for excess errors)
FAIL: g++.dg/special/conpr-3.C execution test
FAIL: g++.dg/special/conpr-1.C execution test
FAIL: g++.ext/instantiate1.C not instantiated (test for errors, line 20)
FAIL: g++.ext/instantiate1.C not instantiated (test for errors, line 22)
FAIL: g++.ext/instantiate2.C not instantiated (test for errors, line 19)
FAIL: g++.ext/instantiate3.C not instantiated (test for errors, line 13)
FAIL: g++.pt/instantiate5.C (test for excess errors)
=== g++ Summary ===
# of expected passes 6480
# of unexpected failures 12
# of expected failures 104
# of untested testcases 20
gcc version 3.0.1 20010814 (prerelease)
=== g77 tests ===
Running target unix
=== g77 Summary ===
# of expected passes 933
# of unsupported tests 8
=== gcc tests ===
Running target unix
FAIL: gcc.c-torture/compile/20001226-1.c, -O2
FAIL: gcc.c-torture/compile/20001226-1.c, -O3 -fomit-frame-pointer
FAIL: gcc.c-torture/compile/20001226-1.c, -O3 -g
FAIL: gcc.c-torture/compile/20001226-1.c, -Os
FAIL: gcc.dg/asm-fs-1.c (test for excess errors)
=== gcc Summary ===
# of expected passes 15159
# of unexpected failures 5
# of expected failures 80
# of unsupported tests 56
gcc version 3.0.1 20010814 (prerelease)
=== objc tests ===
Running target unix
=== objc Summary ===
# of expected passes 153
# of expected failures 1
gcc version 3.0.1 20010814 (prerelease)
Compiler version: 3.0.1 20010814 (prerelease)
Platform: alphaev56-dec-osf4.0f
configure flags: --host=alphaev56-dec-osf4.0f --prefix=/cleo/tmp1/prescott/gcc-3.0.1-prerelease --enable-shared --enable-version-specific-runtime-libs