This is the mail archive of the
gcc-testresults@gcc.gnu.org
mailing list for the GCC project.
Results for 3.0.1 20010802 (prerelease) testsuite on mn10300-unknown-elf
- To: gcc-testresults at gcc dot gnu dot org
- Subject: Results for 3.0.1 20010802 (prerelease) testsuite on mn10300-unknown-elf
- From: Joel Sherrill <joel at britain dot oarcorp dot com>
- Date: Sun, 5 Aug 2001 09:21:05 -0500
LAST_UPDATED:
Target is mn10300-unknown-elf
Host is i686-pc-linux-gnu
=== g++ tests ===
Running target mn10300-sim
FAIL: g++.brendan/code-gen4.C Execution test
FAIL: g++.ext/realpt1.C (test for excess errors)
XPASS: g++.jason/thunk3.C (test for excess errors)
XPASS: g++.jason/thunk3.C Execution test
FAIL: g++.mike/net38.C Execution test
FAIL: g++.other/pmf4.C Execution test
FAIL: g++.pt/static11.C Execution test
=== g++ Summary ===
# of expected passes 6473
# of unexpected failures 5
# of unexpected successes 2
# of expected failures 102
# of untested testcases 27
/usr3/ftp_archive/gnu/gcc/ss/b3/b-mn10300-elf/gcc/testsuite/../g++ version 3.0.1 20010802 (prerelease)
Host is i686-pc-linux-gnu
=== g77 tests ===
Running target mn10300-sim
FAIL: g77.f-torture/execute/20001201.f execution, -O0
FAIL: g77.f-torture/execute/20001201.f execution, -O1
FAIL: g77.f-torture/execute/20001201.f execution, -O2
FAIL: g77.f-torture/execute/20001201.f execution, -O3 -fomit-frame-pointer
FAIL: g77.f-torture/execute/20001201.f execution, -O3 -g
FAIL: g77.f-torture/execute/20001201.f execution, -Os
FAIL: g77.f-torture/execute/io0.f execution, -O0
FAIL: g77.f-torture/execute/io0.f execution, -O1
FAIL: g77.f-torture/execute/io0.f execution, -O2
FAIL: g77.f-torture/execute/io0.f execution, -O3 -fomit-frame-pointer
FAIL: g77.f-torture/execute/io0.f execution, -O3 -g
FAIL: g77.f-torture/execute/io0.f execution, -Os
FAIL: g77.f-torture/execute/io1.f execution, -O0
FAIL: g77.f-torture/execute/io1.f execution, -O1
FAIL: g77.f-torture/execute/io1.f execution, -O2
FAIL: g77.f-torture/execute/io1.f execution, -O3 -fomit-frame-pointer
FAIL: g77.f-torture/execute/io1.f execution, -O3 -g
FAIL: g77.f-torture/execute/io1.f execution, -Os
FAIL: g77.f-torture/execute/large_vec.f execution, -O0
FAIL: g77.f-torture/execute/large_vec.f execution, -O1
FAIL: g77.f-torture/execute/large_vec.f execution, -O2
FAIL: g77.f-torture/execute/large_vec.f execution, -O3 -fomit-frame-pointer
FAIL: g77.f-torture/execute/large_vec.f execution, -O3 -g
FAIL: g77.f-torture/execute/large_vec.f execution, -Os
FAIL: g77.f-torture/execute/u77-test.f compilation, -O0
FAIL: g77.f-torture/execute/u77-test.f compilation, -O1
FAIL: g77.f-torture/execute/u77-test.f compilation, -O2
FAIL: g77.f-torture/execute/u77-test.f compilation, -O3 -fomit-frame-pointer
FAIL: g77.f-torture/execute/u77-test.f compilation, -O3 -fomit-frame-pointer -funroll-loops
FAIL: g77.f-torture/execute/u77-test.f compilation, -O3 -fomit-frame-pointer -funroll-all-loops -finline-functions
FAIL: g77.f-torture/execute/u77-test.f compilation, -O3 -g
FAIL: g77.f-torture/execute/u77-test.f compilation, -Os
=== g77 Summary ===
# of expected passes 893
# of unexpected failures 32
# of untested testcases 8
# of unsupported tests 8
Host is i686-pc-linux-gnu
=== gcc tests ===
Running target mn10300-sim
FAIL: gcc.c-torture/execute/20000528-1.c execution, -O1
XPASS: gcc.c-torture/execute/20010114-2.c execution, -O0
XPASS: gcc.c-torture/execute/20010114-2.c execution, -O1
XPASS: gcc.c-torture/execute/20010114-2.c execution, -O2
XPASS: gcc.c-torture/execute/20010114-2.c execution, -O3 -fomit-frame-pointer
XPASS: gcc.c-torture/execute/20010114-2.c execution, -O3 -g
XPASS: gcc.c-torture/execute/20010114-2.c execution, -Os
FAIL: gcc.c-torture/execute/loop-2c.c execution, -O2
FAIL: gcc.c-torture/execute/loop-2d.c execution, -O2
FAIL: gcc.c-torture/execute/string-opt-10.c execution, -O0
FAIL: gcc.c-torture/execute/string-opt-10.c execution, -O1
FAIL: gcc.c-torture/execute/string-opt-10.c execution, -O2
FAIL: gcc.c-torture/execute/string-opt-10.c execution, -O3 -fomit-frame-pointer
FAIL: gcc.c-torture/execute/string-opt-10.c execution, -O3 -g
FAIL: gcc.c-torture/execute/string-opt-10.c execution, -Os
FAIL: gcc.c-torture/execute/string-opt-9.c execution, -O0
FAIL: gcc.c-torture/execute/string-opt-9.c execution, -O1
FAIL: gcc.c-torture/execute/string-opt-9.c execution, -O2
FAIL: gcc.c-torture/execute/string-opt-9.c execution, -O3 -fomit-frame-pointer
FAIL: gcc.c-torture/execute/string-opt-9.c execution, -O3 -g
FAIL: gcc.c-torture/execute/string-opt-9.c execution, -Os
FAIL: gcc.dg/wchar_t-1.c (test for excess errors)
FAIL: gcc.dg/wint_t-1.c (test for excess errors)
=== gcc Summary ===
# of expected passes 15140
# of unexpected failures 17
# of unexpected successes 6
# of expected failures 75
# of unsupported tests 57
/usr3/ftp_archive/gnu/gcc/ss/b3/b-mn10300-elf/gcc/xgcc version 3.0.1 20010802 (prerelease)
Host is i686-pc-linux-gnu
=== objc tests ===
Running target mn10300-sim
=== objc Summary ===
# of expected passes 153
# of expected failures 1
/usr3/ftp_archive/gnu/gcc/ss/b3/b-mn10300-elf/gcc/xgcc version 3.0.1 20010802 (prerelease)
Compiler version: 3.0.1 20010802 (prerelease)
Platform: mn10300-unknown-elf
configure flags: --host=i686-pc-linux-gnu --target=mn10300-elf --prefix=/opt/gnucross --with-gnu-as --with-gnu-ld --with-newlib --verbose