This is the mail archive of the
gcc-testresults@gcc.gnu.org
mailing list for the GCC project.
Results for 3.1 20010804 (experimental) testsuite on i386-unknown-linux-gnu
- To: gcc-testresults at gcc dot gnu dot org
- Subject: Results for 3.1 20010804 (experimental) testsuite on i386-unknown-linux-gnu
- From: Automatic Build System <build at netwinder dot org>
- Date: Sun, 5 Aug 2001 04:52:27 -0400
LAST_UPDATED: Sun Aug 5 04:05:25 UTC 2001
Native configuration is i386-unknown-linux-gnu
=== g++ tests ===
Running target unix
FAIL: g++.other/enum5.C (test for excess errors)
XPASS: g++.robertl/eb17.C Execution test
=== g++ Summary ===
# of expected passes 6586
# of unexpected failures 1
# of unexpected successes 1
# of expected failures 86
# of untested testcases 9
/home/build-rpm/BUILD/obj-gcc-20010805/gcc/testsuite/../g++ version 3.1 20010804 (experimental)
=== g77 tests ===
Running target unix
=== g77 Summary ===
# of expected passes 1301
# of unsupported tests 8
=== gcc tests ===
Running target unix
XPASS: gcc.c-torture/execute/20000801-4.c execution, -O0
XPASS: gcc.c-torture/execute/20000801-4.c execution, -O1
XPASS: gcc.c-torture/execute/20000801-4.c execution, -O2
XPASS: gcc.c-torture/execute/20000801-4.c execution, -O3 -fomit-frame-pointer
XPASS: gcc.c-torture/execute/20000801-4.c execution, -O3 -g
XPASS: gcc.c-torture/execute/20000801-4.c execution, -Os
FAIL: gcov-3.c:4:is 2:should be 1 (PRMS 8294)
=== gcc Summary ===
# of expected passes 15674
# of unexpected failures 1
# of unexpected successes 6
# of expected failures 66
# of unsupported tests 23
/home/build-rpm/BUILD/obj-gcc-20010805/gcc/xgcc version 3.1 20010804 (experimental)
=== objc tests ===
Running target unix
FAIL: objc/execute/formal_protocol-6.m execution, -O
=== objc Summary ===
# of expected passes 202
# of unexpected failures 1
/home/build-rpm/BUILD/obj-gcc-20010805/gcc/xgcc version 3.1 20010804 (experimental)
=== libstdc++-v3 tests ===
Running target unix
=== libstdc++-v3 Summary ===
# of expected passes 281
# of expected failures 10
Compiler version: 3.1 20010804 (experimental)
Platform: i386-unknown-linux-gnu
configure flags: --host=i386-unknown-linux-gnu --enable-languages=c,c++,objc,f77 --prefix=/usr/local --enable-shared --enable-threads --without-cvs