This is the mail archive of the
gcc-testresults@gcc.gnu.org
mailing list for the GCC project.
Results for 3.1 20010726 (experimental) testsuite on i686-pc-linux-gnu
- To: gcc-testresults at gcc dot gnu dot org
- Subject: Results for 3.1 20010726 (experimental) testsuite on i686-pc-linux-gnu
- From: Andris Pavenis <andris at hal dot astr dot lu dot lv>
- Date: Fri, 27 Jul 2001 06:03:04 +0300
Source: gcc MAIN branch (last updated 2001 Jul 27 04:01 +0300)
System: Linux kernel 2.4.6
glibc-2.2.3
binutils-2.11.90.0.8
Native configuration is i686-pc-linux-gnu
=== g++ tests ===
Running target unix
FAIL: g++.benjamin/15071.C caused compiler crash
FAIL: g++.brendan/copy9.C caused compiler crash
FAIL: g++.brendan/crash11.C (test for excess errors)
FAIL: g++.brendan/crash15.C (test for excess errors)
FAIL: g++.brendan/crash30.C caused compiler crash
FAIL: g++.brendan/crash49.C (test for excess errors)
FAIL: g++.brendan/crash52.C (test for excess errors)
FAIL: g++.brendan/crash56.C (test for excess errors)
FAIL: g++.brendan/crash57.C caused compiler crash
FAIL: g++.brendan/crash62.C (test for excess errors)
FAIL: g++.brendan/cvt1.C (test for excess errors)
FAIL: g++.brendan/dtors3.C caused compiler crash
FAIL: g++.brendan/new2.C caused compiler crash
FAIL: g++.brendan/ptolemy2.C caused compiler crash
FAIL: g++.brendan/template25.C caused compiler crash
FAIL: g++.eh/pdel1.C caused compiler crash
FAIL: g++.eh/ptr1.C caused compiler crash
FAIL: g++.jason/2371.C caused compiler crash
FAIL: g++.jason/cond2.C caused compiler crash
FAIL: g++.jason/destruct3.C caused compiler crash
FAIL: g++.jason/dot.C (test for excess errors)
FAIL: g++.jason/new3.C caused compiler crash
FAIL: g++.jason/new4.C caused compiler crash
FAIL: g++.jason/overload29.C caused compiler crash
FAIL: g++.jason/rvalue1.C caused compiler crash
FAIL: g++.jason/template35.C caused compiler crash
FAIL: g++.jason/temporary4.C caused compiler crash
FAIL: g++.jason/typeid1.C caused compiler crash
FAIL: g++.law/arm12.C (test for excess errors)
FAIL: g++.law/arm7.C caused compiler crash
FAIL: g++.law/arm9.C (test for excess errors)
FAIL: g++.law/array1.C caused compiler crash
FAIL: g++.law/bad-error7.C caused compiler crash
FAIL: g++.law/code-gen5.C caused compiler crash
FAIL: g++.law/copy1.C Execution test
FAIL: g++.law/ctors13.C (test for excess errors)
FAIL: g++.law/ctors15.C caused compiler crash
FAIL: g++.law/ctors17.C (test for excess errors)
FAIL: g++.law/ctors8.C caused compiler crash
FAIL: g++.law/cvt10.C caused compiler crash
FAIL: g++.law/cvt2.C caused compiler crash
FAIL: g++.law/except5.C caused compiler crash
FAIL: g++.law/missed-error2.C (test for excess errors)
FAIL: g++.law/nest3.C caused compiler crash
FAIL: g++.law/operators23.C caused compiler crash
FAIL: g++.law/operators27.C caused compiler crash
FAIL: g++.law/operators4.C (test for excess errors)
FAIL: g++.law/operators8.C caused compiler crash
FAIL: g++.law/scope2.C caused compiler crash
FAIL: g++.law/vbase1.C caused compiler crash
FAIL: g++.law/virtual3.C caused compiler crash
FAIL: g++.law/visibility1.C caused compiler crash
FAIL: g++.law/visibility10.C (test for excess errors)
FAIL: g++.law/visibility13.C (test for excess errors)
FAIL: g++.law/visibility15.C (test for excess errors)
FAIL: g++.law/visibility17.C (test for excess errors)
FAIL: g++.law/visibility2.C caused compiler crash
FAIL: g++.law/visibility28.C (test for excess errors)
FAIL: g++.law/visibility5.C (test for excess errors)
FAIL: g++.law/visibility7.C (test for excess errors)
FAIL: g++.martin/new1.C caused compiler crash
FAIL: g++.mike/eh2.C caused compiler crash
FAIL: g++.mike/net15.C caused compiler crash
FAIL: g++.mike/net16.C caused compiler crash
FAIL: g++.mike/net34.C caused compiler crash
FAIL: g++.mike/net46.C caused compiler crash
FAIL: g++.mike/p16146.C caused compiler crash
FAIL: g++.mike/p1989.C (test for excess errors)
FAIL: g++.mike/p3068.C caused compiler crash
FAIL: g++.mike/p3708.C caused compiler crash
FAIL: g++.mike/p3708a.C caused compiler crash
FAIL: g++.mike/p3708b.C caused compiler crash
FAIL: g++.mike/p4246.C caused compiler crash
FAIL: g++.mike/p658.C caused compiler crash
FAIL: g++.mike/p700.C (test for excess errors)
FAIL: g++.mike/virt5.C caused compiler crash
FAIL: g++.oliva/new1.C caused compiler crash
FAIL: g++.other/array1.C caused compiler crash
FAIL: g++.other/delete1.C caused compiler crash
FAIL: g++.other/delete5.C caused compiler crash
FAIL: g++.other/enum5.C (test for excess errors)
FAIL: g++.other/inline14.C caused compiler crash
FAIL: g++.other/new.C caused compiler crash
FAIL: g++.other/new3.C caused compiler crash
FAIL: g++.other/new7.C caused compiler crash
FAIL: g++.pt/crash68.C caused compiler crash
FAIL: g++.pt/t13.C caused compiler crash
FAIL: g++.pt/t14.C (test for excess errors)
FAIL: g++.pt/t14a.C caused compiler crash
FAIL: g++.pt/virtual4.C caused compiler crash
FAIL: g++.robertl/eb118.C caused compiler crash
FAIL: g++.robertl/eb15.C caused compiler crash
XPASS: g++.robertl/eb17.C Execution test
FAIL: g++.robertl/eb21.C caused compiler crash
FAIL: g++.robertl/eb3.C caused compiler crash
FAIL: g++.robertl/eb39.C caused compiler crash
FAIL: g++.robertl/eb41.C caused compiler crash
FAIL: g++.robertl/eb46.C caused compiler crash
FAIL: g++.robertl/eb58.C caused compiler crash
FAIL: g++.robertl/eb6.C caused compiler crash
FAIL: g++.robertl/eb60.C caused compiler crash
FAIL: g++.robertl/eb63.C caused compiler crash
FAIL: g++.robertl/eb71.C caused compiler crash
FAIL: g++.robertl/eb77.C caused compiler crash
FAIL: g++.robertl/eh990323-1.C caused compiler crash
FAIL: g++.robertl/ice990323-2.C caused compiler crash
=== g++ Summary ===
# of expected passes 6417
# of unexpected failures 105
# of unexpected successes 1
# of expected failures 86
# of untested testcases 9
/disk2/cvs/gcc31/build/build.lnx/gcc/testsuite/../g++ version 3.1 20010726 (experimental)
=== g77 tests ===
Running target unix
FAIL: g77.f-torture/compile/20010519-1.f, -O0
=== g77 Summary ===
# of expected passes 1104
# of unexpected failures 1
=== gcc tests ===
Running target unix
FAIL: gcc.c-torture/compile/20001226-1.c, -Os
FAIL: gcc.dg/format/c99-printf-1.c %hhn unsigned char (test for warnings, line 196)
FAIL: gcc.dg/format/c99-printf-1.c (test for excess errors)
=== gcc Summary ===
# of expected passes 15670
# of unexpected failures 3
# of expected failures 72
# of unsupported tests 23
/disk2/cvs/gcc31/build/build.lnx/gcc/xgcc version 3.1 20010726 (experimental)
=== objc tests ===
Running target unix
FAIL: objc/execute/formal_protocol-6.m execution, -O
=== objc Summary ===
# of expected passes 185
# of unexpected failures 1
/disk2/cvs/gcc31/build/build.lnx/gcc/xgcc version 3.1 20010726 (experimental)
=== libstdc++-v3 tests ===
Running target unix
FAIL: 19_diagnostics/stdexceptions.cc (test for excess errors)
FAIL: 20_util/auto_ptr.cc (test for excess errors)
FAIL: 21_strings/append.cc (test for excess errors)
FAIL: 21_strings/capacity.cc (test for excess errors)
FAIL: 21_strings/char_traits_requirements.cc (test for excess errors)
FAIL: 21_strings/compare.cc (test for excess errors)
FAIL: 21_strings/ctor_copy_dtor.cc (test for excess errors)
FAIL: 21_strings/element_access.cc (test for excess errors)
FAIL: 21_strings/find.cc (test for excess errors)
FAIL: 21_strings/insert.cc (test for excess errors)
FAIL: 21_strings/inserters_extractors.cc (test for excess errors)
FAIL: 21_strings/invariants.cc (test for excess errors)
FAIL: 21_strings/nonmember.cc (test for excess errors)
FAIL: 21_strings/operations.cc (test for excess errors)
FAIL: 21_strings/replace.cc (test for excess errors)
FAIL: 21_strings/rfind.cc (test for excess errors)
FAIL: 21_strings/substr.cc (test for excess errors)
FAIL: 22_locale/codecvt_unicode_char.cc (test for excess errors)
FAIL: 22_locale/codecvt_unicode_wchar_t.cc (test for excess errors)
FAIL: 22_locale/ctor_copy_dtor.cc (test for excess errors)
FAIL: 22_locale/facet.cc (test for excess errors)
FAIL: 22_locale/global_templates.cc (test for excess errors)
FAIL: 22_locale/members.cc (test for excess errors)
FAIL: 22_locale/numpunct_byname.cc (test for excess errors)
FAIL: 22_locale/numpunct_char_members.cc (test for excess errors)
FAIL: 22_locale/operators.cc (test for excess errors)
FAIL: 22_locale/static_members.cc (test for excess errors)
FAIL: 23_containers/bitset_ctor.cc (test for excess errors)
FAIL: 23_containers/bitset_members.cc (test for excess errors)
FAIL: 23_containers/bitset_shift.cc (test for excess errors)
FAIL: 23_containers/multiset.cc (test for excess errors)
FAIL: 23_containers/vector_element_access.cc (test for excess errors)
FAIL: 24_iterators/istreambuf_iterator.cc (test for excess errors)
FAIL: 24_iterators/iterator.cc (test for excess errors)
FAIL: 24_iterators/ostream_iterator.cc (test for excess errors)
FAIL: 24_iterators/ostreambuf_iterator.cc (test for excess errors)
FAIL: 26_numerics/binary_closure.cc (test for excess errors)
FAIL: 26_numerics/complex_inserters_extractors.cc (test for excess errors)
FAIL: 27_io/filebuf.cc (test for excess errors)
FAIL: 27_io/filebuf_members.cc (test for excess errors)
FAIL: 27_io/filebuf_virtuals.cc (test for excess errors)
FAIL: 27_io/fstream_members.cc (test for excess errors)
FAIL: 27_io/ifstream_members.cc (test for excess errors)
FAIL: 27_io/ios_base_callbacks.cc (test for excess errors)
FAIL: 27_io/ios_base_members_static.cc (test for excess errors)
FAIL: 27_io/ios_base_storage.cc (test for excess errors)
FAIL: 27_io/ios_ctor.cc (test for excess errors)
FAIL: 27_io/ios_manip_basefield.cc (test for excess errors)
FAIL: 27_io/ios_manip_fmtflags.cc (test for excess errors)
FAIL: 27_io/ios_members.cc (test for excess errors)
FAIL: 27_io/istream_extractor_arith.cc (test for excess errors)
FAIL: 27_io/istream_extractor_char.cc (test for excess errors)
FAIL: 27_io/istream_extractor_other.cc (test for excess errors)
FAIL: 27_io/istream_manip.cc (test for excess errors)
FAIL: 27_io/istream_seeks.cc (test for excess errors)
FAIL: 27_io/istream_sentry.cc (test for excess errors)
FAIL: 27_io/istream_unformatted.cc (test for excess errors)
FAIL: 27_io/istringstream_members.cc (test for excess errors)
FAIL: 27_io/narrow_stream_objects.cc (test for excess errors)
FAIL: 27_io/ofstream_members.cc (test for excess errors)
FAIL: 27_io/ostream_inserter_arith.cc (test for excess errors)
FAIL: 27_io/ostream_inserter_char.cc (test for excess errors)
FAIL: 27_io/ostream_inserter_other.cc (test for excess errors)
FAIL: 27_io/ostream_manip.cc (test for excess errors)
FAIL: 27_io/ostream_seeks.cc (test for excess errors)
FAIL: 27_io/ostream_unformatted.cc (test for excess errors)
FAIL: 27_io/ostringstream_members.cc (test for excess errors)
FAIL: 27_io/streambuf.cc (test for excess errors)
FAIL: 27_io/stringbuf.cc (test for excess errors)
FAIL: 27_io/stringbuf_virtuals.cc (test for excess errors)
FAIL: 27_io/stringstream.cc (test for excess errors)
FAIL: 27_io/stringstream_members.cc (test for excess errors)
FAIL: 27_io/wide_stream_objects.cc (test for excess errors)
=== libstdc++-v3 Summary ===
# of expected passes 137
# of unexpected failures 73
# of expected failures 8
Compiler version: 3.1 20010726 (experimental)
Platform: i686-pc-linux-gnu
configure flags: --host=i686-pc-linux-gnu --prefix=/disk2/gcc31 --enable-shared --enable-languages=c,c++,f77,objc --verbose --enable-threads=posix
Counting all warnings,
there are 70 warnings in stage3 of this bootstrap.
Number of warnings per file:
23 gcc/combine.c
6 gcc/cse.c
6 gcc/cp/pt.c
5 gcc/cp/error.c
4 gcc/gcov.c
3 gcc/simplify-rtx.c
3 gcc/gcc.c
3 gcc/config/i386/i386.c
2 gcc/tlink.c
2 gcc/fold-const.c
2 gcc/flow.c
2 gcc/emit-rtl.c
1 gcc/unwind-dw2.c
1 gcc/objc/lang-specs.h
1 gcc/jump.c
1 gcc/final.c
1 gcc/f/lang-specs.h
1 gcc/expmed.c
1 gcc/cp/lang-specs.h
1 gcc/cp/errfn.c
1 gcc/cp/decl2.c
Number of warning types:
39 comparison between signed and unsigned
6 string length `???' is greater than the length `???' ISO C89 compilers are required to support
5 initialization from incompatible pointer type
4 traditional C rejects string concatenation
3 unused variable `???'
2 variable `???' might be clobbered by `longjmp' or `vfork'
2 passing arg ??? of `???' discards qualifiers from pointer target type
2 function declaration isn't a prototype
2 `???' might be used uninitialized in this function
1 unused parameter `???'
1 signed and unsigned type in conditional expression
1 pointer targets in passing arg ??? of `???' differ in signedness
1 argument `???' might be clobbered by `longjmp' or `vfork'
1 `???' defined but not used