This is the mail archive of the gcc-testresults@gcc.gnu.org mailing list for the GCC project.
Index Nav: | [Date Index] [Subject Index] [Author Index] [Thread Index] | |
---|---|---|
Message Nav: | [Date Prev] [Date Next] | [Thread Prev] [Thread Next] |
Native configuration is i686-pc-linux-gnu === g++ tests === Running target unix XPASS: g++.dg/vtgc1.C (test for excess errors) XPASS: g++.dg/vtgc1.C scan-assembler .vtable_inherit[ ]*vtable for Multivv3, 0 XPASS: g++.dg/vtgc1.C scan-assembler .vtable_inherit[ ]*VTT for Multivv3, 0 XPASS: g++.dg/vtgc1.C scan-assembler .vtable_inherit[ ]*vtable for Multiss2, vtable for Base2 XPASS: g++.dg/vtgc1.C scan-assembler .vtable_inherit[ ]*vtable for Multivs1, vtable for Base2 XPASS: g++.dg/vtgc1.C scan-assembler .vtable_inherit[ ]*VTT for Multivs1, vtable for Base2 XPASS: g++.dg/vtgc1.C scan-assembler .vtable_inherit[ ]*vtable for Multisv0, vtable for Side0 XPASS: g++.dg/vtgc1.C scan-assembler .vtable_inherit[ ]*VTT for Multisv0, vtable for Side0 XPASS: g++.dg/vtgc1.C scan-assembler .vtable_inherit[ ]*vtable for Side0, 0 XPASS: g++.dg/vtgc1.C scan-assembler .vtable_inherit[ ]*vtable for VbasedA, 0 XPASS: g++.dg/vtgc1.C scan-assembler .vtable_inherit[ ]*VTT for VbasedA, 0 XPASS: g++.dg/vtgc1.C scan-assembler .vtable_inherit[ ]*vtable for Base2, vtable for Base1 XPASS: g++.dg/vtgc1.C scan-assembler .vtable_inherit[ ]*vtable for Base1, vtable for Base0 XPASS: g++.dg/vtgc1.C scan-assembler .vtable_inherit[ ]*vtable for Base0, 0 FAIL: g++.eh/rethrow6.C Execution test FAIL: g++.ext/instantiate1.C not instantiated (test for errors, line 20) XPASS: g++.robertl/eb17.C Execution test === g++ Summary === # of expected passes 6534 # of unexpected failures 2 # of unexpected successes 15 # of expected failures 84 # of untested testcases 9 /builds/gcc/gcc-3.1-devel/gcc/testsuite/../g++ version 3.1 20010708 (experimental) === g77 tests === Running target unix === g77 Summary === # of expected passes 999 === gcc tests === Running target unix FAIL: gcc.c-torture/compile/20001226-1.c, -O2 FAIL: gcc.c-torture/compile/20001226-1.c, -O3 -g FAIL: gcc.c-torture/execute/20010114-2.c execution, -O1 FAIL: gcc.c-torture/execute/20010114-2.c execution, -O2 FAIL: gcc.c-torture/execute/20010114-2.c execution, -Os FAIL: gcc.dg/noncompile/920923-1.c (test for errors, line 111) FAIL: gcc.dg/noncompile/920923-1.c (test for excess errors) === gcc Summary === # of expected passes 15581 # of unexpected failures 7 # of expected failures 72 # of unsupported tests 22 /builds/gcc/gcc-3.1-devel/gcc/xgcc version 3.1 20010708 (experimental) === objc tests === Running target unix FAIL: objc/execute/formal_protocol-6.m execution, -O === objc Summary === # of expected passes 181 # of unexpected failures 1 /builds/gcc/gcc-3.1-devel/gcc/xgcc version 3.1 20010708 (experimental) === libjava tests === Running target unix FAIL: register run FAIL: Class_1 compilation from bytecode FAIL: Class_1 -O compilation from bytecode FAIL: G19990301_01 compilation from bytecode FAIL: G19990301_01 -O compilation from bytecode FAIL: InterfaceDispatch compilation from bytecode FAIL: InterfaceDispatch -O compilation from bytecode XPASS: N19990310_4 output from source compiled test XPASS: N19990310_4 -O output from source compiled test FAIL: PR162 compilation from bytecode FAIL: PR162 -O compilation from bytecode FAIL: PR242 compilation from bytecode FAIL: PR242 -O compilation from bytecode FAIL: PR260 compilation from bytecode FAIL: PR260 -O compilation from bytecode FAIL: Thread_Interrupt compilation from bytecode FAIL: Thread_Interrupt -O compilation from bytecode FAIL: Thread_Join compilation from bytecode FAIL: Thread_Join -O compilation from bytecode FAIL: Thread_Monitor compilation from bytecode FAIL: Thread_Monitor -O compilation from bytecode FAIL: Thread_Sleep output from source compiled test FAIL: Thread_Sleep -O output from bytecode->native test FAIL: Thread_Wait_2 compilation from bytecode FAIL: Thread_Wait_2 -O compilation from bytecode FAIL: Thread_Wait_Interrupt compilation from bytecode FAIL: Thread_Wait_Interrupt -O compilation from bytecode FAIL: anfi compilation from bytecode FAIL: anfi -O compilation from bytecode FAIL: anon compilation from bytecode FAIL: anon -O compilation from bytecode FAIL: anon2 compilation from bytecode FAIL: anon2 -O compilation from bytecode FAIL: anon3 compilation from bytecode FAIL: anon3 -O compilation from bytecode FAIL: anon4 compilation from bytecode FAIL: anon4 -O compilation from bytecode FAIL: direct_read compilation from bytecode FAIL: direct_read -O compilation from bytecode FAIL: direct_write compilation from bytecode FAIL: direct_write -O compilation from bytecode FAIL: err1 compilation from bytecode FAIL: err1 -O compilation from bytecode FAIL: final_inner compilation from bytecode FAIL: final_inner -O compilation from bytecode FAIL: final_int compilation from bytecode FAIL: final_int -O compilation from bytecode FAIL: indirect compilation from bytecode FAIL: indirect -O compilation from bytecode FAIL: indirect_read compilation from bytecode FAIL: indirect_read -O compilation from bytecode FAIL: indirect_write compilation from bytecode FAIL: indirect_write -O compilation from bytecode FAIL: inner1 compilation from bytecode FAIL: inner1 -O compilation from bytecode FAIL: inner3 compilation from bytecode FAIL: inner3 -O compilation from bytecode FAIL: inner4 compilation from bytecode FAIL: inner4 -O compilation from bytecode FAIL: inner_array compilation from bytecode FAIL: inner_array -O compilation from bytecode FAIL: inner_interface compilation from bytecode FAIL: inner_interface -O compilation from bytecode FAIL: multiple_finit compilation from bytecode FAIL: multiple_finit -O compilation from bytecode FAIL: nested_with_ctor compilation from bytecode FAIL: nested_with_ctor -O compilation from bytecode FAIL: pr179 compilation from bytecode FAIL: pr179 -O compilation from bytecode FAIL: private_direct_read compilation from bytecode FAIL: private_direct_read -O compilation from bytecode FAIL: search_outer compilation from bytecode FAIL: search_outer -O compilation from bytecode FAIL: stringconst compilation from bytecode FAIL: stringconst -O compilation from bytecode FAIL: stub compilation from bytecode FAIL: stub -O compilation from bytecode FAIL: tmi compilation from bytecode FAIL: tmi -O compilation from bytecode FAIL: tp compilation from bytecode FAIL: tp -O compilation from bytecode FAIL: update_outer compilation from bytecode FAIL: update_outer -O compilation from bytecode === libjava Summary === # of expected passes 1535 # of unexpected failures 81 # of unexpected successes 2 # of expected failures 14 # of untested testcases 173 === libstdc++-v3 tests === Running target unix XPASS: 23_containers/map_operators.cc (test for errors, line 43) XPASS: 23_containers/map_operators.cc (test for errors, line 44) === libstdc++-v3 Summary === # of expected passes 267 # of unexpected successes 2 # of expected failures 6 Compiler version: 3.1 20010708 (experimental) Platform: i686-pc-linux-gnu configure flags: --host=i686-pc-linux-gnu --prefix=/opt/gcc-3.1-devel --enable-shared --enable-threads=posix --enable-clocale=gnu --with-gnu-as --with-gnu-ld --disable-nls --with-system-zlib --enable-languages=c,objc,c++,f77,java
Index Nav: | [Date Index] [Subject Index] [Author Index] [Thread Index] | |
---|---|---|
Message Nav: | [Date Prev] [Date Next] | [Thread Prev] [Thread Next] |