This is the mail archive of the
gcc-testresults@gcc.gnu.org
mailing list for the GCC project.
Results for 3.1 20010612 (experimental) testsuite on mips-sgi-irix6.5
- To: "'gcc-testresults at gcc dot gnu dot org'" <gcc-testresults at gcc dot gnu dot org>
- Subject: Results for 3.1 20010612 (experimental) testsuite on mips-sgi-irix6.5
- From: "Billinghurst, David (CRTS)" <David dot Billinghurst at riotinto dot com>
- Date: Wed, 13 Jun 2001 13:02:30 +0100
Native configuration is mips-sgi-irix6.5
=== g77 tests ===
Running target unix
FAIL: g77.f-torture/compile/20000511-2.f, -O3 -g
FAIL: g77.f-torture/compile/20000629-1.f, -O3 -g
FAIL: g77.f-torture/execute/19981119-0.f compilation, -O3 -g
FAIL: g77.f-torture/execute/20010430.f execution, -O2
FAIL: g77.f-torture/execute/20010430.f execution, -O3 -fomit-frame-pointer
FAIL: g77.f-torture/execute/20010430.f execution, -O3 -fomit-frame-pointer
-funroll-loops
FAIL: g77.f-torture/execute/20010430.f execution, -O3 -fomit-frame-pointer
-funroll-all-loops -finline-functions
FAIL: g77.f-torture/execute/20010430.f execution, -O3 -g
=== g77 Summary for unix ===
# of expected passes 974
# of unexpected failures 8
# of untested testcases 1
# of unsupported tests 8
Running target unix/-mabi=64
FAIL: g77.f-torture/compile/20000511-2.f, -O0
FAIL: g77.f-torture/compile/20000511-2.f, -O1
FAIL: g77.f-torture/compile/20000511-2.f, -O2
FAIL: g77.f-torture/compile/20000511-2.f, -O3 -fomit-frame-pointer
FAIL: g77.f-torture/compile/20000511-2.f, -O3 -fomit-frame-pointer
-funroll-loops
FAIL: g77.f-torture/compile/20000511-2.f, -O3 -fomit-frame-pointer
-funroll-all-loops -finline-functions
FAIL: g77.f-torture/compile/20000511-2.f, -O3 -g
FAIL: g77.f-torture/compile/20000511-2.f, -Os
FAIL: g77.f-torture/compile/20000629-1.f, -O3 -g
FAIL: g77.f-torture/compile/980310-3.f, -O0
FAIL: g77.f-torture/compile/980310-3.f, -O1
FAIL: g77.f-torture/compile/980310-3.f, -O2
FAIL: g77.f-torture/compile/980310-3.f, -O3 -fomit-frame-pointer
FAIL: g77.f-torture/compile/980310-3.f, -O3 -fomit-frame-pointer
-funroll-loops
FAIL: g77.f-torture/compile/980310-3.f, -O3 -fomit-frame-pointer
-funroll-all-loops -finline-functions
FAIL: g77.f-torture/compile/980310-3.f, -O3 -g
FAIL: g77.f-torture/compile/980310-3.f, -Os
FAIL: g77.f-torture/compile/19990905-2.f, -O0
FAIL: g77.f-torture/compile/19990905-2.f, -O1
FAIL: g77.f-torture/compile/19990905-2.f, -O2
FAIL: g77.f-torture/compile/19990905-2.f, -O3 -fomit-frame-pointer
FAIL: g77.f-torture/compile/19990905-2.f, -O3 -g
FAIL: g77.f-torture/compile/19990905-2.f, -Os
FAIL: g77.f-torture/compile/19990905-0.f, -O0
FAIL: g77.f-torture/compile/19990905-0.f, -O1
FAIL: g77.f-torture/compile/19990905-0.f, -O2
FAIL: g77.f-torture/compile/19990905-0.f, -O3 -fomit-frame-pointer
FAIL: g77.f-torture/compile/19990905-0.f, -O3 -g
FAIL: g77.f-torture/compile/19990905-0.f, -Os
FAIL: g77.f-torture/execute/19981119-0.f compilation, -O0
FAIL: g77.f-torture/execute/19981119-0.f compilation, -O1
FAIL: g77.f-torture/execute/19981119-0.f compilation, -O2
FAIL: g77.f-torture/execute/19981119-0.f compilation, -O3
-fomit-frame-pointer
FAIL: g77.f-torture/execute/19981119-0.f compilation, -O3 -g
FAIL: g77.f-torture/execute/19981119-0.f compilation, -Os
FAIL: g77.f-torture/execute/20010116.f compilation, -O0
FAIL: g77.f-torture/execute/20010116.f compilation, -O1
FAIL: g77.f-torture/execute/20010116.f compilation, -O2
FAIL: g77.f-torture/execute/20010116.f compilation, -O3
-fomit-frame-pointer
FAIL: g77.f-torture/execute/20010116.f compilation, -O3
-fomit-frame-pointer -funroll-loops
FAIL: g77.f-torture/execute/20010116.f compilation, -O3
-fomit-frame-pointer -funroll-all-loops -finline-functions
FAIL: g77.f-torture/execute/20010116.f compilation, -O3 -g
FAIL: g77.f-torture/execute/20010116.f compilation, -Os
FAIL: g77.f-torture/execute/20010430.f execution, -O2
FAIL: g77.f-torture/execute/20010430.f execution, -O3 -fomit-frame-pointer
FAIL: g77.f-torture/execute/20010430.f execution, -O3 -fomit-frame-pointer
-funroll-loops
FAIL: g77.f-torture/execute/20010430.f execution, -O3 -fomit-frame-pointer
-funroll-all-loops -finline-functions
FAIL: g77.f-torture/execute/20010430.f execution, -O3 -g
FAIL: g77.f-torture/execute/labug1.f compilation, -O2
FAIL: g77.f-torture/execute/labug1.f compilation, -O3 -fomit-frame-pointer
FAIL: g77.f-torture/execute/labug1.f compilation, -O3 -fomit-frame-pointer
-funroll-loops
FAIL: g77.f-torture/execute/labug1.f compilation, -O3 -fomit-frame-pointer
-funroll-all-loops -finline-functions
FAIL: g77.f-torture/execute/labug1.f compilation, -O3 -g
=== g77 Summary for unix/-mabi=64 ===
# of expected passes 911
# of unexpected failures 53
# of untested testcases 19
# of unsupported tests 8
=== g77 Summary ===
# of expected passes 1885
# of unexpected failures 61
# of untested testcases 20
# of unsupported tests 16
=== gcc tests ===
Running target unix
FAIL: gcc.c-torture/compile/20001226-1.c, -O2
FAIL: gcc.c-torture/compile/20001226-1.c, -O3 -fomit-frame-pointer
FAIL: gcc.c-torture/compile/20001226-1.c, -O3 -g
FAIL: gcc.c-torture/compile/20001226-1.c, -Os
FAIL: gcc.c-torture/compile/920410-1.c, -O3 -fomit-frame-pointer
FAIL: gcc.c-torture/compile/920410-1.c, -O3 -g
FAIL: gcc.c-torture/execute/20010122-1.c execution, -O0
FAIL: gcc.c-torture/execute/20010122-1.c execution, -O1
FAIL: gcc.c-torture/execute/20010122-1.c execution, -O2
FAIL: gcc.c-torture/execute/20010122-1.c execution, -O3
-fomit-frame-pointer
FAIL: gcc.c-torture/execute/20010122-1.c execution, -O3
-fomit-frame-pointer -funroll-loops
FAIL: gcc.c-torture/execute/20010122-1.c execution, -O3
-fomit-frame-pointer -funroll-all-loops -finline-functions
FAIL: gcc.c-torture/execute/20010122-1.c execution, -O3 -g
FAIL: gcc.c-torture/execute/20010122-1.c execution, -Os
FAIL: gcc.c-torture/execute/20010518-2.c compilation, -O2
FAIL: gcc.c-torture/execute/20010518-2.c compilation, -O3
-fomit-frame-pointer
FAIL: gcc.c-torture/execute/20010518-2.c compilation, -O3 -g
FAIL: gcc.c-torture/execute/20010518-2.c compilation, -Os
FAIL: gcc.c-torture/execute/930930-2.c execution, -O1
FAIL: gcc.c-torture/execute/930930-2.c execution, -O2
FAIL: gcc.c-torture/execute/930930-2.c execution, -O3 -fomit-frame-pointer
FAIL: gcc.c-torture/execute/930930-2.c execution, -O3 -g
FAIL: gcc.c-torture/execute/930930-2.c execution, -Os
FAIL: gcc.c-torture/execute/ieee/930529-1.c execution, -O2
FAIL: gcc.c-torture/execute/ieee/930529-1.c execution, -O3
-fomit-frame-pointer
FAIL: gcc.c-torture/execute/ieee/930529-1.c execution, -O3 -g
FAIL: gcc.c-torture/execute/ieee/930529-1.c execution, -Os
=== gcc Summary for unix ===
# of expected passes 15467
# of unexpected failures 27
# of expected failures 87
# of unresolved testcases 4
# of unsupported tests 58
Running target unix/-mabi=64
FAIL: gcc.c-torture/compile/20001226-1.c, -O2
FAIL: gcc.c-torture/compile/20001226-1.c, -O3 -fomit-frame-pointer
FAIL: gcc.c-torture/compile/20001226-1.c, -O3 -g
FAIL: gcc.c-torture/compile/20001226-1.c, -Os
FAIL: gcc.c-torture/compile/920410-1.c, -O3 -fomit-frame-pointer
FAIL: gcc.c-torture/compile/920410-1.c, -O3 -g
FAIL: gcc.c-torture/execute/20010122-1.c execution, -O0
FAIL: gcc.c-torture/execute/20010122-1.c execution, -O1
FAIL: gcc.c-torture/execute/20010122-1.c execution, -O2
FAIL: gcc.c-torture/execute/20010122-1.c execution, -O3
-fomit-frame-pointer
FAIL: gcc.c-torture/execute/20010122-1.c execution, -O3
-fomit-frame-pointer -funroll-loops
FAIL: gcc.c-torture/execute/20010122-1.c execution, -O3
-fomit-frame-pointer -funroll-all-loops -finline-functions
FAIL: gcc.c-torture/execute/20010122-1.c execution, -O3 -g
FAIL: gcc.c-torture/execute/20010122-1.c execution, -Os
FAIL: gcc.c-torture/execute/ieee/930529-1.c execution, -O2
FAIL: gcc.c-torture/execute/ieee/930529-1.c execution, -O3
-fomit-frame-pointer
FAIL: gcc.c-torture/execute/ieee/930529-1.c execution, -O3 -g
FAIL: gcc.c-torture/execute/ieee/930529-1.c execution, -Os
=== gcc Summary for unix/-mabi=64 ===
# of expected passes 15480
# of unexpected failures 18
# of expected failures 87
# of unsupported tests 58
=== gcc Summary ===
# of expected passes 30947
# of unexpected failures 45
# of expected failures 174
# of unresolved testcases 4
# of unsupported tests 116
/exd4/billingd/obj/gcc-mainline/gcc/xgcc version 3.1 20010612 (experimental)
=== g++ tests ===
Running target unix
XPASS: g++.dg/vtgc1.C (test for excess errors)
XPASS: g++.dg/vtgc1.C scan-assembler .vtable_inherit[ ]*vtable for
Multivv3, 0
XPASS: g++.dg/vtgc1.C scan-assembler .vtable_inherit[ ]*VTT for Multivv3,
0
XPASS: g++.dg/vtgc1.C scan-assembler .vtable_inherit[ ]*vtable for
Multiss2, vtable for Base2
XPASS: g++.dg/vtgc1.C scan-assembler .vtable_inherit[ ]*vtable for
Multivs1, vtable for Base2
XPASS: g++.dg/vtgc1.C scan-assembler .vtable_inherit[ ]*VTT for Multivs1,
vtable for Base2
XPASS: g++.dg/vtgc1.C scan-assembler .vtable_inherit[ ]*vtable for
Multisv0, vtable for Side0
XPASS: g++.dg/vtgc1.C scan-assembler .vtable_inherit[ ]*VTT for Multisv0,
vtable for Side0
XPASS: g++.dg/vtgc1.C scan-assembler .vtable_inherit[ ]*vtable for Side0,
0
XPASS: g++.dg/vtgc1.C scan-assembler .vtable_inherit[ ]*vtable for
VbasedA, 0
XPASS: g++.dg/vtgc1.C scan-assembler .vtable_inherit[ ]*VTT for VbasedA, 0
XPASS: g++.dg/vtgc1.C scan-assembler .vtable_inherit[ ]*vtable for Base2,
vtable for Base1
XPASS: g++.dg/vtgc1.C scan-assembler .vtable_inherit[ ]*vtable for Base1,
vtable for Base0
XPASS: g++.dg/vtgc1.C scan-assembler .vtable_inherit[ ]*vtable for Base0,
0
FAIL: g++.abi/cxa_vec.C Execution test
FAIL: g++.brendan/eh1.C Execution test
FAIL: g++.eh/badalloc1.C Execution test
FAIL: g++.eh/catch11.C Execution test
FAIL: g++.eh/catch12.C Execution test
FAIL: g++.eh/catch3.C Execution test
FAIL: g++.eh/catch3p.C Execution test
FAIL: g++.eh/catch4.C Execution test
FAIL: g++.eh/catch4p.C Execution test
FAIL: g++.eh/catch5.C Execution test
FAIL: g++.eh/catch5p.C Execution test
FAIL: g++.eh/catch6.C Execution test
FAIL: g++.eh/catch6p.C Execution test
FAIL: g++.eh/catch7.C Execution test
FAIL: g++.eh/catch7p.C Execution test
FAIL: g++.eh/catch8.C Execution test
FAIL: g++.eh/catch8p.C Execution test
FAIL: g++.eh/catch9.C Execution test
FAIL: g++.eh/catch9p.C Execution test
FAIL: g++.eh/catchptr1.C Execution test
FAIL: g++.eh/cleanup1.C Execution test
FAIL: g++.eh/cleanup2.C Execution test
FAIL: g++.eh/flow1.C Execution test
FAIL: g++.eh/fntry1.C Execution test
FAIL: g++.eh/inline2.C Execution test
FAIL: g++.eh/new1.C Execution test
FAIL: g++.eh/new2.C Execution test
FAIL: g++.eh/pdel1.C Execution test
FAIL: g++.eh/pdel2.C Execution test
FAIL: g++.eh/ptr1.C Execution test
FAIL: g++.eh/rethrow1.C Execution test
FAIL: g++.eh/rethrow2.C Execution test
FAIL: g++.eh/rethrow3.C Execution test
FAIL: g++.eh/rethrow4.C Execution test
FAIL: g++.eh/rethrow5.C Execution test
FAIL: g++.eh/rethrow6.C Execution test
FAIL: g++.eh/spec1.C Execution test
FAIL: g++.eh/spec2.C Execution test
FAIL: g++.eh/spec3.C Execution test
FAIL: g++.eh/spec4.C Execution test
FAIL: g++.eh/terminate1.C Execution test
FAIL: g++.eh/terminate2.C Execution test
FAIL: g++.eh/tmpl1.C Execution test
FAIL: g++.eh/unwind1.C Execution test
FAIL: g++.eh/vbase1.C Execution test
FAIL: g++.eh/vbase2.C Execution test
FAIL: g++.eh/vbase4.C Execution test
FAIL: g++.ext/instantiate1.C not instantiated (test for errors, line 20)
FAIL: g++.ext/instantiate1.C not instantiated (test for errors, line 22)
XPASS: g++.jason/thunk3.C (test for excess errors)
XPASS: g++.jason/thunk3.C Execution test
FAIL: g++.martin/new1.C Execution test
FAIL: g++.mike/dyncast1.C Execution test
FAIL: g++.mike/dyncast2.C Execution test
FAIL: g++.mike/eh10.C Execution test
FAIL: g++.mike/eh12.C Execution test
FAIL: g++.mike/eh14.C Execution test
FAIL: g++.mike/eh16.C Execution test
FAIL: g++.mike/eh17.C Execution test
FAIL: g++.mike/eh18.C Execution test
FAIL: g++.mike/eh2.C Execution test
FAIL: g++.mike/eh21.C Execution test
FAIL: g++.mike/eh23.C Execution test
FAIL: g++.mike/eh24.C Execution test
FAIL: g++.mike/eh25.C Execution test
FAIL: g++.mike/eh26.C Execution test
FAIL: g++.mike/eh27.C Execution test
FAIL: g++.mike/eh28.C Execution test
FAIL: g++.mike/eh29.C Execution test
FAIL: g++.mike/eh3.C Execution test
FAIL: g++.mike/eh31.C Execution test
FAIL: g++.mike/eh33.C Execution test
FAIL: g++.mike/eh34.C Execution test
FAIL: g++.mike/eh35.C Execution test
FAIL: g++.mike/eh36.C Execution test
FAIL: g++.mike/eh37.C Execution test
FAIL: g++.mike/eh38.C Execution test
FAIL: g++.mike/eh39.C Execution test
FAIL: g++.mike/eh40.C Execution test
FAIL: g++.mike/eh41.C Execution test
FAIL: g++.mike/eh42.C Execution test
FAIL: g++.mike/eh44.C Execution test
FAIL: g++.mike/eh47.C Execution test
FAIL: g++.mike/eh48.C Execution test
FAIL: g++.mike/eh49.C Execution test
FAIL: g++.mike/eh5.C Execution test
FAIL: g++.mike/eh50.C Execution test
FAIL: g++.mike/eh51.C Execution test
FAIL: g++.mike/eh55.C Execution test
FAIL: g++.mike/eh6.C Execution test
FAIL: g++.mike/eh8.C Execution test
FAIL: g++.mike/p7912.C Execution test
FAIL: g++.mike/p9706.C Execution test
FAIL: g++.oliva/delete3.C Execution test
FAIL: g++.oliva/new1.C Execution test
FAIL: g++.other/array1.C Execution test
FAIL: g++.other/crash18.C (test for excess errors)
FAIL: g++.other/eh3.C Execution test
FAIL: g++.other/init7.C Execution test
FAIL: g++.other/new7.C Execution test
FAIL: g++.other/singleton.C Execution test
FAIL: g++.other/vbase2.C Execution test
FAIL: g++.pt/fntry1.C Execution test
XPASS: g++.robertl/eb17.C Execution test
FAIL: g++.robertl/eb31.C Execution test
FAIL: g++.robertl/eb50.C Execution test
FAIL: g++.robertl/eb66.C Execution test
FAIL: g++.robertl/eb88.C Execution test
FAIL: g++.robertl/eh990323-1.C Execution test
FAIL: g++.robertl/eh990323-2.C Execution test
FAIL: g++.robertl/eh990323-3.C Execution test
FAIL: g++.robertl/eh990323-4.C Execution test
FAIL: g++.robertl/eh990323-5.C Execution test
FAIL: g++.robertl/ice990323-2.C Execution test
=== g++ Summary for unix ===
# of expected passes 6381
# of unexpected failures 111
# of unexpected successes 17
# of expected failures 93
# of untested testcases 20
Running target unix/-mabi=64
XPASS: g++.dg/vtgc1.C (test for excess errors)
XPASS: g++.dg/vtgc1.C scan-assembler .vtable_inherit[ ]*vtable for
Multivv3, 0
XPASS: g++.dg/vtgc1.C scan-assembler .vtable_inherit[ ]*VTT for Multivv3,
0
XPASS: g++.dg/vtgc1.C scan-assembler .vtable_inherit[ ]*vtable for
Multiss2, vtable for Base2
XPASS: g++.dg/vtgc1.C scan-assembler .vtable_inherit[ ]*vtable for
Multivs1, vtable for Base2
XPASS: g++.dg/vtgc1.C scan-assembler .vtable_inherit[ ]*VTT for Multivs1,
vtable for Base2
XPASS: g++.dg/vtgc1.C scan-assembler .vtable_inherit[ ]*vtable for
Multisv0, vtable for Side0
XPASS: g++.dg/vtgc1.C scan-assembler .vtable_inherit[ ]*VTT for Multisv0,
vtable for Side0
XPASS: g++.dg/vtgc1.C scan-assembler .vtable_inherit[ ]*vtable for Side0,
0
XPASS: g++.dg/vtgc1.C scan-assembler .vtable_inherit[ ]*vtable for
VbasedA, 0
XPASS: g++.dg/vtgc1.C scan-assembler .vtable_inherit[ ]*VTT for VbasedA, 0
XPASS: g++.dg/vtgc1.C scan-assembler .vtable_inherit[ ]*vtable for Base2,
vtable for Base1
XPASS: g++.dg/vtgc1.C scan-assembler .vtable_inherit[ ]*vtable for Base1,
vtable for Base0
XPASS: g++.dg/vtgc1.C scan-assembler .vtable_inherit[ ]*vtable for Base0,
0
FAIL: g++.abi/cxa_vec.C Execution test
FAIL: g++.brendan/eh1.C Execution test
FAIL: g++.eh/badalloc1.C Execution test
FAIL: g++.eh/catch11.C Execution test
FAIL: g++.eh/catch12.C Execution test
FAIL: g++.eh/catch3.C Execution test
FAIL: g++.eh/catch3p.C Execution test
FAIL: g++.eh/catch4.C Execution test
FAIL: g++.eh/catch4p.C Execution test
FAIL: g++.eh/catch5.C Execution test
FAIL: g++.eh/catch5p.C Execution test
FAIL: g++.eh/catch6.C Execution test
FAIL: g++.eh/catch6p.C Execution test
FAIL: g++.eh/catch7.C Execution test
FAIL: g++.eh/catch7p.C Execution test
FAIL: g++.eh/catch8.C Execution test
FAIL: g++.eh/catch8p.C Execution test
FAIL: g++.eh/catch9.C Execution test
FAIL: g++.eh/catch9p.C Execution test
FAIL: g++.eh/catchptr1.C Execution test
FAIL: g++.eh/cleanup1.C Execution test
FAIL: g++.eh/cleanup2.C Execution test
FAIL: g++.eh/flow1.C Execution test
FAIL: g++.eh/fntry1.C Execution test
FAIL: g++.eh/inline2.C Execution test
FAIL: g++.eh/new1.C Execution test
FAIL: g++.eh/new2.C Execution test
FAIL: g++.eh/pdel1.C Execution test
FAIL: g++.eh/pdel2.C Execution test
FAIL: g++.eh/ptr1.C Execution test
FAIL: g++.eh/rethrow1.C Execution test
FAIL: g++.eh/rethrow2.C Execution test
FAIL: g++.eh/rethrow3.C Execution test
FAIL: g++.eh/rethrow4.C Execution test
FAIL: g++.eh/rethrow5.C Execution test
FAIL: g++.eh/rethrow6.C Execution test
FAIL: g++.eh/spec1.C Execution test
FAIL: g++.eh/spec2.C Execution test
FAIL: g++.eh/spec3.C Execution test
FAIL: g++.eh/spec4.C Execution test
FAIL: g++.eh/terminate1.C Execution test
FAIL: g++.eh/terminate2.C Execution test
FAIL: g++.eh/tmpl1.C Execution test
FAIL: g++.eh/unwind1.C Execution test
FAIL: g++.eh/vbase1.C Execution test
FAIL: g++.eh/vbase2.C Execution test
FAIL: g++.eh/vbase4.C Execution test
FAIL: g++.ext/instantiate1.C not instantiated (test for errors, line 20)
FAIL: g++.ext/instantiate1.C not instantiated (test for errors, line 22)
XPASS: g++.jason/thunk3.C (test for excess errors)
XPASS: g++.jason/thunk3.C Execution test
FAIL: g++.martin/new1.C Execution test
FAIL: g++.mike/dyncast1.C Execution test
FAIL: g++.mike/dyncast2.C Execution test
FAIL: g++.mike/eh10.C Execution test
FAIL: g++.mike/eh12.C Execution test
FAIL: g++.mike/eh14.C Execution test
FAIL: g++.mike/eh16.C Execution test
FAIL: g++.mike/eh17.C Execution test
FAIL: g++.mike/eh18.C Execution test
FAIL: g++.mike/eh2.C Execution test
FAIL: g++.mike/eh21.C Execution test
FAIL: g++.mike/eh23.C Execution test
FAIL: g++.mike/eh24.C Execution test
FAIL: g++.mike/eh25.C Execution test
FAIL: g++.mike/eh26.C Execution test
FAIL: g++.mike/eh27.C Execution test
FAIL: g++.mike/eh28.C Execution test
FAIL: g++.mike/eh29.C Execution test
FAIL: g++.mike/eh3.C Execution test
FAIL: g++.mike/eh31.C Execution test
FAIL: g++.mike/eh33.C Execution test
FAIL: g++.mike/eh34.C Execution test
FAIL: g++.mike/eh35.C Execution test
FAIL: g++.mike/eh36.C Execution test
FAIL: g++.mike/eh37.C Execution test
FAIL: g++.mike/eh38.C Execution test
FAIL: g++.mike/eh39.C Execution test
FAIL: g++.mike/eh40.C Execution test
FAIL: g++.mike/eh41.C Execution test
FAIL: g++.mike/eh42.C Execution test
FAIL: g++.mike/eh44.C Execution test
FAIL: g++.mike/eh47.C Execution test
FAIL: g++.mike/eh48.C Execution test
FAIL: g++.mike/eh49.C Execution test
FAIL: g++.mike/eh5.C Execution test
FAIL: g++.mike/eh50.C Execution test
FAIL: g++.mike/eh51.C Execution test
FAIL: g++.mike/eh55.C Execution test
FAIL: g++.mike/eh6.C Execution test
FAIL: g++.mike/eh8.C Execution test
FAIL: g++.mike/p7912.C Execution test
FAIL: g++.mike/p9706.C Execution test
FAIL: g++.oliva/delete3.C Execution test
FAIL: g++.oliva/new1.C Execution test
FAIL: g++.other/array1.C Execution test
FAIL: g++.other/crash18.C (test for excess errors)
FAIL: g++.other/eh3.C Execution test
FAIL: g++.other/init7.C Execution test
FAIL: g++.other/new7.C Execution test
FAIL: g++.other/singleton.C Execution test
FAIL: g++.other/vbase2.C Execution test
FAIL: g++.pt/fntry1.C Execution test
XPASS: g++.robertl/eb17.C Execution test
FAIL: g++.robertl/eb31.C Execution test
FAIL: g++.robertl/eb50.C Execution test
FAIL: g++.robertl/eb66.C Execution test
FAIL: g++.robertl/eb88.C Execution test
FAIL: g++.robertl/eh990323-1.C Execution test
FAIL: g++.robertl/eh990323-2.C Execution test
FAIL: g++.robertl/eh990323-3.C Execution test
FAIL: g++.robertl/eh990323-4.C Execution test
FAIL: g++.robertl/eh990323-5.C Execution test
FAIL: g++.robertl/ice990323-2.C Execution test
=== g++ Summary for unix/-mabi=64 ===
# of expected passes 6381
# of unexpected failures 111
# of unexpected successes 17
# of expected failures 93
# of untested testcases 20
=== g++ Summary ===
# of expected passes 12762
# of unexpected failures 222
# of unexpected successes 34
# of expected failures 186
# of untested testcases 40
/exd4/billingd/obj/gcc-mainline/gcc/testsuite/../g++ version 3.1 20010612
(experimental)
=== objc tests ===
Running target unix
FAIL: objc/execute/class-2.m execution, -O
FAIL: objc/execute/formal_protocol-6.m execution, -O
=== objc Summary for unix ===
# of expected passes 148
# of unexpected failures 2
Running target unix/-mabi=64
FAIL: objc/execute/bycopy-3.m execution, -O
FAIL: objc/execute/formal_protocol-5.m execution, -O
FAIL: objc/execute/formal_protocol-6.m execution, -O
=== objc Summary for unix/-mabi=64 ===
# of expected passes 147
# of unexpected failures 3
=== objc Summary ===
# of expected passes 295
# of unexpected failures 5
/exd4/billingd/obj/gcc-mainline/gcc/xgcc version 3.1 20010612 (experimental)
=== libstdc++-v3 tests ===
Running target unix
FAIL: 19_diagnostics/stdexceptions.cc execution test
FAIL: 21_strings/append.cc execution test
FAIL: 21_strings/ctor_copy_dtor.cc execution test
FAIL: 21_strings/element_access.cc execution test
FAIL: 21_strings/insert.cc execution test
FAIL: 21_strings/substr.cc execution test
FAIL: 23_containers/bitset_ctor.cc execution test
FAIL: 23_containers/bitset_members.cc execution test
FAIL: 23_containers/vector_element_access.cc execution test
XPASS: 26_numerics/c99_classification_macros_c.cc (test for excess errors)
FAIL: 27_io/ios_members.cc execution test
FAIL: 27_io/ostream_inserter_arith.cc execution test
=== libstdc++-v3 Summary ===
# of expected passes 234
# of unexpected failures 11
# of unexpected successes 1
# of expected failures 7
=== libstdc++-v3 tests ===
Running target unix
FAIL: 19_diagnostics/stdexceptions.cc execution test
FAIL: 21_strings/append.cc execution test
FAIL: 21_strings/ctor_copy_dtor.cc execution test
FAIL: 21_strings/element_access.cc execution test
FAIL: 21_strings/insert.cc execution test
FAIL: 21_strings/substr.cc execution test
FAIL: 23_containers/bitset_ctor.cc execution test
FAIL: 23_containers/bitset_members.cc execution test
FAIL: 23_containers/vector_element_access.cc execution test
XPASS: 26_numerics/c99_classification_macros_c.cc (test for excess errors)
FAIL: 27_io/ios_members.cc execution test
FAIL: 27_io/ostream_inserter_arith.cc execution test
=== libstdc++-v3 Summary ===
# of expected passes 234
# of unexpected failures 11
# of unexpected successes 1
# of expected failures 7
Compiler version: 3.1 20010612 (experimental)
Platform: mips-sgi-irix6.5
configure flags: --host=mips-sgi-irix6.5 --enable-shared --enable-haifa
--enable-threads=single --prefix=/exd4/billingd/tmp/gcc-mainline
Counting all warnings,
there are 118 warnings in stage3 of this bootstrap.
Number of warnings per file:
11 gcc/config/mips/mips.c
10 gcc/except.c
10 gcc/config/mips/mips.md
7 gcc/cp/decl.c
6 gcc/gcc.c
6 gcc/expr.c
6 gcc/cp/pt.c
5 gcc/cp/tree.c
5 gcc/cp/error.c
5 gcc/cp/call.c
4 gcc/unwind-dw2.c
4 gcc/reload1.c
4 gcc/java/lex.c
3 gcc/varasm.c
3 gcc/reload.c
3 gcc/dwarf2out.c
3 gcc/cp/class.c
2 gcc/simplify-rtx.c
2 gcc/objc/objc-act.c
2 gcc/java/jcf-io.c
2 gcc/flow.c
2 gcc/final.c
1 gcc/toplev.c
1 gcc/sched-deps.c
1 gcc/regmove.c
1 gcc/objc/lang-specs.h
1 gcc/java/jvspec.c
1 gcc/java/jcf-parse.c
1 gcc/intl/dcgettext.c
1 gcc/f/lang-specs.h
1 gcc/fold-const.c
1 gcc/cp/lang-specs.h
1 gcc/cp/init.c
1 gcc/cp/errfn.c
1 gcc/combine.c
Number of warning types:
22 \`???' might be used uninitialized in this function
20 cast from pointer to integer of different size
16 comparison between signed and unsigned
12 signed and unsigned type in conditional expression
10 string length \`???' is greater than the length \`???' ISO C89
compilers are required to support
6 ??? format, ??? arg (arg ???)
6 operand 1 missing mode?
5 passing arg ??? of \`???' from incompatible pointer type
5 initialization from incompatible pointer type
4 operand 0 missing mode?
4 implicit declaration of function \`???'
3 unused parameter \`???'
2 function declaration isn't a prototype
1 suggest not using #elif in traditional C
1 pointer targets in passing arg ??? of \`???' differ in signedness
1 no previous prototype for \`???'