This is the mail archive of the
gcc-testresults@gcc.gnu.org
mailing list for the GCC project.
Results for 3.0 20010611 (prerelease) testsuite on i386-unknown-freebsd3.0
- To: gcc-testresults at gcc dot gnu dot org
- Subject: Results for 3.0 20010611 (prerelease) testsuite on i386-unknown-freebsd3.0
- From: Alexandre Oliva <oliva at moab dot cs dot utah dot edu>
- Date: Wed, 13 Jun 2001 01:00:23 -0600 (MDT)
Native configuration is i386-unknown-freebsd3.0
=== binutils tests ===
Running target unix
=== binutils Summary ===
# of expected passes 26
=== g++ tests ===
Running target unix
XPASS: g++.other/crash27.C (test for excess errors)
FAIL: g++.other/stepanov_v1p2.C Execution test
=== g++ Summary ===
# of expected passes 6465
# of unexpected failures 1
# of unexpected successes 1
# of expected failures 102
# of untested testcases 15
/foo/z/oliva/egcs/gcc/testsuite/../g++ version 3.0 20010611 (prerelease)
=== g77 tests ===
Running target unix
=== g77 Summary ===
# of expected passes 933
# of unsupported tests 8
=== gas tests ===
Running target unix
=== gas Summary ===
# of expected passes 72
=== gcc tests ===
Running target unix
XPASS: gcc.c-torture/execute/20010114-2.c execution, -O0
XPASS: gcc.c-torture/execute/20010114-2.c execution, -O3 -fomit-frame-pointer
XPASS: gcc.c-torture/execute/20010114-2.c execution, -O3 -g
XPASS: gcc.c-torture/execute/ieee/mzero2.c execution, -O0
XPASS: gcc.c-torture/execute/ieee/mzero2.c execution, -O1
XPASS: gcc.c-torture/execute/ieee/mzero2.c execution, -O2
XPASS: gcc.c-torture/execute/ieee/mzero2.c execution, -O3 -fomit-frame-pointer
XPASS: gcc.c-torture/execute/ieee/mzero2.c execution, -O3 -g
XPASS: gcc.c-torture/execute/ieee/mzero2.c execution, -Os
XPASS: gcc.c-torture/execute/ieee/rbug.c execution, -O3 -fomit-frame-pointer
XPASS: gcc.c-torture/execute/ieee/rbug.c execution, -O3 -g
FAIL: gcc.dg/wchar_t-1.c (test for excess errors)
FAIL: gcc.dg/wint_t-1.c (test for excess errors)
FAIL: gcc.dg/special/gcsec-1.c execution test
=== gcc Summary ===
# of expected passes 15186
# of unexpected failures 3
# of unexpected successes 11
# of expected failures 89
# of unsupported tests 24
/foo/z/oliva/egcs/gcc/xgcc version 3.0 20010611 (prerelease)
=== ld tests ===
Running target unix
FAIL: bootstrap
FAIL: bootstrap with strip
FAIL: bootstrap with --static
FAIL: bootstrap with --traditional-format
FAIL: bootstrap with --no-keep-memory
FAIL: cdtest
FAIL: cdtest with -Ur
FAIL: selective4
XPASS: selective6
FAIL: S-records with constructors
XPASS: undefined line
=== ld Summary ===
# of expected passes 15
# of unexpected failures 9
# of unexpected successes 2
=== libstdc++-v3 tests ===
Running target unix
=== libstdc++-v3 Summary ===
=== objc tests ===
Running target unix
=== objc Summary ===
# of expected passes 149
# of expected failures 1
/foo/z/oliva/egcs/gcc/xgcc version 3.0 20010611 (prerelease)
Compiler version: 3.0 20010611 (prerelease)
Platform: i386-unknown-freebsd3.0
BOOT_CFLAGS: -g -O9 -W -Wall
Counting all warnings,
there are 2 warnings in stage3 of this bootstrap.
Number of warnings per file:
2 libsupc++/eh_personality.cc
Number of warning types:
1 new
1 ambiguates