This is the mail archive of the
gcc-testresults@gcc.gnu.org
mailing list for the GCC project.
Results for 3.1 20010607 (experimental) testsuite on sparc-sun-solaris2.7
- To: gcc-testresults at gcc dot gnu dot org
- Subject: Results for 3.1 20010607 (experimental) testsuite on sparc-sun-solaris2.7
- From: "Kaveh R. Ghazi" <ghazi at caip dot rutgers dot edu>
- Date: Fri, 8 Jun 2001 19:55:06 -0400 (EDT)
Native configuration is sparc-sun-solaris2.7
=== g++ tests ===
Running target unix/-fPIC
XPASS: g++.dg/vtgc1.C (test for excess errors)
XPASS: g++.dg/vtgc1.C scan-assembler .vtable_inherit[ ]*vtable for Multivv3, 0
XPASS: g++.dg/vtgc1.C scan-assembler .vtable_inherit[ ]*VTT for Multivv3, 0
XPASS: g++.dg/vtgc1.C scan-assembler .vtable_inherit[ ]*vtable for Multiss2, vtable for Base2
XPASS: g++.dg/vtgc1.C scan-assembler .vtable_inherit[ ]*vtable for Multivs1, vtable for Base2
XPASS: g++.dg/vtgc1.C scan-assembler .vtable_inherit[ ]*VTT for Multivs1, vtable for Base2
XPASS: g++.dg/vtgc1.C scan-assembler .vtable_inherit[ ]*vtable for Multisv0, vtable for Side0
XPASS: g++.dg/vtgc1.C scan-assembler .vtable_inherit[ ]*VTT for Multisv0, vtable for Side0
XPASS: g++.dg/vtgc1.C scan-assembler .vtable_inherit[ ]*vtable for Side0, 0
XPASS: g++.dg/vtgc1.C scan-assembler .vtable_inherit[ ]*vtable for VbasedA, 0
XPASS: g++.dg/vtgc1.C scan-assembler .vtable_inherit[ ]*VTT for VbasedA, 0
XPASS: g++.dg/vtgc1.C scan-assembler .vtable_inherit[ ]*vtable for Base2, vtable for Base1
XPASS: g++.dg/vtgc1.C scan-assembler .vtable_inherit[ ]*vtable for Base1, vtable for Base0
XPASS: g++.dg/vtgc1.C scan-assembler .vtable_inherit[ ]*vtable for Base0, 0
FAIL: g++.dg/special/conpr-1.C execution test
FAIL: g++.dg/special/conpr-2.C execution test
FAIL: g++.dg/special/conpr-3.C execution test
FAIL: g++.dg/special/conpr-3.C execution test
FAIL: g++.dg/special/conpr-1.C execution test
FAIL: g++.abi/cxa_vec.C Execution test
FAIL: g++.brendan/eh1.C Execution test
FAIL: g++.eh/badalloc1.C Execution test
FAIL: g++.eh/catch11.C Execution test
FAIL: g++.eh/catch12.C Execution test
FAIL: g++.eh/catch3.C Execution test
FAIL: g++.eh/catch3p.C Execution test
FAIL: g++.eh/catch4.C Execution test
FAIL: g++.eh/catch4p.C Execution test
FAIL: g++.eh/catch5.C Execution test
FAIL: g++.eh/catch5p.C Execution test
FAIL: g++.eh/catch6.C Execution test
FAIL: g++.eh/catch6p.C Execution test
FAIL: g++.eh/catch7.C Execution test
FAIL: g++.eh/catch7p.C Execution test
FAIL: g++.eh/catch8.C Execution test
FAIL: g++.eh/catch8p.C Execution test
FAIL: g++.eh/catch9.C Execution test
FAIL: g++.eh/catch9p.C Execution test
FAIL: g++.eh/catchptr1.C Execution test
FAIL: g++.eh/cleanup1.C Execution test
FAIL: g++.eh/cleanup2.C Execution test
FAIL: g++.eh/flow1.C Execution test
FAIL: g++.eh/fntry1.C Execution test
FAIL: g++.eh/inline2.C Execution test
FAIL: g++.eh/new1.C Execution test
FAIL: g++.eh/new2.C Execution test
FAIL: g++.eh/pdel1.C Execution test
FAIL: g++.eh/pdel2.C Execution test
FAIL: g++.eh/ptr1.C Execution test
FAIL: g++.eh/rethrow1.C Execution test
FAIL: g++.eh/rethrow2.C Execution test
FAIL: g++.eh/rethrow3.C Execution test
FAIL: g++.eh/rethrow4.C Execution test
FAIL: g++.eh/rethrow5.C Execution test
FAIL: g++.eh/rethrow6.C Execution test
FAIL: g++.eh/spec1.C Execution test
FAIL: g++.eh/spec2.C Execution test
FAIL: g++.eh/spec3.C Execution test
FAIL: g++.eh/spec4.C Execution test
FAIL: g++.eh/terminate1.C Execution test
FAIL: g++.eh/terminate2.C Execution test
FAIL: g++.eh/tmpl1.C Execution test
FAIL: g++.eh/unwind1.C Execution test
FAIL: g++.eh/vbase1.C Execution test
FAIL: g++.eh/vbase2.C Execution test
FAIL: g++.eh/vbase4.C Execution test
FAIL: g++.ext/instantiate1.C not instantiated (test for errors, line 20)
FAIL: g++.ext/instantiate1.C not instantiated (test for errors, line 22)
FAIL: g++.ext/instantiate2.C not instantiated (test for errors, line 19)
FAIL: g++.ext/instantiate3.C not instantiated (test for errors, line 13)
FAIL: g++.law/profile1.C (test for excess errors)
FAIL: g++.law/profile1.C Execution test
FAIL: g++.martin/new1.C Execution test
FAIL: g++.mike/dyncast1.C Execution test
FAIL: g++.mike/dyncast2.C Execution test
FAIL: g++.mike/eh10.C Execution test
FAIL: g++.mike/eh12.C Execution test
FAIL: g++.mike/eh14.C Execution test
FAIL: g++.mike/eh16.C Execution test
FAIL: g++.mike/eh17.C Execution test
FAIL: g++.mike/eh18.C Execution test
FAIL: g++.mike/eh2.C Execution test
FAIL: g++.mike/eh21.C Execution test
FAIL: g++.mike/eh23.C Execution test
FAIL: g++.mike/eh24.C Execution test
FAIL: g++.mike/eh25.C Execution test
FAIL: g++.mike/eh26.C Execution test
FAIL: g++.mike/eh27.C Execution test
FAIL: g++.mike/eh28.C Execution test
FAIL: g++.mike/eh29.C Execution test
FAIL: g++.mike/eh3.C Execution test
FAIL: g++.mike/eh31.C Execution test
FAIL: g++.mike/eh33.C Execution test
FAIL: g++.mike/eh34.C Execution test
FAIL: g++.mike/eh35.C Execution test
FAIL: g++.mike/eh36.C Execution test
FAIL: g++.mike/eh37.C Execution test
FAIL: g++.mike/eh38.C Execution test
FAIL: g++.mike/eh39.C Execution test
FAIL: g++.mike/eh40.C Execution test
FAIL: g++.mike/eh41.C Execution test
FAIL: g++.mike/eh42.C Execution test
FAIL: g++.mike/eh44.C Execution test
FAIL: g++.mike/eh47.C Execution test
FAIL: g++.mike/eh48.C Execution test
FAIL: g++.mike/eh49.C Execution test
FAIL: g++.mike/eh5.C Execution test
FAIL: g++.mike/eh50.C Execution test
FAIL: g++.mike/eh51.C Execution test
FAIL: g++.mike/eh55.C Execution test
FAIL: g++.mike/eh6.C Execution test
FAIL: g++.mike/eh8.C Execution test
FAIL: g++.mike/p7912.C Execution test
FAIL: g++.mike/p9706.C Execution test
FAIL: g++.oliva/delete3.C Execution test
FAIL: g++.oliva/new1.C Execution test
FAIL: g++.other/array1.C Execution test
FAIL: g++.other/crash18.C (test for excess errors)
XPASS: g++.other/crash27.C (test for excess errors)
FAIL: g++.other/eh3.C Execution test
FAIL: g++.other/init7.C Execution test
FAIL: g++.other/new7.C Execution test
FAIL: g++.other/singleton.C Execution test
FAIL: g++.other/vbase2.C Execution test
FAIL: g++.pt/fntry1.C Execution test
FAIL: g++.robertl/eb31.C Execution test
FAIL: g++.robertl/eb50.C Execution test
FAIL: g++.robertl/eb66.C Execution test
FAIL: g++.robertl/eb83.C (test for excess errors)
FAIL: g++.robertl/eb83.C Execution test
FAIL: g++.robertl/eb88.C Execution test
FAIL: g++.robertl/eh990323-1.C Execution test
FAIL: g++.robertl/eh990323-2.C Execution test
FAIL: g++.robertl/eh990323-3.C Execution test
FAIL: g++.robertl/eh990323-4.C Execution test
FAIL: g++.robertl/eh990323-5.C Execution test
FAIL: g++.robertl/ice990323-2.C Execution test
=== g++ Summary for unix/-fPIC ===
# of expected passes 6375
# of unexpected failures 122
# of unexpected successes 15
# of expected failures 86
# of untested testcases 18
Running target unix/-fpic
XPASS: g++.dg/vtgc1.C (test for excess errors)
XPASS: g++.dg/vtgc1.C scan-assembler .vtable_inherit[ ]*vtable for Multivv3, 0
XPASS: g++.dg/vtgc1.C scan-assembler .vtable_inherit[ ]*VTT for Multivv3, 0
XPASS: g++.dg/vtgc1.C scan-assembler .vtable_inherit[ ]*vtable for Multiss2, vtable for Base2
XPASS: g++.dg/vtgc1.C scan-assembler .vtable_inherit[ ]*vtable for Multivs1, vtable for Base2
XPASS: g++.dg/vtgc1.C scan-assembler .vtable_inherit[ ]*VTT for Multivs1, vtable for Base2
XPASS: g++.dg/vtgc1.C scan-assembler .vtable_inherit[ ]*vtable for Multisv0, vtable for Side0
XPASS: g++.dg/vtgc1.C scan-assembler .vtable_inherit[ ]*VTT for Multisv0, vtable for Side0
XPASS: g++.dg/vtgc1.C scan-assembler .vtable_inherit[ ]*vtable for Side0, 0
XPASS: g++.dg/vtgc1.C scan-assembler .vtable_inherit[ ]*vtable for VbasedA, 0
XPASS: g++.dg/vtgc1.C scan-assembler .vtable_inherit[ ]*VTT for VbasedA, 0
XPASS: g++.dg/vtgc1.C scan-assembler .vtable_inherit[ ]*vtable for Base2, vtable for Base1
XPASS: g++.dg/vtgc1.C scan-assembler .vtable_inherit[ ]*vtable for Base1, vtable for Base0
XPASS: g++.dg/vtgc1.C scan-assembler .vtable_inherit[ ]*vtable for Base0, 0
FAIL: g++.dg/special/conpr-1.C execution test
FAIL: g++.dg/special/conpr-2.C execution test
FAIL: g++.dg/special/conpr-3.C execution test
FAIL: g++.dg/special/conpr-3.C execution test
FAIL: g++.dg/special/conpr-1.C execution test
FAIL: g++.abi/cxa_vec.C Execution test
FAIL: g++.brendan/eh1.C Execution test
FAIL: g++.eh/badalloc1.C Execution test
FAIL: g++.eh/catch11.C Execution test
FAIL: g++.eh/catch12.C Execution test
FAIL: g++.eh/catch3.C Execution test
FAIL: g++.eh/catch3p.C Execution test
FAIL: g++.eh/catch4.C Execution test
FAIL: g++.eh/catch4p.C Execution test
FAIL: g++.eh/catch5.C Execution test
FAIL: g++.eh/catch5p.C Execution test
FAIL: g++.eh/catch6.C Execution test
FAIL: g++.eh/catch6p.C Execution test
FAIL: g++.eh/catch7.C Execution test
FAIL: g++.eh/catch7p.C Execution test
FAIL: g++.eh/catch8.C Execution test
FAIL: g++.eh/catch8p.C Execution test
FAIL: g++.eh/catch9.C Execution test
FAIL: g++.eh/catch9p.C Execution test
FAIL: g++.eh/catchptr1.C Execution test
FAIL: g++.eh/cleanup1.C Execution test
FAIL: g++.eh/cleanup2.C Execution test
FAIL: g++.eh/flow1.C Execution test
FAIL: g++.eh/fntry1.C Execution test
FAIL: g++.eh/inline2.C Execution test
FAIL: g++.eh/new1.C Execution test
FAIL: g++.eh/new2.C Execution test
FAIL: g++.eh/pdel1.C Execution test
FAIL: g++.eh/pdel2.C Execution test
FAIL: g++.eh/ptr1.C Execution test
FAIL: g++.eh/rethrow1.C Execution test
FAIL: g++.eh/rethrow2.C Execution test
FAIL: g++.eh/rethrow3.C Execution test
FAIL: g++.eh/rethrow4.C Execution test
FAIL: g++.eh/rethrow5.C Execution test
FAIL: g++.eh/rethrow6.C Execution test
FAIL: g++.eh/spec1.C Execution test
FAIL: g++.eh/spec2.C Execution test
FAIL: g++.eh/spec3.C Execution test
FAIL: g++.eh/spec4.C Execution test
FAIL: g++.eh/terminate1.C Execution test
FAIL: g++.eh/terminate2.C Execution test
FAIL: g++.eh/tmpl1.C Execution test
FAIL: g++.eh/unwind1.C Execution test
FAIL: g++.eh/vbase1.C Execution test
FAIL: g++.eh/vbase2.C Execution test
FAIL: g++.eh/vbase4.C Execution test
FAIL: g++.ext/instantiate1.C not instantiated (test for errors, line 20)
FAIL: g++.ext/instantiate1.C not instantiated (test for errors, line 22)
FAIL: g++.ext/instantiate2.C not instantiated (test for errors, line 19)
FAIL: g++.ext/instantiate3.C not instantiated (test for errors, line 13)
FAIL: g++.law/profile1.C (test for excess errors)
FAIL: g++.law/profile1.C Execution test
FAIL: g++.martin/new1.C Execution test
FAIL: g++.mike/dyncast1.C Execution test
FAIL: g++.mike/dyncast2.C Execution test
FAIL: g++.mike/eh10.C Execution test
FAIL: g++.mike/eh12.C Execution test
FAIL: g++.mike/eh14.C Execution test
FAIL: g++.mike/eh16.C Execution test
FAIL: g++.mike/eh17.C Execution test
FAIL: g++.mike/eh18.C Execution test
FAIL: g++.mike/eh2.C Execution test
FAIL: g++.mike/eh21.C Execution test
FAIL: g++.mike/eh23.C Execution test
FAIL: g++.mike/eh24.C Execution test
FAIL: g++.mike/eh25.C Execution test
FAIL: g++.mike/eh26.C Execution test
FAIL: g++.mike/eh27.C Execution test
FAIL: g++.mike/eh28.C Execution test
FAIL: g++.mike/eh29.C Execution test
FAIL: g++.mike/eh3.C Execution test
FAIL: g++.mike/eh31.C Execution test
FAIL: g++.mike/eh33.C Execution test
FAIL: g++.mike/eh34.C Execution test
FAIL: g++.mike/eh35.C Execution test
FAIL: g++.mike/eh36.C Execution test
FAIL: g++.mike/eh37.C Execution test
FAIL: g++.mike/eh38.C Execution test
FAIL: g++.mike/eh39.C Execution test
FAIL: g++.mike/eh40.C Execution test
FAIL: g++.mike/eh41.C Execution test
FAIL: g++.mike/eh42.C Execution test
FAIL: g++.mike/eh44.C Execution test
FAIL: g++.mike/eh47.C Execution test
FAIL: g++.mike/eh48.C Execution test
FAIL: g++.mike/eh49.C Execution test
FAIL: g++.mike/eh5.C Execution test
FAIL: g++.mike/eh50.C Execution test
FAIL: g++.mike/eh51.C Execution test
FAIL: g++.mike/eh55.C Execution test
FAIL: g++.mike/eh6.C Execution test
FAIL: g++.mike/eh8.C Execution test
FAIL: g++.mike/p7912.C Execution test
FAIL: g++.mike/p9706.C Execution test
FAIL: g++.oliva/delete3.C Execution test
FAIL: g++.oliva/new1.C Execution test
FAIL: g++.other/array1.C Execution test
FAIL: g++.other/crash18.C (test for excess errors)
XPASS: g++.other/crash27.C (test for excess errors)
FAIL: g++.other/eh3.C Execution test
FAIL: g++.other/init7.C Execution test
FAIL: g++.other/new7.C Execution test
FAIL: g++.other/singleton.C Execution test
FAIL: g++.other/vbase2.C Execution test
FAIL: g++.pt/fntry1.C Execution test
FAIL: g++.robertl/eb31.C Execution test
FAIL: g++.robertl/eb50.C Execution test
FAIL: g++.robertl/eb66.C Execution test
FAIL: g++.robertl/eb83.C (test for excess errors)
FAIL: g++.robertl/eb83.C Execution test
FAIL: g++.robertl/eb88.C Execution test
FAIL: g++.robertl/eh990323-1.C Execution test
FAIL: g++.robertl/eh990323-2.C Execution test
FAIL: g++.robertl/eh990323-3.C Execution test
FAIL: g++.robertl/eh990323-4.C Execution test
FAIL: g++.robertl/eh990323-5.C Execution test
FAIL: g++.robertl/ice990323-2.C Execution test
=== g++ Summary for unix/-fpic ===
# of expected passes 6375
# of unexpected failures 122
# of unexpected successes 15
# of expected failures 86
# of untested testcases 18
Running target unix
XPASS: g++.dg/vtgc1.C (test for excess errors)
XPASS: g++.dg/vtgc1.C scan-assembler .vtable_inherit[ ]*vtable for Multivv3, 0
XPASS: g++.dg/vtgc1.C scan-assembler .vtable_inherit[ ]*VTT for Multivv3, 0
XPASS: g++.dg/vtgc1.C scan-assembler .vtable_inherit[ ]*vtable for Multiss2, vtable for Base2
XPASS: g++.dg/vtgc1.C scan-assembler .vtable_inherit[ ]*vtable for Multivs1, vtable for Base2
XPASS: g++.dg/vtgc1.C scan-assembler .vtable_inherit[ ]*VTT for Multivs1, vtable for Base2
XPASS: g++.dg/vtgc1.C scan-assembler .vtable_inherit[ ]*vtable for Multisv0, vtable for Side0
XPASS: g++.dg/vtgc1.C scan-assembler .vtable_inherit[ ]*VTT for Multisv0, vtable for Side0
XPASS: g++.dg/vtgc1.C scan-assembler .vtable_inherit[ ]*vtable for Side0, 0
XPASS: g++.dg/vtgc1.C scan-assembler .vtable_inherit[ ]*vtable for VbasedA, 0
XPASS: g++.dg/vtgc1.C scan-assembler .vtable_inherit[ ]*VTT for VbasedA, 0
XPASS: g++.dg/vtgc1.C scan-assembler .vtable_inherit[ ]*vtable for Base2, vtable for Base1
XPASS: g++.dg/vtgc1.C scan-assembler .vtable_inherit[ ]*vtable for Base1, vtable for Base0
XPASS: g++.dg/vtgc1.C scan-assembler .vtable_inherit[ ]*vtable for Base0, 0
FAIL: g++.dg/special/conpr-1.C execution test
FAIL: g++.dg/special/conpr-2.C execution test
FAIL: g++.dg/special/conpr-3.C execution test
FAIL: g++.dg/special/conpr-3.C execution test
FAIL: g++.dg/special/conpr-1.C execution test
FAIL: g++.abi/cxa_vec.C Execution test
FAIL: g++.brendan/eh1.C Execution test
FAIL: g++.eh/badalloc1.C Execution test
FAIL: g++.eh/catch11.C Execution test
FAIL: g++.eh/catch12.C Execution test
FAIL: g++.eh/catch3.C Execution test
FAIL: g++.eh/catch3p.C Execution test
FAIL: g++.eh/catch4.C Execution test
FAIL: g++.eh/catch4p.C Execution test
FAIL: g++.eh/catch5.C Execution test
FAIL: g++.eh/catch5p.C Execution test
FAIL: g++.eh/catch6.C Execution test
FAIL: g++.eh/catch6p.C Execution test
FAIL: g++.eh/catch7.C Execution test
FAIL: g++.eh/catch7p.C Execution test
FAIL: g++.eh/catch8.C Execution test
FAIL: g++.eh/catch8p.C Execution test
FAIL: g++.eh/catch9.C Execution test
FAIL: g++.eh/catch9p.C Execution test
FAIL: g++.eh/catchptr1.C Execution test
FAIL: g++.eh/cleanup1.C Execution test
FAIL: g++.eh/cleanup2.C Execution test
FAIL: g++.eh/flow1.C Execution test
FAIL: g++.eh/fntry1.C Execution test
FAIL: g++.eh/inline2.C Execution test
FAIL: g++.eh/new1.C Execution test
FAIL: g++.eh/new2.C Execution test
FAIL: g++.eh/pdel1.C Execution test
FAIL: g++.eh/pdel2.C Execution test
FAIL: g++.eh/ptr1.C Execution test
FAIL: g++.eh/rethrow1.C Execution test
FAIL: g++.eh/rethrow2.C Execution test
FAIL: g++.eh/rethrow3.C Execution test
FAIL: g++.eh/rethrow4.C Execution test
FAIL: g++.eh/rethrow5.C Execution test
FAIL: g++.eh/rethrow6.C Execution test
FAIL: g++.eh/spec1.C Execution test
FAIL: g++.eh/spec2.C Execution test
FAIL: g++.eh/spec3.C Execution test
FAIL: g++.eh/spec4.C Execution test
FAIL: g++.eh/terminate1.C Execution test
FAIL: g++.eh/terminate2.C Execution test
FAIL: g++.eh/tmpl1.C Execution test
FAIL: g++.eh/unwind1.C Execution test
FAIL: g++.eh/vbase1.C Execution test
FAIL: g++.eh/vbase2.C Execution test
FAIL: g++.eh/vbase4.C Execution test
FAIL: g++.ext/instantiate1.C not instantiated (test for errors, line 20)
FAIL: g++.ext/instantiate1.C not instantiated (test for errors, line 22)
FAIL: g++.ext/instantiate2.C not instantiated (test for errors, line 19)
FAIL: g++.ext/instantiate3.C not instantiated (test for errors, line 13)
FAIL: g++.martin/new1.C Execution test
FAIL: g++.mike/dyncast1.C Execution test
FAIL: g++.mike/dyncast2.C Execution test
FAIL: g++.mike/eh10.C Execution test
FAIL: g++.mike/eh12.C Execution test
FAIL: g++.mike/eh14.C Execution test
FAIL: g++.mike/eh16.C Execution test
FAIL: g++.mike/eh17.C Execution test
FAIL: g++.mike/eh18.C Execution test
FAIL: g++.mike/eh2.C Execution test
FAIL: g++.mike/eh21.C Execution test
FAIL: g++.mike/eh23.C Execution test
FAIL: g++.mike/eh24.C Execution test
FAIL: g++.mike/eh25.C Execution test
FAIL: g++.mike/eh26.C Execution test
FAIL: g++.mike/eh27.C Execution test
FAIL: g++.mike/eh28.C Execution test
FAIL: g++.mike/eh29.C Execution test
FAIL: g++.mike/eh3.C Execution test
FAIL: g++.mike/eh31.C Execution test
FAIL: g++.mike/eh33.C Execution test
FAIL: g++.mike/eh34.C Execution test
FAIL: g++.mike/eh35.C Execution test
FAIL: g++.mike/eh36.C Execution test
FAIL: g++.mike/eh37.C Execution test
FAIL: g++.mike/eh38.C Execution test
FAIL: g++.mike/eh39.C Execution test
FAIL: g++.mike/eh40.C Execution test
FAIL: g++.mike/eh41.C Execution test
FAIL: g++.mike/eh42.C Execution test
FAIL: g++.mike/eh44.C Execution test
FAIL: g++.mike/eh47.C Execution test
FAIL: g++.mike/eh48.C Execution test
FAIL: g++.mike/eh49.C Execution test
FAIL: g++.mike/eh5.C Execution test
FAIL: g++.mike/eh50.C Execution test
FAIL: g++.mike/eh51.C Execution test
FAIL: g++.mike/eh55.C Execution test
FAIL: g++.mike/eh6.C Execution test
FAIL: g++.mike/eh8.C Execution test
FAIL: g++.mike/p7912.C Execution test
FAIL: g++.mike/p9706.C Execution test
FAIL: g++.oliva/delete3.C Execution test
FAIL: g++.oliva/new1.C Execution test
FAIL: g++.other/array1.C Execution test
FAIL: g++.other/crash18.C (test for excess errors)
XPASS: g++.other/crash27.C (test for excess errors)
FAIL: g++.other/eh3.C Execution test
FAIL: g++.other/init7.C Execution test
FAIL: g++.other/new7.C Execution test
FAIL: g++.other/singleton.C Execution test
FAIL: g++.other/vbase2.C Execution test
FAIL: g++.pt/fntry1.C Execution test
FAIL: g++.robertl/eb31.C Execution test
FAIL: g++.robertl/eb50.C Execution test
FAIL: g++.robertl/eb66.C Execution test
FAIL: g++.robertl/eb88.C Execution test
FAIL: g++.robertl/eh990323-1.C Execution test
FAIL: g++.robertl/eh990323-2.C Execution test
FAIL: g++.robertl/eh990323-3.C Execution test
FAIL: g++.robertl/eh990323-4.C Execution test
FAIL: g++.robertl/eh990323-5.C Execution test
FAIL: g++.robertl/ice990323-2.C Execution test
=== g++ Summary for unix ===
# of expected passes 6379
# of unexpected failures 118
# of unexpected successes 15
# of expected failures 86
# of untested testcases 18
=== g++ Summary ===
# of expected passes 19129
# of unexpected failures 362
# of unexpected successes 45
# of expected failures 258
# of untested testcases 54
/teal/caip5/ghazi/gcc-testing/build/gcc/testsuite/../g++ version 3.1 20010607 (experimental)
=== g77 tests ===
Running target unix/-fPIC
FAIL: g77.f-torture/execute/19990325-1.f compilation, -O0
FAIL: g77.f-torture/execute/20010430.f execution, -O2
FAIL: g77.f-torture/execute/20010430.f execution, -O3 -fomit-frame-pointer
FAIL: g77.f-torture/execute/20010430.f execution, -O3 -fomit-frame-pointer -funroll-loops
FAIL: g77.f-torture/execute/20010430.f execution, -O3 -fomit-frame-pointer -funroll-all-loops -finline-functions
FAIL: g77.f-torture/execute/20010430.f execution, -O3 -g
FAIL: g77.f-torture/execute/980628-0.f execution, -O1
FAIL: g77.f-torture/execute/980628-0.f execution, -O2
FAIL: g77.f-torture/execute/980628-0.f execution, -O3 -fomit-frame-pointer
FAIL: g77.f-torture/execute/980628-0.f execution, -O3 -g
FAIL: g77.f-torture/execute/980628-0.f execution, -Os
FAIL: g77.f-torture/execute/980628-1.f execution, -O1
FAIL: g77.f-torture/execute/980628-1.f execution, -O2
FAIL: g77.f-torture/execute/980628-1.f execution, -O3 -fomit-frame-pointer
FAIL: g77.f-torture/execute/980628-1.f execution, -O3 -g
FAIL: g77.f-torture/execute/980628-1.f execution, -Os
FAIL: g77.f-torture/execute/980628-10.f execution, -O0
FAIL: g77.f-torture/execute/980628-10.f execution, -O1
FAIL: g77.f-torture/execute/980628-10.f execution, -O2
FAIL: g77.f-torture/execute/980628-10.f execution, -O3 -fomit-frame-pointer
FAIL: g77.f-torture/execute/980628-10.f execution, -O3 -g
FAIL: g77.f-torture/execute/980628-10.f execution, -Os
FAIL: g77.f-torture/execute/980628-2.f execution, -O0
FAIL: g77.f-torture/execute/980628-2.f execution, -O1
FAIL: g77.f-torture/execute/980628-2.f execution, -O2
FAIL: g77.f-torture/execute/980628-2.f execution, -O3 -fomit-frame-pointer
FAIL: g77.f-torture/execute/980628-2.f execution, -O3 -g
FAIL: g77.f-torture/execute/980628-2.f execution, -Os
FAIL: g77.f-torture/execute/980628-3.f execution, -O0
FAIL: g77.f-torture/execute/980628-3.f execution, -O1
FAIL: g77.f-torture/execute/980628-3.f execution, -O2
FAIL: g77.f-torture/execute/980628-3.f execution, -O3 -fomit-frame-pointer
FAIL: g77.f-torture/execute/980628-3.f execution, -O3 -g
FAIL: g77.f-torture/execute/980628-3.f execution, -Os
FAIL: g77.f-torture/execute/980628-5.f execution, -O0
FAIL: g77.f-torture/execute/980628-5.f execution, -O1
FAIL: g77.f-torture/execute/980628-5.f execution, -O2
FAIL: g77.f-torture/execute/980628-5.f execution, -O3 -fomit-frame-pointer
FAIL: g77.f-torture/execute/980628-5.f execution, -O3 -g
FAIL: g77.f-torture/execute/980628-5.f execution, -Os
FAIL: g77.f-torture/execute/980628-6.f execution, -O0
FAIL: g77.f-torture/execute/980628-6.f execution, -O1
FAIL: g77.f-torture/execute/980628-6.f execution, -O2
FAIL: g77.f-torture/execute/980628-6.f execution, -O3 -fomit-frame-pointer
FAIL: g77.f-torture/execute/980628-6.f execution, -O3 -g
FAIL: g77.f-torture/execute/980628-6.f execution, -Os
FAIL: g77.f-torture/execute/980628-7.f execution, -O1
FAIL: g77.f-torture/execute/980628-7.f execution, -O2
FAIL: g77.f-torture/execute/980628-7.f execution, -O3 -fomit-frame-pointer
FAIL: g77.f-torture/execute/980628-7.f execution, -O3 -g
FAIL: g77.f-torture/execute/980628-7.f execution, -Os
FAIL: g77.f-torture/execute/980628-8.f execution, -O1
FAIL: g77.f-torture/execute/980628-8.f execution, -O2
FAIL: g77.f-torture/execute/980628-8.f execution, -O3 -fomit-frame-pointer
FAIL: g77.f-torture/execute/980628-8.f execution, -O3 -g
FAIL: g77.f-torture/execute/980628-8.f execution, -Os
FAIL: g77.f-torture/execute/980628-9.f execution, -O0
FAIL: g77.f-torture/execute/980628-9.f execution, -O1
FAIL: g77.f-torture/execute/980628-9.f execution, -O2
FAIL: g77.f-torture/execute/980628-9.f execution, -O3 -fomit-frame-pointer
FAIL: g77.f-torture/execute/980628-9.f execution, -O3 -g
FAIL: g77.f-torture/execute/980628-9.f execution, -Os
=== g77 Summary for unix/-fPIC ===
# of expected passes 904
# of unexpected failures 62
# of untested testcases 1
# of unsupported tests 8
Running target unix/-fpic
FAIL: g77.f-torture/execute/19990325-1.f compilation, -O0
FAIL: g77.f-torture/execute/20010430.f execution, -O2
FAIL: g77.f-torture/execute/20010430.f execution, -O3 -fomit-frame-pointer
FAIL: g77.f-torture/execute/20010430.f execution, -O3 -fomit-frame-pointer -funroll-loops
FAIL: g77.f-torture/execute/20010430.f execution, -O3 -fomit-frame-pointer -funroll-all-loops -finline-functions
FAIL: g77.f-torture/execute/20010430.f execution, -O3 -g
FAIL: g77.f-torture/execute/980628-0.f execution, -O1
FAIL: g77.f-torture/execute/980628-0.f execution, -O2
FAIL: g77.f-torture/execute/980628-0.f execution, -O3 -fomit-frame-pointer
FAIL: g77.f-torture/execute/980628-0.f execution, -O3 -g
FAIL: g77.f-torture/execute/980628-0.f execution, -Os
FAIL: g77.f-torture/execute/980628-1.f execution, -O1
FAIL: g77.f-torture/execute/980628-1.f execution, -O2
FAIL: g77.f-torture/execute/980628-1.f execution, -O3 -fomit-frame-pointer
FAIL: g77.f-torture/execute/980628-1.f execution, -O3 -g
FAIL: g77.f-torture/execute/980628-1.f execution, -Os
FAIL: g77.f-torture/execute/980628-10.f execution, -O0
FAIL: g77.f-torture/execute/980628-10.f execution, -O1
FAIL: g77.f-torture/execute/980628-10.f execution, -O2
FAIL: g77.f-torture/execute/980628-10.f execution, -O3 -fomit-frame-pointer
FAIL: g77.f-torture/execute/980628-10.f execution, -O3 -g
FAIL: g77.f-torture/execute/980628-10.f execution, -Os
FAIL: g77.f-torture/execute/980628-2.f execution, -O0
FAIL: g77.f-torture/execute/980628-2.f execution, -O1
FAIL: g77.f-torture/execute/980628-2.f execution, -O2
FAIL: g77.f-torture/execute/980628-2.f execution, -O3 -fomit-frame-pointer
FAIL: g77.f-torture/execute/980628-2.f execution, -O3 -g
FAIL: g77.f-torture/execute/980628-2.f execution, -Os
FAIL: g77.f-torture/execute/980628-3.f execution, -O0
FAIL: g77.f-torture/execute/980628-3.f execution, -O1
FAIL: g77.f-torture/execute/980628-3.f execution, -O2
FAIL: g77.f-torture/execute/980628-3.f execution, -O3 -fomit-frame-pointer
FAIL: g77.f-torture/execute/980628-3.f execution, -O3 -g
FAIL: g77.f-torture/execute/980628-3.f execution, -Os
FAIL: g77.f-torture/execute/980628-5.f execution, -O0
FAIL: g77.f-torture/execute/980628-5.f execution, -O1
FAIL: g77.f-torture/execute/980628-5.f execution, -O2
FAIL: g77.f-torture/execute/980628-5.f execution, -O3 -fomit-frame-pointer
FAIL: g77.f-torture/execute/980628-5.f execution, -O3 -g
FAIL: g77.f-torture/execute/980628-5.f execution, -Os
FAIL: g77.f-torture/execute/980628-6.f execution, -O0
FAIL: g77.f-torture/execute/980628-6.f execution, -O1
FAIL: g77.f-torture/execute/980628-6.f execution, -O2
FAIL: g77.f-torture/execute/980628-6.f execution, -O3 -fomit-frame-pointer
FAIL: g77.f-torture/execute/980628-6.f execution, -O3 -g
FAIL: g77.f-torture/execute/980628-6.f execution, -Os
FAIL: g77.f-torture/execute/980628-7.f execution, -O1
FAIL: g77.f-torture/execute/980628-7.f execution, -O2
FAIL: g77.f-torture/execute/980628-7.f execution, -O3 -fomit-frame-pointer
FAIL: g77.f-torture/execute/980628-7.f execution, -O3 -g
FAIL: g77.f-torture/execute/980628-7.f execution, -Os
FAIL: g77.f-torture/execute/980628-8.f execution, -O1
FAIL: g77.f-torture/execute/980628-8.f execution, -O2
FAIL: g77.f-torture/execute/980628-8.f execution, -O3 -fomit-frame-pointer
FAIL: g77.f-torture/execute/980628-8.f execution, -O3 -g
FAIL: g77.f-torture/execute/980628-8.f execution, -Os
FAIL: g77.f-torture/execute/980628-9.f execution, -O0
FAIL: g77.f-torture/execute/980628-9.f execution, -O1
FAIL: g77.f-torture/execute/980628-9.f execution, -O2
FAIL: g77.f-torture/execute/980628-9.f execution, -O3 -fomit-frame-pointer
FAIL: g77.f-torture/execute/980628-9.f execution, -O3 -g
FAIL: g77.f-torture/execute/980628-9.f execution, -Os
=== g77 Summary for unix/-fpic ===
# of expected passes 904
# of unexpected failures 62
# of untested testcases 1
# of unsupported tests 8
Running target unix
FAIL: g77.f-torture/execute/19990325-1.f compilation, -O0
FAIL: g77.f-torture/execute/20010430.f execution, -O2
FAIL: g77.f-torture/execute/20010430.f execution, -O3 -fomit-frame-pointer
FAIL: g77.f-torture/execute/20010430.f execution, -O3 -fomit-frame-pointer -funroll-loops
FAIL: g77.f-torture/execute/20010430.f execution, -O3 -fomit-frame-pointer -funroll-all-loops -finline-functions
FAIL: g77.f-torture/execute/20010430.f execution, -O3 -g
FAIL: g77.f-torture/execute/980628-0.f execution, -O1
FAIL: g77.f-torture/execute/980628-0.f execution, -O2
FAIL: g77.f-torture/execute/980628-0.f execution, -O3 -fomit-frame-pointer
FAIL: g77.f-torture/execute/980628-0.f execution, -O3 -g
FAIL: g77.f-torture/execute/980628-0.f execution, -Os
FAIL: g77.f-torture/execute/980628-1.f execution, -O1
FAIL: g77.f-torture/execute/980628-1.f execution, -O2
FAIL: g77.f-torture/execute/980628-1.f execution, -O3 -fomit-frame-pointer
FAIL: g77.f-torture/execute/980628-1.f execution, -O3 -g
FAIL: g77.f-torture/execute/980628-1.f execution, -Os
FAIL: g77.f-torture/execute/980628-10.f execution, -O0
FAIL: g77.f-torture/execute/980628-10.f execution, -O1
FAIL: g77.f-torture/execute/980628-10.f execution, -O2
FAIL: g77.f-torture/execute/980628-10.f execution, -O3 -fomit-frame-pointer
FAIL: g77.f-torture/execute/980628-10.f execution, -O3 -g
FAIL: g77.f-torture/execute/980628-10.f execution, -Os
FAIL: g77.f-torture/execute/980628-2.f execution, -O0
FAIL: g77.f-torture/execute/980628-2.f execution, -O1
FAIL: g77.f-torture/execute/980628-2.f execution, -O2
FAIL: g77.f-torture/execute/980628-2.f execution, -O3 -fomit-frame-pointer
FAIL: g77.f-torture/execute/980628-2.f execution, -O3 -g
FAIL: g77.f-torture/execute/980628-2.f execution, -Os
FAIL: g77.f-torture/execute/980628-3.f execution, -O0
FAIL: g77.f-torture/execute/980628-3.f execution, -O1
FAIL: g77.f-torture/execute/980628-3.f execution, -O2
FAIL: g77.f-torture/execute/980628-3.f execution, -O3 -fomit-frame-pointer
FAIL: g77.f-torture/execute/980628-3.f execution, -O3 -g
FAIL: g77.f-torture/execute/980628-3.f execution, -Os
FAIL: g77.f-torture/execute/980628-4.f execution, -O1
FAIL: g77.f-torture/execute/980628-5.f execution, -O0
FAIL: g77.f-torture/execute/980628-5.f execution, -O1
FAIL: g77.f-torture/execute/980628-5.f execution, -O2
FAIL: g77.f-torture/execute/980628-5.f execution, -O3 -fomit-frame-pointer
FAIL: g77.f-torture/execute/980628-5.f execution, -O3 -g
FAIL: g77.f-torture/execute/980628-5.f execution, -Os
FAIL: g77.f-torture/execute/980628-6.f execution, -O0
FAIL: g77.f-torture/execute/980628-6.f execution, -O1
FAIL: g77.f-torture/execute/980628-6.f execution, -O2
FAIL: g77.f-torture/execute/980628-6.f execution, -O3 -fomit-frame-pointer
FAIL: g77.f-torture/execute/980628-6.f execution, -O3 -g
FAIL: g77.f-torture/execute/980628-6.f execution, -Os
FAIL: g77.f-torture/execute/980628-7.f execution, -O1
FAIL: g77.f-torture/execute/980628-7.f execution, -O2
FAIL: g77.f-torture/execute/980628-7.f execution, -O3 -fomit-frame-pointer
FAIL: g77.f-torture/execute/980628-7.f execution, -O3 -g
FAIL: g77.f-torture/execute/980628-7.f execution, -Os
FAIL: g77.f-torture/execute/980628-8.f execution, -O1
FAIL: g77.f-torture/execute/980628-8.f execution, -O2
FAIL: g77.f-torture/execute/980628-8.f execution, -O3 -fomit-frame-pointer
FAIL: g77.f-torture/execute/980628-8.f execution, -O3 -g
FAIL: g77.f-torture/execute/980628-8.f execution, -Os
FAIL: g77.f-torture/execute/980628-9.f execution, -O0
FAIL: g77.f-torture/execute/980628-9.f execution, -O1
FAIL: g77.f-torture/execute/980628-9.f execution, -O2
FAIL: g77.f-torture/execute/980628-9.f execution, -O3 -fomit-frame-pointer
FAIL: g77.f-torture/execute/980628-9.f execution, -O3 -g
FAIL: g77.f-torture/execute/980628-9.f execution, -Os
=== g77 Summary for unix ===
# of expected passes 903
# of unexpected failures 63
# of untested testcases 1
# of unsupported tests 8
=== g77 Summary ===
# of expected passes 2711
# of unexpected failures 187
# of untested testcases 3
# of unsupported tests 24
=== gcc tests ===
Running target unix/-fPIC
FAIL: gcc.c-torture/compile/950612-1.c, -O0
FAIL: gcc.c-torture/compile/950612-1.c, -O1
FAIL: gcc.c-torture/compile/950612-1.c, -O2
FAIL: gcc.c-torture/compile/950612-1.c, -O3 -fomit-frame-pointer
FAIL: gcc.c-torture/compile/950612-1.c, -O3 -fomit-frame-pointer -funroll-loops
FAIL: gcc.c-torture/compile/950612-1.c, -O3 -fomit-frame-pointer -funroll-all-loops -finline-functions
FAIL: gcc.c-torture/compile/950612-1.c, -O3 -g
FAIL: gcc.c-torture/compile/950612-1.c, -Os
FAIL: gcc.c-torture/execute/921029-1.c compilation, -O0
FAIL: gcc.c-torture/execute/921029-1.c compilation, -O1
FAIL: gcc.c-torture/execute/921029-1.c compilation, -O2
FAIL: gcc.c-torture/execute/921029-1.c compilation, -O3 -fomit-frame-pointer
FAIL: gcc.c-torture/execute/921029-1.c compilation, -O3 -g
FAIL: gcc.c-torture/execute/921029-1.c compilation, -Os
FAIL: gcc.c-torture/execute/961122-1.c compilation, -O3 -fomit-frame-pointer
FAIL: gcc.c-torture/execute/961122-1.c compilation, -O3 -g
FAIL: gcc.c-torture/execute/complex-2.c compilation, -O1
FAIL: gcc.c-torture/execute/complex-2.c compilation, -O2
FAIL: gcc.c-torture/execute/complex-2.c compilation, -Os
FAIL: gcc.dg/cpp/ucs.c bad U1234abcd evaluation (test for bogus messages, line 14)
FAIL: gcc.dg/cpp/ucs.c (test for warnings, line 24)
FAIL: gcc.dg/cpp/ucs.c (test for excess errors)
FAIL: gcc.dg/20001013-1.c (test for excess errors)
FAIL: gcc.dg/c99-float-1.c (test for excess errors)
FAIL: gcc.misc-tests/gcov-1.c (test for excess errors)
FAIL: gcc.misc-tests/gcov-1.c execution test
FAIL: gcov-1.c:1:is 4:should be 11
FAIL: gcov-1.c:1:is 5:should be 10
FAIL: gcov-1.c:1:is 7:should be 1
FAIL: gcc.misc-tests/gcov-2.c (test for excess errors) (PRMS 8294)
FAIL: gcc.misc-tests/gcov-2.c execution test (PRMS 8294)
=== gcc Summary for unix/-fPIC ===
# of expected passes 15408
# of unexpected failures 31
# of expected failures 66
# of unresolved testcases 14
# of unsupported tests 50
Running target unix/-fpic
FAIL: gcc.c-torture/compile/950612-1.c, -O0
FAIL: gcc.c-torture/compile/950612-1.c, -O1
FAIL: gcc.c-torture/compile/950612-1.c, -O2
FAIL: gcc.c-torture/compile/950612-1.c, -O3 -fomit-frame-pointer
FAIL: gcc.c-torture/compile/950612-1.c, -O3 -fomit-frame-pointer -funroll-loops
FAIL: gcc.c-torture/compile/950612-1.c, -O3 -fomit-frame-pointer -funroll-all-loops -finline-functions
FAIL: gcc.c-torture/compile/950612-1.c, -O3 -g
FAIL: gcc.c-torture/compile/950612-1.c, -Os
FAIL: gcc.c-torture/execute/921029-1.c compilation, -O0
FAIL: gcc.c-torture/execute/921029-1.c compilation, -O1
FAIL: gcc.c-torture/execute/921029-1.c compilation, -O2
FAIL: gcc.c-torture/execute/921029-1.c compilation, -O3 -fomit-frame-pointer
FAIL: gcc.c-torture/execute/921029-1.c compilation, -O3 -g
FAIL: gcc.c-torture/execute/921029-1.c compilation, -Os
FAIL: gcc.c-torture/execute/961122-1.c compilation, -O3 -fomit-frame-pointer
FAIL: gcc.c-torture/execute/961122-1.c compilation, -O3 -g
FAIL: gcc.c-torture/execute/complex-2.c compilation, -O1
FAIL: gcc.c-torture/execute/complex-2.c compilation, -O2
FAIL: gcc.c-torture/execute/complex-2.c compilation, -Os
FAIL: gcc.dg/cpp/ucs.c bad U1234abcd evaluation (test for bogus messages, line 14)
FAIL: gcc.dg/cpp/ucs.c (test for warnings, line 24)
FAIL: gcc.dg/cpp/ucs.c (test for excess errors)
FAIL: gcc.dg/20001013-1.c (test for excess errors)
FAIL: gcc.dg/c99-float-1.c (test for excess errors)
FAIL: gcc.misc-tests/gcov-1.c (test for excess errors)
FAIL: gcc.misc-tests/gcov-1.c execution test
FAIL: gcov-1.c:1:is 4:should be 11
FAIL: gcov-1.c:1:is 5:should be 10
FAIL: gcov-1.c:1:is 7:should be 1
FAIL: gcc.misc-tests/gcov-2.c (test for excess errors) (PRMS 8294)
FAIL: gcc.misc-tests/gcov-2.c execution test (PRMS 8294)
=== gcc Summary for unix/-fpic ===
# of expected passes 15408
# of unexpected failures 31
# of expected failures 66
# of unresolved testcases 14
# of unsupported tests 50
Running target unix
FAIL: gcc.c-torture/compile/950612-1.c, -O0
FAIL: gcc.c-torture/compile/950612-1.c, -O1
FAIL: gcc.c-torture/compile/950612-1.c, -O2
FAIL: gcc.c-torture/compile/950612-1.c, -O3 -fomit-frame-pointer
FAIL: gcc.c-torture/compile/950612-1.c, -O3 -fomit-frame-pointer -funroll-loops
FAIL: gcc.c-torture/compile/950612-1.c, -O3 -fomit-frame-pointer -funroll-all-loops -finline-functions
FAIL: gcc.c-torture/compile/950612-1.c, -O3 -g
FAIL: gcc.c-torture/compile/950612-1.c, -Os
FAIL: gcc.c-torture/execute/921029-1.c compilation, -O0
FAIL: gcc.c-torture/execute/921029-1.c compilation, -O1
FAIL: gcc.c-torture/execute/921029-1.c compilation, -O2
FAIL: gcc.c-torture/execute/921029-1.c compilation, -O3 -fomit-frame-pointer
FAIL: gcc.c-torture/execute/921029-1.c compilation, -O3 -g
FAIL: gcc.c-torture/execute/921029-1.c compilation, -Os
FAIL: gcc.c-torture/execute/961122-1.c compilation, -O3 -fomit-frame-pointer
FAIL: gcc.c-torture/execute/961122-1.c compilation, -O3 -g
FAIL: gcc.c-torture/execute/complex-2.c compilation, -O1
FAIL: gcc.c-torture/execute/complex-2.c compilation, -O2
FAIL: gcc.c-torture/execute/complex-2.c compilation, -Os
FAIL: gcc.dg/cpp/ucs.c bad U1234abcd evaluation (test for bogus messages, line 14)
FAIL: gcc.dg/cpp/ucs.c (test for warnings, line 24)
FAIL: gcc.dg/cpp/ucs.c (test for excess errors)
FAIL: gcc.dg/20001013-1.c (test for excess errors)
FAIL: gcc.dg/c99-float-1.c (test for excess errors)
=== gcc Summary for unix ===
# of expected passes 15413
# of unexpected failures 24
# of expected failures 66
# of unresolved testcases 14
# of unsupported tests 50
=== gcc Summary ===
# of expected passes 46229
# of unexpected failures 86
# of expected failures 198
# of unresolved testcases 42
# of unsupported tests 150
/teal/caip5/ghazi/gcc-testing/build/gcc/xgcc version 3.1 20010607 (experimental)
=== objc tests ===
Running target unix/-fPIC
FAIL: objc/execute/class-13.m execution, -O
FAIL: objc/execute/class-5.m execution, -O
FAIL: objc/execute/class-6.m execution, -O
FAIL: objc/execute/class-8.m execution, -O
FAIL: objc/execute/class-9.m execution, -O
FAIL: objc/execute/formal_protocol-6.m execution, -O
=== objc Summary for unix/-fPIC ===
# of expected passes 140
# of unexpected failures 6
Running target unix/-fpic
FAIL: objc/execute/class-13.m execution, -O
FAIL: objc/execute/class-5.m execution, -O
FAIL: objc/execute/class-6.m execution, -O
FAIL: objc/execute/class-8.m execution, -O
FAIL: objc/execute/class-9.m execution, -O
FAIL: objc/execute/formal_protocol-6.m execution, -O
=== objc Summary for unix/-fpic ===
# of expected passes 140
# of unexpected failures 6
Running target unix
FAIL: objc/execute/class-13.m execution, -O
FAIL: objc/execute/class-5.m execution, -O
FAIL: objc/execute/class-6.m execution, -O
FAIL: objc/execute/class-8.m execution, -O
FAIL: objc/execute/class-9.m execution, -O
FAIL: objc/execute/formal_protocol-6.m execution, -O
=== objc Summary for unix ===
# of expected passes 140
# of unexpected failures 6
=== objc Summary ===
# of expected passes 420
# of unexpected failures 18
/teal/caip5/ghazi/gcc-testing/build/gcc/xgcc version 3.1 20010607 (experimental)
=== libstdc++-v3 tests ===
Running target unix/-fPIC
FAIL: 19_diagnostics/stdexceptions.cc execution test
FAIL: 21_strings/append.cc execution test
FAIL: 21_strings/c_strings.cc execution test
FAIL: 21_strings/ctor_copy_dtor.cc execution test
FAIL: 21_strings/element_access.cc execution test
FAIL: 21_strings/insert.cc execution test
FAIL: 21_strings/substr.cc execution test
FAIL: 22_locale/codecvt_unicode_char.cc execution test
FAIL: 22_locale/codecvt_unicode_wchar_t.cc execution test
FAIL: 22_locale/ctor_copy_dtor.cc execution test
FAIL: 23_containers/bitset_ctor.cc execution test
FAIL: 23_containers/bitset_members.cc execution test
FAIL: 23_containers/vector_element_access.cc execution test
XPASS: 26_numerics/c99_classification_macros_c.cc (test for excess errors)
FAIL: 26_numerics/c_math.cc (test for excess errors)
FAIL: 26_numerics/complex_value.cc (test for excess errors)
FAIL: 27_io/ios_members.cc execution test
=== libstdc++-v3 Summary for unix/-fPIC ===
# of expected passes 225
# of unexpected failures 16
# of unexpected successes 1
# of expected failures 7
Running target unix/-fpic
FAIL: 19_diagnostics/stdexceptions.cc execution test
FAIL: 21_strings/append.cc execution test
FAIL: 21_strings/c_strings.cc execution test
FAIL: 21_strings/ctor_copy_dtor.cc execution test
FAIL: 21_strings/element_access.cc execution test
FAIL: 21_strings/insert.cc execution test
FAIL: 21_strings/substr.cc execution test
FAIL: 22_locale/codecvt_unicode_char.cc execution test
FAIL: 22_locale/codecvt_unicode_wchar_t.cc execution test
FAIL: 22_locale/ctor_copy_dtor.cc execution test
FAIL: 23_containers/bitset_ctor.cc execution test
FAIL: 23_containers/bitset_members.cc execution test
FAIL: 23_containers/vector_element_access.cc execution test
XPASS: 26_numerics/c99_classification_macros_c.cc (test for excess errors)
FAIL: 26_numerics/c_math.cc (test for excess errors)
FAIL: 26_numerics/complex_value.cc (test for excess errors)
FAIL: 27_io/ios_members.cc execution test
=== libstdc++-v3 Summary for unix/-fpic ===
# of expected passes 225
# of unexpected failures 16
# of unexpected successes 1
# of expected failures 7
Running target unix
FAIL: 19_diagnostics/stdexceptions.cc execution test
FAIL: 21_strings/append.cc execution test
FAIL: 21_strings/c_strings.cc execution test
FAIL: 21_strings/ctor_copy_dtor.cc execution test
FAIL: 21_strings/element_access.cc execution test
FAIL: 21_strings/insert.cc execution test
FAIL: 21_strings/substr.cc execution test
FAIL: 22_locale/codecvt_unicode_char.cc execution test
FAIL: 22_locale/codecvt_unicode_wchar_t.cc execution test
FAIL: 22_locale/ctor_copy_dtor.cc execution test
FAIL: 23_containers/bitset_ctor.cc execution test
FAIL: 23_containers/bitset_members.cc execution test
FAIL: 23_containers/vector_element_access.cc execution test
XPASS: 26_numerics/c99_classification_macros_c.cc (test for excess errors)
FAIL: 26_numerics/c_math.cc (test for excess errors)
FAIL: 26_numerics/complex_value.cc (test for excess errors)
FAIL: 27_io/ios_members.cc execution test
=== libstdc++-v3 Summary for unix ===
# of expected passes 225
# of unexpected failures 16
# of unexpected successes 1
# of expected failures 7
=== libstdc++-v3 Summary ===
# of expected passes 675
# of unexpected failures 48
# of unexpected successes 3
# of expected failures 21
Compiler version: 3.1 20010607 (experimental)
Platform: sparc-sun-solaris2.7
configure flags: --host=sparc-sun-solaris2.7 --verbose --enable-languages=c,objc,c++,f77