This is the mail archive of the
gcc-testresults@gcc.gnu.org
mailing list for the GCC project.
Results for 3.0 20010608 (prerelease) testsuite on i686-pc-linux-gnu
- To: gcc-testresults at gcc dot gnu dot org
- Subject: Results for 3.0 20010608 (prerelease) testsuite on i686-pc-linux-gnu
- From: Peter Schmid <schmid at snake dot iap dot physik dot tu-darmstadt dot de>
- Date: Fri, 8 Jun 2001 14:58:43 +0200
Native configuration is i686-pc-linux-gnu
=== g++ tests ===
Running target unix
FAIL: g++.ext/instantiate1.C not instantiated (test for errors, line 20)
XPASS: g++.other/crash27.C (test for excess errors)
FAIL: g++.warn/impint.C (test for excess errors)
=== g++ Summary ===
# of expected passes 6461
# of unexpected failures 2
# of unexpected successes 1
# of expected failures 102
# of untested testcases 9
/mnt/egcs/build/gcc/testsuite/../g++ version 3.0 20010608 (prerelease)
=== g77 tests ===
Running target unix
XPASS: g77.f-torture/compile/20000629-1.f, -O3 -fomit-frame-pointer -funroll-loops
XPASS: g77.f-torture/compile/20000629-1.f, -O3 -fomit-frame-pointer -funroll-all-loops -finline-functions
=== g77 Summary ===
# of expected passes 947
# of unexpected successes 2
=== gcc tests ===
Running target unix
XPASS: gcc.c-torture/execute/20010114-2.c execution, -O0
XPASS: gcc.c-torture/execute/20010114-2.c execution, -O3 -fomit-frame-pointer
XPASS: gcc.c-torture/execute/20010114-2.c execution, -O3 -g
=== gcc Summary ===
# of expected passes 15191
# of unexpected successes 3
# of expected failures 85
# of unsupported tests 20
/mnt/egcs/build/gcc/xgcc version 3.0 20010608 (prerelease)
=== objc tests ===
Running target unix
=== objc Summary ===
# of expected passes 145
# of expected failures 1
/mnt/egcs/build/gcc/xgcc version 3.0 20010608 (prerelease)
=== libstdc++-v3 tests ===
Running target unix
FAIL: 21_strings/ctor_copy_dtor.cc execution test
FAIL: 21_strings/insert.cc execution test
=== libstdc++-v3 Summary ===
# of expected passes 241
# of unexpected failures 2
# of expected failures 8
Compiler version: 3.0 20010608 (prerelease)
Platform: i686-pc-linux-gnu
configure flags: --host=i686-pc-linux-gnu --enable-shared --disable-nls --enable-threads=posix --enable-long-long --enable-languages=c,c++,f77,objc