This is the mail archive of the
gcc-testresults@gcc.gnu.org
mailing list for the GCC project.
Results for 3.0 20010604 (prerelease) testsuite on i386-unknown-freebsd4.2
- To: gcc-testresults at gcc dot gnu dot org, rittle at latour dot rsch dot comm dot mot dot com
- Subject: Results for 3.0 20010604 (prerelease) testsuite on i386-unknown-freebsd4.2
- From: Loren James Rittle <rittle at latour dot rsch dot comm dot mot dot com>
- Date: Mon, 4 Jun 2001 20:14:18 -0500 (CDT)
Native configuration is i386-unknown-freebsd4.2
=== g++ tests ===
Running target unix
XPASS: g++.other/crash27.C (test for excess errors)
=== g++ Summary for unix ===
# of expected passes 6449
# of unexpected successes 1
# of expected failures 102
# of untested testcases 15
Running target unix/-pthread -fpic
XPASS: g++.other/crash27.C (test for excess errors)
=== g++ Summary for unix/-pthread -fpic ===
# of expected passes 6449
# of unexpected successes 1
# of expected failures 102
# of untested testcases 15
=== g++ Summary ===
# of expected passes 12898
# of unexpected successes 2
# of expected failures 204
# of untested testcases 30
/usr/users/rittle/tmp/gcc-build-latour-3.0-0604/gcc/testsuite/../g++ version 3.0 20010604 (prerelease)
=== g77 tests ===
Running target unix
XPASS: g77.f-torture/compile/20000629-1.f, -O3 -fomit-frame-pointer -funroll-loops
XPASS: g77.f-torture/compile/20000629-1.f, -O3 -fomit-frame-pointer -funroll-all-loops -finline-functions
=== g77 Summary for unix ===
# of expected passes 931
# of unexpected successes 2
# of unsupported tests 8
Running target unix/-pthread -fpic
XPASS: g77.f-torture/compile/20000629-1.f, -O3 -fomit-frame-pointer -funroll-loops
XPASS: g77.f-torture/compile/20000629-1.f, -O3 -fomit-frame-pointer -funroll-all-loops -finline-functions
=== g77 Summary for unix/-pthread -fpic ===
# of expected passes 931
# of unexpected successes 2
# of unsupported tests 8
=== g77 Summary ===
# of expected passes 1862
# of unexpected successes 4
# of unsupported tests 16
=== gcc tests ===
Running target unix
XPASS: gcc.c-torture/execute/20010114-2.c execution, -O0
XPASS: gcc.c-torture/execute/20010114-2.c execution, -O3 -fomit-frame-pointer
XPASS: gcc.c-torture/execute/20010114-2.c execution, -O3 -g
XPASS: gcc.c-torture/execute/ieee/rbug.c execution, -O3 -fomit-frame-pointer
XPASS: gcc.c-torture/execute/ieee/rbug.c execution, -O3 -g
=== gcc Summary for unix ===
# of expected passes 15156
# of unexpected successes 5
# of expected failures 89
# of unsupported tests 24
Running target unix/-pthread -fpic
FAIL: gcc.c-torture/compile/20000804-1.c, -O0
XPASS: gcc.c-torture/execute/20010114-2.c execution, -O0
FAIL: gcc.c-torture/execute/conversion.c execution, -O3 -fomit-frame-pointer
FAIL: gcc.c-torture/execute/conversion.c execution, -O3 -g
XPASS: gcc.c-torture/execute/loop-2b.c execution, -O2
FAIL: gcc.dg/asm-names.c (test for excess errors)
=== gcc Summary for unix/-pthread -fpic ===
# of expected passes 15152
# of unexpected failures 4
# of unexpected successes 2
# of expected failures 92
# of unsupported tests 24
=== gcc Summary ===
# of expected passes 30308
# of unexpected failures 4
# of unexpected successes 7
# of expected failures 181
# of unsupported tests 48
/usr/users/rittle/tmp/gcc-build-latour-3.0-0604/gcc/xgcc version 3.0 20010604 (prerelease)
=== objc tests ===
Running target unix
=== objc Summary for unix ===
# of expected passes 145
# of expected failures 1
Running target unix/-pthread -fpic
=== objc Summary for unix/-pthread -fpic ===
# of expected passes 145
# of expected failures 1
=== objc Summary ===
# of expected passes 290
# of expected failures 2
/usr/users/rittle/tmp/gcc-build-latour-3.0-0604/gcc/xgcc version 3.0 20010604 (prerelease)
=== libstdc++-v3 tests ===
Running target unix
XPASS: 26_numerics/c99_classification_macros_c.cc (test for excess errors)
=== libstdc++-v3 Summary for unix ===
# of expected passes 241
# of unexpected successes 1
# of expected failures 7
Running target unix/-pthread -fpic
XPASS: 26_numerics/c99_classification_macros_c.cc (test for excess errors)
=== libstdc++-v3 Summary for unix/-pthread -fpic ===
# of expected passes 241
# of unexpected successes 1
# of expected failures 7
=== libstdc++-v3 Summary ===
# of expected passes 482
# of unexpected successes 2
# of expected failures 14
Compiler version: 3.0 20010604 (prerelease)
Platform: i386-unknown-freebsd4.2
configure flags: --host=i386-unknown-freebsd4.2 --prefix=/usr/local/beta-gcc --with-gnu-as --with-as=/usr/local/beta-gcc/bin/as --with-gnu-ld --with-ld=/usr/local/beta-gcc/bin/ld
BOOT_CFLAGS=-g -O2