This is the mail archive of the
gcc-testresults@gcc.gnu.org
mailing list for the GCC project.
Results for 3.0 20010423 (prerelease) testsuite on alphaev6-unknown-linux-gnu
- To: gcc-testresults at gcc dot gnu dot org
- Subject: Results for 3.0 20010423 (prerelease) testsuite on alphaev6-unknown-linux-gnu
- From: Alexandre Oliva <oliva at tatu dot lad dot dcc dot unicamp dot br>
- Date: Thu, 26 Apr 2001 07:12:36 -0300
Native configuration is alphaev6-unknown-linux-gnu
=== binutils tests ===
Running target unix
FAIL: strip
FAIL: readelf -r
=== binutils Summary ===
# of expected passes 29
# of unexpected failures 2
# of expected failures 1
=== g++ tests ===
Running target unix
FAIL: g++.dg/vtgc1.C (test for excess errors)
FAIL: g++.brendan/code-gen4.C (test for excess errors)
FAIL: g++.eh/badalloc1.C Execution test
FAIL: g++.ext/pretty3.C (test for excess errors)
FAIL: g++.law/copy1.C (test for excess errors)
FAIL: g++.other/call1.C Execution test
FAIL: g++.other/const1.C uninitialized const (test for errors, line 7)
FAIL: g++.other/const1.C (test for excess errors)
FAIL: g++.other/crash18.C (test for excess errors)
FAIL: g++.other/crash31.C parse error (test for errors, line 11)
FAIL: g++.other/crash31.C (test for excess errors)
FAIL: g++.pt/enum7.C (test for excess errors)
FAIL: g++.pt/ttp37.C (test for excess errors)
=== g++ Summary ===
# of expected passes 6386
# of unexpected failures 13
# of expected failures 91
# of unresolved testcases 1
# of untested testcases 19
/tmp/egcs/gcc/testsuite/../g++ version 3.0 20010423 (prerelease)
=== g77 tests ===
Running target unix
FAIL: g77.f-torture/compile/alpha1.f, -O0
=== g77 Summary ===
# of expected passes 924
# of unexpected failures 1
# of unsupported tests 8
=== gas tests ===
Running target unix
=== gas Summary ===
# of expected passes 66
=== gcc tests ===
Running target unix
FAIL: gcc.c-torture/compile/920502-1.c, -O0
FAIL: gcc.c-torture/compile/980729-1.c, -O0
FAIL: gcc.c-torture/execute/20000603-1.c compilation, -Os
FAIL: gcc.c-torture/execute/20010114-1.c compilation, -O1
FAIL: gcc.c-torture/execute/20010123-1.c execution, -O0
FAIL: gcc.c-torture/execute/20010123-1.c execution, -O1
FAIL: gcc.c-torture/execute/20010123-1.c execution, -O2
FAIL: gcc.c-torture/execute/20010123-1.c execution, -O3 -fomit-frame-pointer
FAIL: gcc.c-torture/execute/20010123-1.c execution, -O3 -fomit-frame-pointer -funroll-loops
FAIL: gcc.c-torture/execute/20010123-1.c execution, -O3 -fomit-frame-pointer -funroll-all-loops -finline-functions
FAIL: gcc.c-torture/execute/20010123-1.c execution, -O3 -g
FAIL: gcc.c-torture/execute/20010123-1.c execution, -Os
FAIL: gcc.c-torture/execute/920929-1.c compilation, -O3 -fomit-frame-pointer -funroll-all-loops -finline-functions
FAIL: gcc.c-torture/execute/930930-2.c compilation, -O1
FAIL: gcc.c-torture/execute/951003-1.c compilation, -O3 -fomit-frame-pointer -funroll-loops
FAIL: gcc.c-torture/execute/980605-1.c compilation, -O1
FAIL: gcc.c-torture/execute/991221-1.c compilation, -Os
FAIL: gcc.c-torture/execute/loop-5.c compilation, -Os
FAIL: gcc.c-torture/execute/va-arg-20.c compilation, -Os
FAIL: gcc.c-torture/execute/ieee/20000320-1.c execution, -O0
FAIL: gcc.c-torture/execute/ieee/20000320-1.c execution, -O1
FAIL: gcc.c-torture/execute/ieee/20000320-1.c execution, -O2
FAIL: gcc.c-torture/execute/ieee/20000320-1.c execution, -O3 -fomit-frame-pointer
FAIL: gcc.c-torture/execute/ieee/20000320-1.c execution, -O3 -g
FAIL: gcc.c-torture/execute/ieee/20000320-1.c execution, -Os
FAIL: gcc.c-torture/execute/ieee/fp-cmp-2.c execution, -O0
FAIL: gcc.c-torture/execute/ieee/fp-cmp-2.c execution, -O1
FAIL: gcc.c-torture/execute/ieee/fp-cmp-2.c execution, -O2
FAIL: gcc.c-torture/execute/ieee/fp-cmp-2.c execution, -O3 -fomit-frame-pointer
FAIL: gcc.c-torture/execute/ieee/fp-cmp-2.c execution, -O3 -fomit-frame-pointer -funroll-loops
FAIL: gcc.c-torture/execute/ieee/fp-cmp-2.c execution, -O3 -fomit-frame-pointer -funroll-all-loops -finline-functions
FAIL: gcc.c-torture/execute/ieee/fp-cmp-2.c execution, -O3 -g
FAIL: gcc.c-torture/execute/ieee/fp-cmp-2.c execution, -Os
FAIL: gcc.c-torture/execute/ieee/fp-cmp-4.c execution, -O0
FAIL: gcc.c-torture/execute/ieee/fp-cmp-4.c execution, -O1
FAIL: gcc.c-torture/execute/ieee/fp-cmp-4.c execution, -O2
FAIL: gcc.c-torture/execute/ieee/fp-cmp-4.c execution, -O3 -fomit-frame-pointer
FAIL: gcc.c-torture/execute/ieee/fp-cmp-4.c execution, -O3 -fomit-frame-pointer -funroll-loops
FAIL: gcc.c-torture/execute/ieee/fp-cmp-4.c execution, -O3 -fomit-frame-pointer -funroll-all-loops -finline-functions
FAIL: gcc.c-torture/execute/ieee/fp-cmp-4.c execution, -O3 -g
FAIL: gcc.c-torture/execute/ieee/fp-cmp-4.c execution, -Os
FAIL: gcc.c-torture/execute/ieee/hugeval.c execution, -O0
FAIL: gcc.c-torture/execute/ieee/mzero2.c execution, -O0
FAIL: gcc.c-torture/execute/ieee/mzero2.c execution, -O1
FAIL: gcc.c-torture/execute/ieee/mzero2.c execution, -O2
FAIL: gcc.c-torture/execute/ieee/mzero2.c execution, -O3 -fomit-frame-pointer
FAIL: gcc.c-torture/execute/ieee/mzero2.c execution, -O3 -g
FAIL: gcc.c-torture/execute/ieee/mzero2.c execution, -Os
XPASS: gcc.c-torture/execute/memcheck/blkarg.c execution, -O0
XPASS: gcc.c-torture/execute/memcheck/blkarg.c execution, -O1
XPASS: gcc.c-torture/execute/memcheck/blkarg.c execution, -O2
XPASS: gcc.c-torture/execute/memcheck/blkarg.c execution, -Os
FAIL: gcc.c-torture/unsorted/bit.c, -Os
FAIL: gcc.c-torture/unsorted/v.c, -O0
FAIL: gcc.dg/sequence-pt-1.c sequence point warning (test for warnings, line 59)
FAIL: gcc.misc-tests/mg.c
=== gcc Summary ===
# of expected passes 15020
# of unexpected failures 52
# of unexpected successes 4
# of expected failures 72
# of unresolved testcases 9
# of unsupported tests 49
/tmp/egcs/gcc/xgcc version 3.0 20010423 (prerelease)
=== ld tests ===
Running target unix
FAIL: cdtest
FAIL: cdtest with -Ur
FAIL: selective1
FAIL: selective2
FAIL: undefined function
=== ld Summary ===
# of expected passes 96
# of unexpected failures 5
# of expected failures 2
# of unresolved testcases 1
=== libjava tests ===
Running target unix
FAIL: Case compilation from source
FAIL: static_2 -O compilation from source
XPASS: N19990310_4 output from source compiled test
XPASS: N19990310_4 -O output from source compiled test
FAIL: Primes -O compilation from bytecode
FAIL: anon2 -O compilation from source
FAIL: err5 compilation from bytecode
FAIL: inner_interface compilation from bytecode
FAIL: klass execution from source compiled test
FAIL: klass execution from bytecode->native test
FAIL: klass -O execution from source compiled test
FAIL: klass -O execution from bytecode->native test
XPASS: stub compilation from source
XPASS: stub byte compilation
XPASS: stub compilation from bytecode
XPASS: stub -O compilation from source
XPASS: stub byte compilation
XPASS: stub -O compilation from bytecode
FAIL: stringconst compilation from bytecode
XPASS: stringconst -O output from bytecode->native test
FAIL: gnu.testlet.java.io.DataInputOutput.ReadReference: readDouble (number 1)
FAIL: Link for gnu.testlet.java.io.ObjectInputOutput.InputTest
FAIL: Link for gnu.testlet.java.io.ObjectInputOutput.OutputTest
FAIL: gnu.testlet.java.io.ObjectStreamClass.Test: getSerialVersionUID (number 2)
FAIL: gnu.testlet.java.io.ObjectStreamClass.Test: uncaught exception at "getSerialVersionUID" number 4: java.lang.ClassFormatError: erroneous field initializer
FAIL: gnu.testlet.java.io.PipedStream.close (number 1)
FAIL: Compile gnu/testlet/java/io/PushbackInputStream/BufferOverflow.o for gnu.testlet.java.io.PushbackInputStream.BufferOverflow
FAIL: gnu.testlet.java.lang.Class.ClassTest: forName (number 3)
FAIL: gnu.testlet.java.lang.Class.reflect: uncaught exception at number 1: java.lang.NullPointerException
FAIL: gnu.testlet.java.lang.Double.DoubleTest: uncaught exception at number 1: java.lang.ArithmeticException: / by zero
FAIL: gnu.testlet.java.lang.Double.new_Double: uncaught exception at number 1: java.lang.NullPointerException
FAIL: gnu.testlet.java.lang.Float.FloatTest: Error: test_Basics failed - 3 (number 1)
FAIL: gnu.testlet.java.lang.Float.FloatTest: Error: test_Basics failed - 4 (number 1)
FAIL: gnu.testlet.java.lang.Float.FloatTest: Error: test_Basics failed - 10 (number 1)
FAIL: gnu.testlet.java.lang.Float.FloatTest: Error: test_Basics failed - 11 (number 1)
FAIL: gnu.testlet.java.lang.Float.FloatTest: Error: test_Basics failed - 12 (number 1)
FAIL: gnu.testlet.java.lang.Float.FloatTest: Error: test_Basics failed - 13 (number 1)
FAIL: gnu.testlet.java.lang.Float.FloatTest: Error: test_toString failed - 5 (number 1)
FAIL: gnu.testlet.java.lang.Float.FloatTest: Error: test_toString failed - 6 (number 1)
FAIL: gnu.testlet.java.lang.Float.FloatTest: Error: test_toString failed - 8 (number 1)
FAIL: gnu.testlet.java.lang.Float.FloatTest: uncaught exception at "Error: test_equals failed - 4" number 2: java.lang.ArithmeticException: / by zero
FAIL: gnu.testlet.java.lang.Float.new_Float (number 7)
FAIL: gnu.testlet.java.lang.Float.new_Float (number 8)
FAIL: gnu.testlet.java.lang.Integer.IntegerTest: Error: test_Basics failed - 1 (number 1)
FAIL: gnu.testlet.java.lang.Long.LongTest: Error: test_Basics failed - 1 (number 1)
FAIL: gnu.testlet.java.lang.Math.MathTest: Error : test_Basics failed - 1 (number 1)
FAIL: gnu.testlet.java.lang.Math.MathTest: Error : test_atan2 failed - 5 (number 1)
FAIL: gnu.testlet.java.lang.Math.MathTest: Error : test_abs failed - 9 (number 1)
FAIL: gnu.testlet.java.lang.Math.max (number 2)
FAIL: gnu.testlet.java.lang.Math.max (number 18)
FAIL: gnu.testlet.java.lang.Math.max (number 28)
FAIL: gnu.testlet.java.lang.Math.max (number 29)
FAIL: gnu.testlet.java.lang.Math.max (number 31)
FAIL: gnu.testlet.java.lang.Math.min (number 1)
FAIL: gnu.testlet.java.lang.Math.min (number 2)
FAIL: gnu.testlet.java.lang.Math.min (number 3)
FAIL: gnu.testlet.java.lang.Math.min (number 17)
FAIL: gnu.testlet.java.lang.Math.min (number 18)
FAIL: gnu.testlet.java.lang.Math.min (number 19)
FAIL: gnu.testlet.java.lang.Math.min (number 28)
FAIL: gnu.testlet.java.lang.Math.min (number 29)
FAIL: gnu.testlet.java.lang.Math.min (number 30)
FAIL: gnu.testlet.java.lang.Math.sin (number 1)
FAIL: Compile gnu/testlet/java/lang/StringBuffer/StringBufferTest.o for gnu.testlet.java.lang.StringBuffer.StringBufferTest
FAIL: gnu.testlet.java.lang.StringBuffer.plus (number 6)
FAIL: gnu.testlet.java.lang.reflect.Constructor.newInstance: uncaught exception at number 1: java.lang.NullPointerException
FAIL: gnu.testlet.java.lang.reflect.Method.invoke: uncaught exception at number 1: java.lang.NullPointerException
FAIL: gnu.testlet.java.math.BigInteger.shift: shift (number 1)
FAIL: gnu.testlet.java.math.BigInteger.shift: shift (number 2)
FAIL: gnu.testlet.java.net.DatagramSocket.DatagramSocketTest2: uncaught exception at "invalid_receive_data" number 4: java.lang.IllegalArgumentException: Invalid length: -1
FAIL: gnu.testlet.java.net.ServerSocket.ServerSocketTest: Error : test_params failed - 4toString did not return proper values (number 1)
FAIL: Link for gnu.testlet.java.text.DecimalFormatSymbols.GetSet11
FAIL: gnu.testlet.java.text.SimpleDateFormat.Test: parsing regression (number 1)
=== libjava Summary ===
# of expected passes 12664
# of unexpected failures 64
# of unexpected successes 9
# of expected failures 36
# of untested testcases 34
=== objc tests ===
Running target unix
FAIL: objc/execute/IMP.m execution, -O
FAIL: objc/execute/_cmd.m execution, -O
FAIL: objc/execute/accessing_ivars.m execution, -O
FAIL: objc/execute/bf-1.m execution, -O
FAIL: objc/execute/bf-10.m execution, -O
FAIL: objc/execute/bf-11.m execution, -O
FAIL: objc/execute/bf-12.m execution, -O
FAIL: objc/execute/bf-13.m execution, -O
FAIL: objc/execute/bf-14.m execution, -O
FAIL: objc/execute/bf-15.m execution, -O
FAIL: objc/execute/bf-16.m execution, -O
FAIL: objc/execute/bf-17.m execution, -O
FAIL: objc/execute/bf-18.m execution, -O
FAIL: objc/execute/bf-19.m execution, -O
FAIL: objc/execute/bf-2.m execution, -O
FAIL: objc/execute/bf-20.m execution, -O
FAIL: objc/execute/bf-3.m execution, -O
FAIL: objc/execute/bf-4.m execution, -O
FAIL: objc/execute/bf-5.m execution, -O
FAIL: objc/execute/bf-6.m execution, -O
FAIL: objc/execute/bf-7.m execution, -O
FAIL: objc/execute/bf-8.m execution, -O
FAIL: objc/execute/bf-9.m execution, -O
FAIL: objc/execute/bycopy-1.m execution, -O
FAIL: objc/execute/bycopy-2.m execution, -O
FAIL: objc/execute/bycopy-3.m execution, -O
FAIL: objc/execute/class-1.m execution, -O
FAIL: objc/execute/class-10.m execution, -O
FAIL: objc/execute/class-11.m execution, -O
FAIL: objc/execute/class-12.m execution, -O
FAIL: objc/execute/class-13.m execution, -O
FAIL: objc/execute/class-14.m compilation, -O
FAIL: objc/execute/class-2.m execution, -O
FAIL: objc/execute/class-3.m execution, -O
FAIL: objc/execute/class-4.m execution, -O
FAIL: objc/execute/class-5.m execution, -O
FAIL: objc/execute/class-6.m execution, -O
FAIL: objc/execute/class-7.m execution, -O
FAIL: objc/execute/class-8.m execution, -O
FAIL: objc/execute/class-9.m execution, -O
FAIL: objc/execute/compatibility_alias.m execution, -O
FAIL: objc/execute/encode-1.m execution, -O
FAIL: objc/execute/fdecl.m execution, -O
FAIL: objc/execute/formal_protocol-1.m execution, -O
FAIL: objc/execute/formal_protocol-2.m execution, -O
FAIL: objc/execute/formal_protocol-3.m execution, -O
FAIL: objc/execute/formal_protocol-4.m execution, -O
FAIL: objc/execute/formal_protocol-5.m compilation, -O
FAIL: objc/execute/formal_protocol-6.m compilation, -O
FAIL: objc/execute/formal_protocol-7.m execution, -O
FAIL: objc/execute/informal_protocol.m execution, -O
FAIL: objc/execute/initialize.m execution, -O
FAIL: objc/execute/load.m execution, -O
FAIL: objc/execute/many_args_method.m execution, -O
FAIL: objc/execute/nested-1.m execution, -O
FAIL: objc/execute/nested-2.m execution, -O
FAIL: objc/execute/nested-3.m execution, -O
FAIL: objc/execute/no_clash.m execution, -O
FAIL: objc/execute/np-1.m execution, -O
FAIL: objc/execute/np-2.m execution, -O
FAIL: objc/execute/paste.m execution, -O
FAIL: objc/execute/private.m execution, -O
FAIL: objc/execute/protocol.m compilation, -O
FAIL: objc/execute/redefining_self.m execution, -O
FAIL: objc/execute/root_methods.m execution, -O
FAIL: objc/execute/selector-1.m execution, -O
FAIL: objc/execute/static-1.m execution, -O
FAIL: objc/execute/static-2.m execution, -O
FAIL: objc/execute/string1.m execution, -O
FAIL: objc/execute/string2.m execution, -O
FAIL: objc/execute/string3.m execution, -O
FAIL: objc/execute/string4.m execution, -O
FAIL: objc/execute/va_method.m execution, -O
=== objc Summary ===
# of expected passes 69
# of unexpected failures 73
# of untested testcases 4
/tmp/egcs/gcc/xgcc version 3.0 20010423 (prerelease)
Compiler version: 3.0 20010423 (prerelease)
Platform: alphaev6-unknown-linux-gnu
BOOT_CFLAGS: -g -O9 -W -Wall
Counting all warnings,
there are 42 warnings in stage3 of this bootstrap.
Number of warnings per file:
19 libjava/java/lang/mprec.c
4 libjava/java/lang/strtod.c
4 libjava/java/lang/dtoa.c
3 libjava/java/lang/e_exp.c
2 libjava/prims.cc
2 libjava/gnu/gcj/convert/natIconv.cc
1 libjava/java/lang/e_rem_pio2.c
1 libjava/java/lang/e_log.c
1 libjava/java/lang/e_asin.c
1 libjava/java/io/natFile.cc
1 libjava/gnu/gcj/io/shs.cc
1 libjava/exception.cc
1 libjava/boehm.cc
1 /home/lsd/oliva/src/tool/egcs/boehm-gc/mark_rts.c
Number of warning types:
13 `???' might be used uninitialized in this function
12 suggest parentheses around + or - inside shift
4 suggest parentheses around assignment used as truth value
3 unused parameter `
3 suggest parentheses around arithmetic in operand of |
1 unused
1 unused
1 function returns address of local variable
1 extra tokens at end of #ifdef directive
1 division: function singularity
1 comparison
1 `void