This is the mail archive of the
gcc-testresults@gcc.gnu.org
mailing list for the GCC project.
Results for 3.1 20010421 (experimental) testsuite on alphaev6-unknown-linux-gnu
- To: gcc-testresults at gcc dot gnu dot org
- Subject: Results for 3.1 20010421 (experimental) testsuite on alphaev6-unknown-linux-gnu
- From: Brad Lucier <lucier at popov dot math dot purdue dot edu>
- Date: Sat, 21 Apr 2001 22:36:09 -0500
Native configuration is alphaev6-unknown-linux-gnu
=== libstdc++ tests ===
Running target unix
FAIL: 21_strings/c_strings.cc (execution test), static
FAIL: 21_strings/c_strings.cc (execution test), shared
FAIL: 21_strings/insert.cc (execution test), static
FAIL: 21_strings/insert.cc (execution test), shared
FAIL: 22_locale/codecvt_unicode_char.cc (execution test), static
FAIL: 22_locale/codecvt_unicode_char.cc (execution test), shared
FAIL: 22_locale/codecvt_unicode_wchar_t.cc (execution test), static
FAIL: 22_locale/codecvt_unicode_wchar_t.cc (execution test), shared
FAIL: 22_locale/ctor_copy_dtor.cc (execution test), static
FAIL: 22_locale/ctor_copy_dtor.cc (execution test), shared
FAIL: 26_numerics/c99_classification_macros_c++.cc (test for excess errors), static
FAIL: 26_numerics/c99_classification_macros_c++.cc (test for excess errors), shared
FAIL: 27_io/fpos.cc (execution test), static
FAIL: 27_io/fpos.cc (execution test), shared
FAIL: 27_io/istream_seeks.cc (execution test), static
FAIL: 27_io/istream_seeks.cc (execution test), shared
=== libstdc++ Summary ===
# of expected passes 394
# of unexpected failures 16
# of expected failures 16
/export/u11/lucier/programs/gcc/gcc-3.1/libstdc++-v3 version 20010417
=== libjava tests ===
Running target unix
FAIL: ArrayClass compilation from bytecode
FAIL: ArrayClass -O compilation from bytecode
FAIL: BlankFinal compilation from bytecode
FAIL: BlankFinal -O compilation from bytecode
FAIL: assignment compilation from bytecode
FAIL: assignment -O compilation from bytecode
FAIL: Array_1 compilation from bytecode
FAIL: Array_1 -O compilation from bytecode
FAIL: Class_1 compilation from bytecode
FAIL: Class_1 -O compilation from bytecode
FAIL: Divide_1 compilation from bytecode
FAIL: Divide_1 -O compilation from bytecode
FAIL: Final compilation from bytecode
FAIL: Final -O compilation from bytecode
FAIL: G19990302_02 compilation from bytecode
FAIL: G19990302_02 -O compilation from bytecode
FAIL: G19990303_01 compilation from bytecode
FAIL: G19990303_01 -O compilation from bytecode
FAIL: G19990303_02 compilation from bytecode
FAIL: G19990303_02 -O compilation from bytecode
FAIL: G19990304_01 compilation from bytecode
FAIL: G19990304_01 -O compilation from bytecode
FAIL: InterfaceDispatch compilation from bytecode
FAIL: InterfaceDispatch -O compilation from bytecode
FAIL: Invoke_1 execution from source compiled test
FAIL: Invoke_1 compilation from bytecode
FAIL: Invoke_1 -O execution from source compiled test
FAIL: Invoke_1 -O compilation from bytecode
XPASS: N19990310_4 output from source compiled test
XPASS: N19990310_4 -O output from source compiled test
FAIL: PR141 compilation from bytecode
FAIL: PR141 -O compilation from bytecode
FAIL: PR218 execution from source compiled test
FAIL: PR218 compilation from bytecode
FAIL: PR218 -O execution from source compiled test
FAIL: PR218 -O compilation from bytecode
FAIL: PR260 compilation from bytecode
FAIL: PR260 -O compilation from bytecode
FAIL: Primes output from bytecode->native test
FAIL: Primes -O output from bytecode->native test
FAIL: StringBuffer_1 compilation from bytecode
FAIL: StringBuffer_1 -O compilation from bytecode
FAIL: Thread_Alive execution from source compiled test
FAIL: Thread_Alive compilation from bytecode
FAIL: Thread_Alive -O execution from source compiled test
FAIL: Thread_Alive -O compilation from bytecode
FAIL: Thread_Interrupt execution from source compiled test
FAIL: Thread_Interrupt compilation from bytecode
FAIL: Thread_Interrupt -O execution from source compiled test
FAIL: Thread_Interrupt -O compilation from bytecode
FAIL: Thread_Join execution from source compiled test
FAIL: Thread_Join compilation from bytecode
FAIL: Thread_Join -O execution from source compiled test
FAIL: Thread_Join -O compilation from bytecode
FAIL: Thread_Monitor execution from source compiled test
FAIL: Thread_Monitor compilation from bytecode
FAIL: Thread_Monitor -O execution from source compiled test
FAIL: Thread_Monitor -O compilation from bytecode
FAIL: Thread_Sleep compilation from bytecode
FAIL: Thread_Sleep -O compilation from bytecode
FAIL: Thread_Wait execution from source compiled test
FAIL: Thread_Wait compilation from bytecode
FAIL: Thread_Wait -O execution from source compiled test
FAIL: Thread_Wait -O compilation from bytecode
FAIL: Thread_Wait_2 execution from source compiled test
FAIL: Thread_Wait_2 compilation from bytecode
FAIL: Thread_Wait_2 -O execution from source compiled test
FAIL: Thread_Wait_2 -O compilation from bytecode
FAIL: Thread_Wait_Interrupt execution from source compiled test
FAIL: Thread_Wait_Interrupt compilation from bytecode
FAIL: Thread_Wait_Interrupt -O execution from source compiled test
FAIL: Thread_Wait_Interrupt -O compilation from bytecode
FAIL: Throw_1 compilation from bytecode
FAIL: Throw_1 -O compilation from bytecode
FAIL: instinit2 compilation from bytecode
FAIL: instinit2 -O compilation from bytecode
FAIL: klass execution from source compiled test
FAIL: klass execution from bytecode->native test
FAIL: klass -O execution from source compiled test
FAIL: klass -O execution from bytecode->native test
FAIL: pr179 compilation from bytecode
FAIL: pr179 -O compilation from bytecode
FAIL: pr184 compilation from bytecode
FAIL: pr184 -O compilation from bytecode
FAIL: pr83 compilation from bytecode
FAIL: pr83 -O compilation from bytecode
XPASS: stringconst output from bytecode->native test
XPASS: stringconst -O output from bytecode->native test
FAIL: stringconst2 compilation from bytecode
FAIL: stringconst2 -O compilation from bytecode
=== libjava Summary ===
# of expected passes 1442
# of unexpected failures 86
# of unexpected successes 4
# of expected failures 20
# of untested testcases 164
=== gcc tests ===
Running target unix
XPASS: gcc.c-torture/execute/20010124-1.c execution, -O0
XPASS: gcc.c-torture/execute/20010124-1.c execution, -O1
XPASS: gcc.c-torture/execute/20010124-1.c execution, -O2
XPASS: gcc.c-torture/execute/20010124-1.c execution, -O3 -fomit-frame-pointer
XPASS: gcc.c-torture/execute/20010124-1.c execution, -O3 -g
XPASS: gcc.c-torture/execute/20010124-1.c execution, -Os
XPASS: gcc.c-torture/execute/memcheck/blkarg.c execution, -O0
XPASS: gcc.c-torture/execute/memcheck/blkarg.c execution, -O1
XPASS: gcc.c-torture/execute/memcheck/blkarg.c execution, -O2
XPASS: gcc.c-torture/execute/memcheck/blkarg.c execution, -Os
=== gcc Summary ===
# of expected passes 15161
# of unexpected successes 10
# of expected failures 81
# of unsupported tests 49
/export/u11/lucier/programs/gcc/gcc-3.1/objdir/gcc/xgcc version 3.1 20010421 (experimental)
=== g++ tests ===
Running target unix
FAIL: g++.dg/vtgc1.C (test for excess errors)
FAIL: g++.ext/instantiate1.C not instantiated (test for errors, line 20)
FAIL: g++.ext/instantiate1.C not instantiated (test for errors, line 22)
FAIL: g++.ext/instantiate2.C not instantiated (test for errors, line 19)
FAIL: g++.ext/instantiate3.C not instantiated (test for errors, line 13)
FAIL: g++.other/call1.C Execution test
FAIL: g++.other/crash18.C (test for excess errors)
XPASS: g++.other/crash27.C (test for excess errors)
=== g++ Summary ===
# of expected passes 6421
# of unexpected failures 7
# of unexpected successes 1
# of expected failures 87
# of unresolved testcases 1
# of untested testcases 19
/export/u11/lucier/programs/gcc/gcc-3.1/objdir/gcc/testsuite/../g++ version 3.1 20010421 (experimental)
=== g77 tests ===
Running target unix
FAIL: g77.f-torture/compile/20000629-1.f, -O3 -g
=== g77 Summary ===
# of expected passes 924
# of unexpected failures 1
# of unsupported tests 8
=== objc tests ===
Running target unix
FAIL: objc/execute/formal_protocol-5.m compilation, -O
FAIL: objc/execute/formal_protocol-6.m compilation, -O
FAIL: objc/execute/protocol.m compilation, -O
=== objc Summary ===
# of expected passes 140
# of unexpected failures 3
# of untested testcases 3
/export/u11/lucier/programs/gcc/gcc-3.1/objdir/gcc/xgcc version 3.1 20010421 (experimental)
Compiler version: 3.1 20010421 (experimental)
Platform: alphaev6-unknown-linux-gnu
configure flags: --host=alphaev6-unknown-linux-gnu
Counting all warnings,
there are 76 warnings in stage3 of this bootstrap.
Number of warnings per file:
7 gcc/loop.c
6 gcc/expr.c
6 gcc/cp/pt.c
5 gcc/cp/error.c
4 gcc/cp/call.c
4 gcc/config/alpha/alpha.c
3 gcc/sched-deps.c
3 gcc/reload1.c
3 gcc/java/jvspec.c
3 gcc/gcc.c
3 gcc/except.c
2 gcc/sdbout.c
2 gcc/reload.c
2 gcc/flow.c
2 gcc/dwarf2out.c
2 gcc/builtins.c
1 gcc/unwind-dw2-fde.c
1 gcc/resource.c
1 gcc/regmove.c
1 gcc/recog.c
1 gcc/objc/lang-specs.h
1 gcc/java/verify.c
1 gcc/java/mangle.c
1 gcc/java/jcf-write.c
1 gcc/fold-const.c
1 gcc/final.c
1 gcc/f/lang-specs.h
1 gcc/emit-rtl.c
1 gcc/cse.c
1 gcc/cppexp.c
1 gcc/cp/method.c
1 gcc/cp/lang-specs.h
1 gcc/cp/init.c
1 gcc/cp/errfn.c
1 gcc/combine.c
Number of warning types:
21 comparison between signed and unsigned
16 \`???' might be used uninitialized in this function
6 string length \`???' is greater than the length \`???' ISO C89 compilers are required to support
5 unused parameter \`???'
5 initialization from incompatible pointer type
4 signed and unsigned type in conditional expression
3 unused variable \`???'
3 function declaration isn't a prototype
2 implicit declaration of function \`???'
1 type mismatch with previous implicit declaration
1 traditional C rejects string concatenation
1 previous implicit declaration of \`???'
1 previous declaration of \`???'
1 pointer targets in passing arg ??? of \`???' differ in signedness
1 assignment discards qualifiers from pointer target type
1 \`long' switch expression not converted to \`int' in ISO C
1 \`???' was previously implicitly declared to return \`int'
1 \`???' was declared implicitly \`extern' and later \`static'
1 \`???' declared \`static' but never defined
1 ??? format, ??? arg (arg ???)