This is the mail archive of the
gcc-testresults@gcc.gnu.org
mailing list for the GCC project.
Results for 3.0 20010421 (prerelease) testsuite on i686-pc-linux-gnu
- To: gcc-testresults at gcc dot gnu dot org
- Subject: Results for 3.0 20010421 (prerelease) testsuite on i686-pc-linux-gnu
- From: Gordon Sadler <gbsadler1 at lcisp dot com>
- Date: Sat, 21 Apr 2001 13:49:51 -0500
Native configuration is i686-pc-linux-gnu
=== libjava tests ===
Running target unix
XPASS: N19990310_4 output from source compiled test
XPASS: N19990310_4 -O output from source compiled test
FAIL: klass compilation from source
FAIL: klass byte compilation
FAIL: klass -O compilation from source
FAIL: klass byte compilation
XPASS: stringconst output from bytecode->native test
XPASS: stringconst -O output from bytecode->native test
XPASS: stub compilation from source
XPASS: stub byte compilation
XPASS: stub compilation from bytecode
XPASS: stub -O compilation from source
XPASS: stub byte compilation
XPASS: stub -O compilation from bytecode
=== libjava Summary ===
# of expected passes 1656
# of unexpected failures 4
# of unexpected successes 10
# of expected failures 16
# of untested testcases 30
=== gcc tests ===
Running target unix
FAIL: gcc.c-torture/compile/20001226-1.c, -Os
FAIL: gcc.c-torture/execute/20010114-2.c execution, -O1
FAIL: gcc.c-torture/execute/20010114-2.c execution, -O2
FAIL: gcc.c-torture/execute/20010114-2.c execution, -Os
FAIL: gcc.c-torture/execute/20010123-1.c execution, -O0
FAIL: gcc.c-torture/execute/20010123-1.c execution, -O1
FAIL: gcc.c-torture/execute/20010123-1.c execution, -O2
FAIL: gcc.c-torture/execute/20010123-1.c execution, -O3 -fomit-frame-pointer
FAIL: gcc.c-torture/execute/20010123-1.c execution, -O3 -fomit-frame-pointer -funroll-loops
FAIL: gcc.c-torture/execute/20010123-1.c execution, -O3 -fomit-frame-pointer -funroll-all-loops -finline-functions
FAIL: gcc.c-torture/execute/20010123-1.c execution, -O3 -g
FAIL: gcc.c-torture/execute/20010123-1.c execution, -Os
FAIL: gcc.c-torture/execute/loop-2b.c execution, -O2
FAIL: gcc.dg/20000724-1.c execution test
FAIL: gcc.dg/sequence-pt-1.c sequence point warning (test for warnings, line 59)
FAIL: gcc.dg/format/ext-1.c bad use of I flag (test for warnings, line 118)
FAIL: gcc.dg/format/ext-1.c (test for excess errors)
FAIL: gcc.misc-tests/mg.c
=== gcc Summary ===
# of expected passes 15098
# of unexpected failures 18
# of expected failures 78
# of unsupported tests 20
/home/gbsadler/gcc-3.0/gcc/xgcc version 3.0 20010421 (prerelease)
=== g++ tests ===
Running target unix
FAIL: g++.ext/instantiate1.C not instantiated (test for errors, line 20)
FAIL: g++.other/crash31.C parse error (test for errors, line 11)
FAIL: g++.other/crash31.C (test for excess errors)
=== g++ Summary ===
# of expected passes 6429
# of unexpected failures 3
# of expected failures 86
# of untested testcases 9
/home/gbsadler/gcc-3.0/gcc/testsuite/../g++ version 3.0 20010421 (prerelease)
=== g77 tests ===
Running target unix
XPASS: g77.f-torture/compile/20000629-1.f, -O3 -fomit-frame-pointer -funroll-loops
XPASS: g77.f-torture/compile/20000629-1.f, -O3 -fomit-frame-pointer -funroll-all-loops -finline-functions
=== g77 Summary ===
# of expected passes 939
# of unexpected successes 2
=== objc tests ===
Running target unix
FAIL: objc/execute/formal_protocol-5.m compilation, -O
FAIL: objc/execute/formal_protocol-6.m compilation, -O
FAIL: objc/execute/protocol.m compilation, -O
=== objc Summary ===
# of expected passes 140
# of unexpected failures 3
# of untested testcases 3
/home/gbsadler/gcc-3.0/gcc/xgcc version 3.0 20010421 (prerelease)
Compiler version: 3.0 20010421 (prerelease)
Platform: i686-pc-linux-gnu
configure flags: --host=i686-pc-linux-gnu --prefix=/home/gbsadler/gcc-2001-04-21 --verbose --enable-languages=c,c++,objc,f77,java --enable-threads=posix --disable-nls --enable-multilib --enable-long-long --without-included-gettext --disable-checking --enable-java-gc=boehm
Counting all warnings,
there are 103 warnings in stage3 of this bootstrap.
Number of warnings per file:
28 gcc/combine.c
10 gcc/reg-stack.c
6 gcc/cp/pt.c
5 gcc/cse.c
5 gcc/cp/error.c
4 gcc/java/lex.c
4 gcc/cp/call.c
3 gcc/reload1.c
3 gcc/java/jvspec.c
3 gcc/gcc.c
3 gcc/config/i386/i386.c
2 insn-emit.c
2 gcc/reload.c
2 gcc/java/jcf-io.c
2 gcc/function.c
2 gcc/fold-const.c
2 gcc/expr.c
2 gcc/config/i386/i386.md
2 gcc/alias.c
1 gcc/sched-deps.c
1 gcc/regmove.c
1 gcc/objc/lang-specs.h
1 gcc/java/verify.c
1 gcc/java/mangle.c
1 gcc/final.c
1 gcc/f/lang-specs.h
1 gcc/expmed.c
1 gcc/dwarfout.c
1 gcc/cp/typeck2.c
1 gcc/cp/lang-specs.h
1 gcc/cp/init.c
1 gcc/cp/errfn.c
Number of warning types:
59 comparison between signed and unsigned
14 \`???' might be used uninitialized in this function
7 string length \`???' is greater than the length \`???' ISO C89 compilers are required to support
6 passing arg ??? of \`???' from incompatible pointer type
5 initialization from incompatible pointer type
4 signed and unsigned type in conditional expression
3 unused variable \`???'
2 destination missing a mode?
1 pointer targets in passing arg ??? of \`???' differ in signedness
1 passing arg ??? of \`???' discards qualifiers from pointer target type
1 function declaration isn't a prototype