This is the mail archive of the
gcc-testresults@gcc.gnu.org
mailing list for the GCC project.
Results for 3.0 20010414 (prerelease) testsuite on i586-pc-linux-gnu
- To: gcc-testresults at gcc dot gnu dot org
- Subject: Results for 3.0 20010414 (prerelease) testsuite on i586-pc-linux-gnu
- From: Neil Booth <neil at daikokuya dot demon dot co dot uk>
- Date: Sat, 14 Apr 2001 21:38:04 +0100
Native configuration is i586-pc-linux-gnu
=== g++ tests ===
Running target unix
FAIL: g++.ext/instantiate1.C not instantiated (test for errors, line 20)
FAIL: g++.other/crash31.C parse error (test for errors, line 11)
FAIL: g++.other/crash31.C (test for excess errors)
FAIL: g++.other/ptrmem6.C (test for excess errors)
=== g++ Summary ===
# of expected passes 6417
# of unexpected failures 4
# of expected failures 86
# of untested testcases 9
/home/neil/src/gcc-branch/build/gcc/testsuite/../g++ version 3.0 20010414 (prerelease)
=== g77 tests ===
Running target unix
XPASS: g77.f-torture/execute/20010116.f execution, -O0
XPASS: g77.f-torture/execute/20010116.f execution, -O1
=== g77 Summary ===
# of expected passes 917
# of unexpected successes 2
# of expected failures 6
# of unsupported tests 8
=== objc tests ===
Running target unix
FAIL: objc/execute/formal_protocol-5.m compilation, -O
FAIL: objc/execute/formal_protocol-6.m compilation, -O
FAIL: objc/execute/protocol.m compilation, -O
=== objc Summary ===
# of expected passes 140
# of unexpected failures 3
# of untested testcases 3
/home/neil/src/gcc-branch/build/gcc/xgcc version 3.0 20010414 (prerelease)
=== gcc tests ===
Running target unix
FAIL: gcc.c-torture/compile/20010408-1.c, -O2
FAIL: gcc.c-torture/compile/20010408-1.c, -O3 -fomit-frame-pointer
FAIL: gcc.c-torture/compile/20010408-1.c, -O3 -fomit-frame-pointer -funroll-loops
FAIL: gcc.c-torture/compile/20010408-1.c, -O3 -fomit-frame-pointer -funroll-all-loops -finline-functions
FAIL: gcc.c-torture/compile/20010408-1.c, -O3 -g
FAIL: gcc.c-torture/compile/20010408-1.c, -Os
FAIL: gcc.c-torture/execute/20010114-2.c execution, -O1
FAIL: gcc.c-torture/execute/20010114-2.c execution, -O2
FAIL: gcc.c-torture/execute/20010114-2.c execution, -Os
FAIL: gcc.c-torture/execute/20010123-1.c execution, -O0
FAIL: gcc.c-torture/execute/20010123-1.c execution, -O1
FAIL: gcc.c-torture/execute/20010123-1.c execution, -O2
FAIL: gcc.c-torture/execute/20010123-1.c execution, -O3 -fomit-frame-pointer
FAIL: gcc.c-torture/execute/20010123-1.c execution, -O3 -fomit-frame-pointer -funroll-loops
FAIL: gcc.c-torture/execute/20010123-1.c execution, -O3 -fomit-frame-pointer -funroll-all-loops -finline-functions
FAIL: gcc.c-torture/execute/20010123-1.c execution, -O3 -g
FAIL: gcc.c-torture/execute/20010123-1.c execution, -Os
FAIL: gcc.c-torture/execute/loop-2b.c execution, -O2
FAIL: gcc.dg/20000724-1.c execution test
FAIL: gcc.dg/sequence-pt-1.c sequence point warning (test for warnings, line 59)
FAIL: gcc.misc-tests/mg.c
=== gcc Summary ===
# of expected passes 15104
# of unexpected failures 21
# of expected failures 78
# of unsupported tests 20
/home/neil/src/gcc-branch/build/gcc/xgcc version 3.0 20010414 (prerelease)
Compiler version: 3.0 20010414 (prerelease)
Platform: i586-pc-linux-gnu
configure flags: --host=i586-pc-linux-gnu --enable-shared --enable-threads=posix