This is the mail archive of the
gcc-testresults@gcc.gnu.org
mailing list for the GCC project.
Results for 3.0 20010402 (prerelease) testsuite on i686-pc-linux-gnu
- To: gcc-testresults at gcc dot gnu dot org
- Subject: Results for 3.0 20010402 (prerelease) testsuite on i686-pc-linux-gnu
- From: David Ronis <ronis at ronispc dot chem dot mcgill dot ca>
- Date: Tue, 3 Apr 2001 10:05:36 -0400
Native configuration is i686-pc-linux-gnu
=== gcc tests ===
Running target unix
FAIL: gcc.c-torture/execute/20010114-2.c execution, -O1
FAIL: gcc.c-torture/execute/20010114-2.c execution, -O2
FAIL: gcc.c-torture/execute/20010114-2.c execution, -Os
FAIL: gcc.c-torture/execute/20010123-1.c execution, -O0
FAIL: gcc.c-torture/execute/20010123-1.c execution, -O1
FAIL: gcc.c-torture/execute/20010123-1.c execution, -O2
FAIL: gcc.c-torture/execute/20010123-1.c execution, -O3 -fomit-frame-pointer
FAIL: gcc.c-torture/execute/20010123-1.c execution, -O3 -fomit-frame-pointer -funroll-loops
FAIL: gcc.c-torture/execute/20010123-1.c execution, -O3 -fomit-frame-pointer -funroll-all-loops -finline-functions
FAIL: gcc.c-torture/execute/20010123-1.c execution, -O3 -g
FAIL: gcc.c-torture/execute/20010123-1.c execution, -Os
FAIL: gcc.c-torture/execute/20010124-1.c execution, -O0
FAIL: gcc.c-torture/execute/20010124-1.c execution, -O1
FAIL: gcc.c-torture/execute/20010124-1.c execution, -O2
FAIL: gcc.c-torture/execute/20010124-1.c execution, -O3 -fomit-frame-pointer
FAIL: gcc.c-torture/execute/20010124-1.c execution, -O3 -g
FAIL: gcc.c-torture/execute/20010124-1.c execution, -Os
FAIL: gcc.c-torture/execute/loop-2b.c execution, -O2
FAIL: gcc.dg/20000724-1.c execution test
FAIL: gcc.dg/sequence-pt-1.c sequence point warning (test for warnings, line 59)
=== gcc Summary ===
# of expected passes 15069
# of unexpected failures 20
# of expected failures 78
# of unsupported tests 20
/home/ronis/Project/notar/objdir/gcc/xgcc version 3.0 20010402 (prerelease)
=== g++ tests ===
Running target unix
FAIL: g++.abi/cxa_vec.C Execution test
FAIL: g++.ext/instantiate1.C not instantiated (test for errors, line 18)
FAIL: g++.ext/instantiate1.C not instantiated (test for errors, line 20)
FAIL: g++.other/crash31.C parse error (test for errors, line 11)
FAIL: g++.other/crash31.C (test for excess errors)
FAIL: g++.other/eh4.C cannot be used in throw-expression (test for errors, line 8)
FAIL: g++.other/mangle1.C name clash (test for errors, line 15)
FAIL: g++.other/mangle1.C name clash (test for errors, line 16)
FAIL: g++.other/mangle1.C name clash (test for errors, line 18)
FAIL: g++.other/mangle1.C name clash (test for errors, line 19)
FAIL: g++.other/mangle1.C name clash (test for errors, line 21)
FAIL: g++.other/mangle1.C name clash (test for errors, line 22)
FAIL: g++.other/mangle1.C name clash (test for errors, line 25)
FAIL: g++.other/mangle1.C name clash (test for errors, line 27)
FAIL: g++.other/mangle1.C name clash (test for errors, line 28)
FAIL: g++.other/mangle1.C name clash (test for errors, line 30)
FAIL: g++.other/mangle1.C name clash (test for errors, line 31)
FAIL: g++.other/mangle1.C name clash (test for errors, line 34)
FAIL: g++.other/mangle1.C name clash (test for errors, line 35)
FAIL: g++.other/mangle1.C name clash (test for errors, line 38)
FAIL: g++.other/mangle1.C name clash (test for errors, line 39)
FAIL: g++.other/mangle1.C name clash (test for errors, line 42)
FAIL: g++.other/mangle1.C name clash (test for errors, line 43)
FAIL: g++.other/mangle1.C name clash (test for errors, line 47)
FAIL: g++.other/mangle1.C name clash (test for errors, line 49)
FAIL: g++.other/mangle1.C name clash (test for errors, line 50)
FAIL: g++.other/mangle1.C (test for excess errors)
=== g++ Summary ===
# of expected passes 6407
# of unexpected failures 27
# of expected failures 87
# of untested testcases 9
/home/ronis/Project/notar/objdir/gcc/testsuite/../g++ version 3.0 20010402 (prerelease)
=== g77 tests ===
Running target unix
XPASS: g77.f-torture/execute/20010116.f execution, -O0
XPASS: g77.f-torture/execute/20010116.f execution, -O1
=== g77 Summary ===
# of expected passes 933
# of unexpected successes 2
# of expected failures 6
=== objc tests ===
Running target unix
FAIL: objc/execute/formal_protocol-5.m compilation, -O
FAIL: objc/execute/formal_protocol-6.m compilation, -O
FAIL: objc/execute/protocol.m compilation, -O
=== objc Summary ===
# of expected passes 140
# of unexpected failures 3
# of untested testcases 3
/home/ronis/Project/notar/objdir/gcc/xgcc version 3.0 20010402 (prerelease)
Compiler version: 3.0 20010402 (prerelease)
Platform: i686-pc-linux-gnu
configure flags: --host=i686-pc-linux-gnu --prefix=/usr --with-gnu-as --enable-shared --with-gnu-ld --enable-threads=posix
BOOT_CFLAGS=-O3 -march=i686 -funroll-loops -ffast-math -fomit-frame-pointer -fforce-mem -fforce-addr -malign-jumps=3 -malign-functions=3 -malign-loops=3 -mpreferred-stack-boundary=3
CFLAGS (set before configure)=-O3 -march=i686 -funroll-loops -ffast-math -fomit-frame-pointer -fforce-mem -fforce-addr -malign-jumps=3 -malign-functions=3 -malign-loops=3 -mpreferred-stack-boundary=3
CXXFLAGS (set before configure)=-O3 -march=i686 -funroll-loops -ffast-math -fomit-frame-pointer -fforce-mem -fforce-addr -malign-jumps=3 -malign-functions=3 -malign-loops=3 -mpreferred-stack-boundary=3
Counting all warnings,
there are 91 warnings in stage3 of this bootstrap.
Number of warnings per file:
28 gcc/combine.c
10 gcc/reg-stack.c
6 gcc/cp/pt.c
5 gcc/cse.c
5 gcc/cp/error.c
4 gcc/cp/call.c
3 gcc/reload1.c
3 gcc/gcc.c
3 gcc/config/i386/i386.c
2 insn-emit.c
2 gcc/reload.c
2 gcc/function.c
2 gcc/fold-const.c
2 gcc/expr.c
2 gcc/config/i386/i386.md
2 gcc/alias.c
1 gcc/sched-deps.c
1 gcc/regmove.c
1 gcc/objc/lang-specs.h
1 gcc/final.c
1 gcc/f/lang-specs.h
1 gcc/expmed.c
1 gcc/dwarfout.c
1 gcc/cp/lang-specs.h
1 gcc/cp/init.c
1 gcc/cp/errfn.c
Number of warning types:
57 comparison between signed and unsigned
9 \`???' might be used uninitialized in this function
6 string length \`???' is greater than the length \`???' ISO C89 compilers are required to support
5 initialization from incompatible pointer type
4 signed and unsigned type in conditional expression
3 unused variable \`???'
2 passing arg ??? of \`???' from incompatible pointer type
2 destination missing a mode?
1 pointer targets in passing arg ??? of \`???' differ in signedness
1 passing arg ??? of \`???' discards qualifiers from pointer target type
1 function declaration isn't a prototype