This is the mail archive of the gcc-testresults@gcc.gnu.org mailing list for the GCC project.


Index Nav: [Date Index] [Subject Index] [Author Index] [Thread Index]
Message Nav: [Date Prev] [Date Next] [Thread Prev] [Thread Next]

Results for 3.0 20010326 (prerelease) testsuite on i686-pc-linux-gnu


Native configuration is i686-pc-linux-gnu

		=== binutils tests ===


Running target unix
FAIL: strip

		=== binutils Summary ===

# of expected passes		25
# of unexpected failures	1
		=== g++ tests ===


Running target unix
FAIL: conpr-1.C
FAIL: g++.ext/instantiate1.C not instantiated (test for errors, line 18)
FAIL: g++.ext/instantiate1.C not instantiated (test for errors, line 20)
FAIL: g++.other/crash31.C parse error (test for errors, line 11)
FAIL: g++.other/crash31.C (test for excess errors)
FAIL: g++.other/eh4.C cannot be used in throw-expression (test for errors, line 8)
FAIL: g++.other/eh4.C (test for excess errors)
FAIL: g++.other/mangle1.C name clash (test for errors, line 15)
FAIL: g++.other/mangle1.C name clash (test for errors, line 16)
FAIL: g++.other/mangle1.C name clash (test for errors, line 18)
FAIL: g++.other/mangle1.C name clash (test for errors, line 19)
FAIL: g++.other/mangle1.C name clash (test for errors, line 21)
FAIL: g++.other/mangle1.C name clash (test for errors, line 22)
FAIL: g++.other/mangle1.C name clash (test for errors, line 25)
FAIL: g++.other/mangle1.C name clash (test for errors, line 27)
FAIL: g++.other/mangle1.C name clash (test for errors, line 28)
FAIL: g++.other/mangle1.C name clash (test for errors, line 30)
FAIL: g++.other/mangle1.C name clash (test for errors, line 31)
FAIL: g++.other/mangle1.C name clash (test for errors, line 34)
FAIL: g++.other/mangle1.C name clash (test for errors, line 35)
FAIL: g++.other/mangle1.C name clash (test for errors, line 38)
FAIL: g++.other/mangle1.C name clash (test for errors, line 39)
FAIL: g++.other/mangle1.C name clash (test for errors, line 42)
FAIL: g++.other/mangle1.C name clash (test for errors, line 43)
FAIL: g++.other/mangle1.C name clash (test for errors, line 47)
FAIL: g++.other/mangle1.C name clash (test for errors, line 49)
FAIL: g++.other/mangle1.C name clash (test for errors, line 50)
FAIL: g++.other/mangle1.C (test for excess errors)

		=== g++ Summary ===

# of expected passes		6405
# of unexpected failures	28
# of expected failures		87
# of untested testcases		9
/tmp/egcs/gcc/testsuite/../g++ version 3.0 20010326 (prerelease)

		=== g77 tests ===


Running target unix
XPASS: g77.f-torture/compile/20000629-1.f,  -O3 -fomit-frame-pointer -funroll-loops  
XPASS: g77.f-torture/compile/20000629-1.f,  -O3 -fomit-frame-pointer -funroll-all-loops -finline-functions  
XPASS: g77.f-torture/execute/20010116.f execution,  -O0 
XPASS: g77.f-torture/execute/20010116.f execution,  -O1 
FAIL: g77.f-torture/execute/short.f execution,  -Os 

		=== g77 Summary ===

# of expected passes		924
# of unexpected failures	1
# of unexpected successes	4
# of expected failures		6
		=== gas tests ===


Running target unix

		=== gas Summary ===

# of expected passes		85
		=== gcc tests ===


Running target unix
FAIL: gcc.c-torture/execute/20010114-2.c execution,  -O1 
FAIL: gcc.c-torture/execute/20010114-2.c execution,  -O2 
FAIL: gcc.c-torture/execute/20010114-2.c execution,  -Os 
FAIL: gcc.c-torture/execute/20010123-1.c execution,  -O0 
FAIL: gcc.c-torture/execute/20010123-1.c execution,  -O1 
FAIL: gcc.c-torture/execute/20010123-1.c execution,  -O2 
FAIL: gcc.c-torture/execute/20010123-1.c execution,  -O3 -fomit-frame-pointer 
FAIL: gcc.c-torture/execute/20010123-1.c execution,  -O3 -fomit-frame-pointer -funroll-loops 
FAIL: gcc.c-torture/execute/20010123-1.c execution,  -O3 -fomit-frame-pointer -funroll-all-loops -finline-functions 
FAIL: gcc.c-torture/execute/20010123-1.c execution,  -O3 -g 
FAIL: gcc.c-torture/execute/20010123-1.c execution,  -Os 
FAIL: gcc.c-torture/execute/20010124-1.c execution,  -O0 
FAIL: gcc.c-torture/execute/20010124-1.c execution,  -O1 
FAIL: gcc.c-torture/execute/20010124-1.c execution,  -O2 
FAIL: gcc.c-torture/execute/20010124-1.c execution,  -O3 -fomit-frame-pointer 
FAIL: gcc.c-torture/execute/20010124-1.c execution,  -O3 -g 
FAIL: gcc.c-torture/execute/20010124-1.c execution,  -Os 
FAIL: gcc.c-torture/execute/940122-1.c compilation,  -O2 
FAIL: gcc.c-torture/execute/loop-2b.c execution,  -O2 
FAIL: gcc.dg/20000724-1.c execution test
FAIL: gcc.dg/sequence-pt-1.c sequence point warning (test for warnings, line 59)
FAIL: gcc.dg/format/attr-3.c format_arg ret unsigned char string (test for errors, line 78)
FAIL: gcc.dg/format/attr-3.c (test for excess errors)
FAIL: gcc.misc-tests/mg.c

		=== gcc Summary ===

# of expected passes		15034
# of unexpected failures	24
# of expected failures		78
# of unresolved testcases	1
# of unsupported tests		20
/tmp/egcs/gcc/xgcc version 3.0 20010326 (prerelease)

		=== ld tests ===


Running target unix
FAIL: cdtest
FAIL: cdtest with -Ur
FAIL: selective4
XPASS: selective6

		=== ld Summary ===

# of expected passes		97
# of unexpected failures	3
# of unexpected successes	1
		=== objc tests ===


Running target unix
FAIL: objc/execute/IMP.m execution,  -O 
FAIL: objc/execute/_cmd.m execution,  -O 
FAIL: objc/execute/accessing_ivars.m execution,  -O 
FAIL: objc/execute/bf-1.m execution,  -O 
FAIL: objc/execute/bf-10.m execution,  -O 
FAIL: objc/execute/bf-11.m execution,  -O 
FAIL: objc/execute/bf-12.m execution,  -O 
FAIL: objc/execute/bf-13.m execution,  -O 
FAIL: objc/execute/bf-14.m execution,  -O 
FAIL: objc/execute/bf-15.m execution,  -O 
FAIL: objc/execute/bf-16.m execution,  -O 
FAIL: objc/execute/bf-17.m execution,  -O 
FAIL: objc/execute/bf-18.m execution,  -O 
FAIL: objc/execute/bf-19.m execution,  -O 
FAIL: objc/execute/bf-2.m execution,  -O 
FAIL: objc/execute/bf-20.m execution,  -O 
FAIL: objc/execute/bf-3.m execution,  -O 
FAIL: objc/execute/bf-4.m execution,  -O 
FAIL: objc/execute/bf-5.m execution,  -O 
FAIL: objc/execute/bf-6.m execution,  -O 
FAIL: objc/execute/bf-7.m execution,  -O 
FAIL: objc/execute/bf-8.m execution,  -O 
FAIL: objc/execute/bf-9.m execution,  -O 
FAIL: objc/execute/bycopy-1.m execution,  -O 
FAIL: objc/execute/bycopy-2.m execution,  -O 
FAIL: objc/execute/bycopy-3.m execution,  -O 
FAIL: objc/execute/class-1.m execution,  -O 
FAIL: objc/execute/class-10.m execution,  -O 
FAIL: objc/execute/class-11.m execution,  -O 
FAIL: objc/execute/class-12.m execution,  -O 
FAIL: objc/execute/class-13.m execution,  -O 
FAIL: objc/execute/class-14.m execution,  -O 
FAIL: objc/execute/class-2.m execution,  -O 
FAIL: objc/execute/class-3.m execution,  -O 
FAIL: objc/execute/class-4.m execution,  -O 
FAIL: objc/execute/class-5.m execution,  -O 
FAIL: objc/execute/class-6.m execution,  -O 
FAIL: objc/execute/class-7.m execution,  -O 
FAIL: objc/execute/class-8.m execution,  -O 
FAIL: objc/execute/class-9.m execution,  -O 
FAIL: objc/execute/compatibility_alias.m execution,  -O 
FAIL: objc/execute/encode-1.m execution,  -O 
FAIL: objc/execute/fdecl.m execution,  -O 
FAIL: objc/execute/formal_protocol-1.m execution,  -O 
FAIL: objc/execute/formal_protocol-2.m execution,  -O 
FAIL: objc/execute/formal_protocol-3.m execution,  -O 
FAIL: objc/execute/formal_protocol-4.m execution,  -O 
FAIL: objc/execute/formal_protocol-5.m compilation,  -O 
FAIL: objc/execute/formal_protocol-6.m compilation,  -O 
FAIL: objc/execute/formal_protocol-7.m execution,  -O 
FAIL: objc/execute/informal_protocol.m execution,  -O 
FAIL: objc/execute/initialize.m execution,  -O 
FAIL: objc/execute/load.m execution,  -O 
FAIL: objc/execute/many_args_method.m execution,  -O 
FAIL: objc/execute/nested-1.m execution,  -O 
FAIL: objc/execute/nested-2.m execution,  -O 
FAIL: objc/execute/nested-3.m execution,  -O 
FAIL: objc/execute/no_clash.m execution,  -O 
FAIL: objc/execute/np-1.m execution,  -O 
FAIL: objc/execute/np-2.m execution,  -O 
FAIL: objc/execute/paste.m execution,  -O 
FAIL: objc/execute/private.m execution,  -O 
FAIL: objc/execute/protocol.m compilation,  -O 
FAIL: objc/execute/redefining_self.m execution,  -O 
FAIL: objc/execute/root_methods.m execution,  -O 
FAIL: objc/execute/selector-1.m execution,  -O 
FAIL: objc/execute/static-1.m execution,  -O 
FAIL: objc/execute/static-2.m execution,  -O 
FAIL: objc/execute/string1.m execution,  -O 
FAIL: objc/execute/string2.m execution,  -O 
FAIL: objc/execute/string3.m execution,  -O 
FAIL: objc/execute/string4.m execution,  -O 
FAIL: objc/execute/va_method.m execution,  -O 

		=== objc Summary ===

# of expected passes		70
# of unexpected failures	73
# of untested testcases		3
/tmp/egcs/gcc/xgcc version 3.0 20010326 (prerelease)


Compiler version: 3.0 20010326 (prerelease) 
Platform: i686-pc-linux-gnu

BOOT_CFLAGS: -g -O9 -W -Wall

Counting all warnings,
there are 91 warnings in stage3 of this bootstrap.

Number of warnings per file:
     28	gcc/combine.c
     10	gcc/reg-stack.c
      6	gcc/cp/pt.c
      5	gcc/cse.c
      5	gcc/cp/error.c
      4	gcc/cp/call.c
      3	gcc/reload1.c
      3	gcc/gcc.c
      3	gcc/config/i386/i386.c
      2	insn-emit.c
      2	gcc/reload.c
      2	gcc/function.c
      2	gcc/fold-const.c
      2	gcc/expr.c
      2	gcc/config/i386/i386.md
      2	gcc/alias.c
      1	gcc/sched-deps.c
      1	gcc/regmove.c
      1	gcc/objc/lang-specs.h
      1	gcc/final.c
      1	gcc/f/lang-specs.h
      1	gcc/expmed.c
      1	gcc/dwarfout.c
      1	gcc/cp/lang-specs.h
      1	gcc/cp/init.c
      1	gcc/cp/errfn.c

Number of warning types:
     57	comparison between signed and unsigned
      9	`???' might be used uninitialized in this function
      6	string length `???' is greater than the length `???' ISO C89 compilers are required to support
      5	initialization from incompatible pointer type
      4	signed and unsigned type in conditional expression
      3	unused variable `???'
      2	passing arg ??? of `???' from incompatible pointer type
      2	destination missing a mode?
      1	pointer targets in passing arg ??? of `???' differ in signedness
      1	passing arg ??? of `???' discards qualifiers from pointer target type
      1	function declaration isn't a prototype


Index Nav: [Date Index] [Subject Index] [Author Index] [Thread Index]
Message Nav: [Date Prev] [Date Next] [Thread Prev] [Thread Next]