This is the mail archive of the gcc-testresults@gcc.gnu.org mailing list for the GCC project.


Index Nav: [Date Index] [Subject Index] [Author Index] [Thread Index]
Message Nav: [Date Prev] [Date Next] [Thread Prev] [Thread Next]

Results for 3.0 20010325 (prerelease) testsuite on powerpc-redhat-linux-gnu


Environment:
  binutils-2.10.91.0.4
  glibc-2.1.3
  linux-2.4.3-pre3

Local modifications:
  - remove eabi.S from t-ppccomm to let c++ work on linux (me)
  - fix for problem in init_alias_analysis() from Bernd Schmidt
  - handle weak symbols better (me)

Native configuration is powerpc-redhat-linux-gnu

		=== gcc tests ===


Running target unix/-O2
FAIL: gcc.c-torture/execute/20010123-1.c execution,  -O0 
FAIL: gcc.c-torture/execute/20010123-1.c execution,  -O1 
FAIL: gcc.c-torture/execute/20010123-1.c execution,  -O2 
FAIL: gcc.c-torture/execute/20010123-1.c execution,  -O3 -fomit-frame-pointer 
FAIL: gcc.c-torture/execute/20010123-1.c execution,  -O3 -fomit-frame-pointer -funroll-loops 
FAIL: gcc.c-torture/execute/20010123-1.c execution,  -O3 -fomit-frame-pointer -funroll-all-loops -finline-functions 
FAIL: gcc.c-torture/execute/20010123-1.c execution,  -O3 -g 
FAIL: gcc.c-torture/execute/20010123-1.c execution,  -Os 
FAIL: gcc.c-torture/execute/20010124-1.c execution,  -O0 
FAIL: gcc.c-torture/execute/20010124-1.c execution,  -O1 
FAIL: gcc.c-torture/execute/20010124-1.c execution,  -O2 
FAIL: gcc.c-torture/execute/20010124-1.c execution,  -O3 -fomit-frame-pointer 
FAIL: gcc.c-torture/execute/20010124-1.c execution,  -O3 -g 
FAIL: gcc.c-torture/execute/20010124-1.c execution,  -Os 
FAIL: gcc.dg/20001228-1.c (test for excess errors)
FAIL: gcc.dg/sequence-pt-1.c sequence point warning (test for warnings, line 59)

		=== gcc Summary for unix/-O2 ===

# of expected passes		15003
# of unexpected failures	16
# of expected failures		72
# of unsupported tests		46

Running target unix/-fpic
FAIL: gcc.c-torture/compile/920502-1.c,  -O1  
FAIL: gcc.c-torture/compile/920502-1.c,  -O2  
FAIL: gcc.c-torture/compile/920502-1.c,  -O3 -fomit-frame-pointer  
FAIL: gcc.c-torture/compile/920502-1.c,  -O3 -g  
FAIL: gcc.c-torture/compile/920502-1.c,  -Os  
FAIL: gcc.c-torture/compile/920729-1.c,  -O1  
FAIL: gcc.c-torture/compile/920729-1.c,  -O2  
FAIL: gcc.c-torture/compile/920729-1.c,  -O3 -fomit-frame-pointer  
FAIL: gcc.c-torture/compile/920729-1.c,  -O3 -fomit-frame-pointer -funroll-loops  
FAIL: gcc.c-torture/compile/920729-1.c,  -O3 -fomit-frame-pointer -funroll-all-loops -finline-functions  
FAIL: gcc.c-torture/compile/920729-1.c,  -O3 -g  
FAIL: gcc.c-torture/compile/920729-1.c,  -Os  
FAIL: gcc.c-torture/compile/930523-1.c,  -O1  
FAIL: gcc.c-torture/compile/930523-1.c,  -O2  
FAIL: gcc.c-torture/compile/930523-1.c,  -O3 -fomit-frame-pointer  
FAIL: gcc.c-torture/compile/930523-1.c,  -O3 -fomit-frame-pointer -funroll-loops  
FAIL: gcc.c-torture/compile/930523-1.c,  -O3 -fomit-frame-pointer -funroll-all-loops -finline-functions  
FAIL: gcc.c-torture/compile/930523-1.c,  -O3 -g  
FAIL: gcc.c-torture/compile/930523-1.c,  -Os  
FAIL: gcc.c-torture/compile/980329-1.c,  -O1  
FAIL: gcc.c-torture/execute/20010123-1.c execution,  -O0 
FAIL: gcc.c-torture/execute/20010123-1.c execution,  -O1 
FAIL: gcc.c-torture/execute/20010123-1.c execution,  -O2 
FAIL: gcc.c-torture/execute/20010123-1.c execution,  -O3 -fomit-frame-pointer 
FAIL: gcc.c-torture/execute/20010123-1.c execution,  -O3 -fomit-frame-pointer -funroll-loops 
FAIL: gcc.c-torture/execute/20010123-1.c execution,  -O3 -fomit-frame-pointer -funroll-all-loops -finline-functions 
FAIL: gcc.c-torture/execute/20010123-1.c execution,  -O3 -g 
FAIL: gcc.c-torture/execute/20010123-1.c execution,  -Os 
FAIL: gcc.c-torture/execute/20010124-1.c execution,  -O0 
FAIL: gcc.c-torture/execute/20010124-1.c execution,  -O1 
FAIL: gcc.c-torture/execute/20010124-1.c execution,  -O2 
FAIL: gcc.c-torture/execute/20010124-1.c execution,  -O3 -fomit-frame-pointer 
FAIL: gcc.c-torture/execute/20010124-1.c execution,  -O3 -g 
FAIL: gcc.c-torture/execute/20010124-1.c execution,  -Os 
FAIL: gcc.c-torture/execute/built-in-setjmp.c compilation,  -O1 
FAIL: gcc.c-torture/execute/built-in-setjmp.c compilation,  -O2 
FAIL: gcc.c-torture/execute/built-in-setjmp.c compilation,  -O3 -fomit-frame-pointer 
FAIL: gcc.c-torture/execute/built-in-setjmp.c compilation,  -O3 -fomit-frame-pointer -funroll-loops 
FAIL: gcc.c-torture/execute/built-in-setjmp.c compilation,  -O3 -fomit-frame-pointer -funroll-all-loops -finline-functions 
FAIL: gcc.c-torture/execute/built-in-setjmp.c compilation,  -O3 -g 
FAIL: gcc.c-torture/execute/built-in-setjmp.c compilation,  -Os 
FAIL: gcc.dg/20001228-1.c (test for excess errors)
FAIL: gcc.dg/sequence-pt-1.c sequence point warning (test for warnings, line 59)

		=== gcc Summary for unix/-fpic ===

# of expected passes		14969
# of unexpected failures	43
# of expected failures		72
# of unresolved testcases	7
# of unsupported tests		46

Running target unix/-fPIC
FAIL: gcc.c-torture/execute/20010123-1.c execution,  -O0 
FAIL: gcc.c-torture/execute/20010123-1.c execution,  -O1 
FAIL: gcc.c-torture/execute/20010123-1.c execution,  -O2 
FAIL: gcc.c-torture/execute/20010123-1.c execution,  -O3 -fomit-frame-pointer 
FAIL: gcc.c-torture/execute/20010123-1.c execution,  -O3 -fomit-frame-pointer -funroll-loops 
FAIL: gcc.c-torture/execute/20010123-1.c execution,  -O3 -fomit-frame-pointer -funroll-all-loops -finline-functions 
FAIL: gcc.c-torture/execute/20010123-1.c execution,  -O3 -g 
FAIL: gcc.c-torture/execute/20010123-1.c execution,  -Os 
FAIL: gcc.c-torture/execute/20010124-1.c execution,  -O0 
FAIL: gcc.c-torture/execute/20010124-1.c execution,  -O1 
FAIL: gcc.c-torture/execute/20010124-1.c execution,  -O2 
FAIL: gcc.c-torture/execute/20010124-1.c execution,  -O3 -fomit-frame-pointer 
FAIL: gcc.c-torture/execute/20010124-1.c execution,  -O3 -g 
FAIL: gcc.c-torture/execute/20010124-1.c execution,  -Os 
FAIL: gcc.dg/20001228-1.c (test for excess errors)
FAIL: gcc.dg/sequence-pt-1.c sequence point warning (test for warnings, line 59)

		=== gcc Summary for unix/-fPIC ===

# of expected passes		15003
# of unexpected failures	16
# of expected failures		72
# of unsupported tests		46

Running target unix
FAIL: gcc.c-torture/execute/20010123-1.c execution,  -O0 
FAIL: gcc.c-torture/execute/20010123-1.c execution,  -O1 
FAIL: gcc.c-torture/execute/20010123-1.c execution,  -O2 
FAIL: gcc.c-torture/execute/20010123-1.c execution,  -O3 -fomit-frame-pointer 
FAIL: gcc.c-torture/execute/20010123-1.c execution,  -O3 -fomit-frame-pointer -funroll-loops 
FAIL: gcc.c-torture/execute/20010123-1.c execution,  -O3 -fomit-frame-pointer -funroll-all-loops -finline-functions 
FAIL: gcc.c-torture/execute/20010123-1.c execution,  -O3 -g 
FAIL: gcc.c-torture/execute/20010123-1.c execution,  -Os 
FAIL: gcc.c-torture/execute/20010124-1.c execution,  -O0 
FAIL: gcc.c-torture/execute/20010124-1.c execution,  -O1 
FAIL: gcc.c-torture/execute/20010124-1.c execution,  -O2 
FAIL: gcc.c-torture/execute/20010124-1.c execution,  -O3 -fomit-frame-pointer 
FAIL: gcc.c-torture/execute/20010124-1.c execution,  -O3 -g 
FAIL: gcc.c-torture/execute/20010124-1.c execution,  -Os 
FAIL: gcc.dg/20001228-1.c (test for excess errors)
FAIL: gcc.dg/sequence-pt-1.c sequence point warning (test for warnings, line 59)

		=== gcc Summary for unix ===

# of expected passes		15003
# of unexpected failures	16
# of expected failures		72
# of unsupported tests		46

		=== gcc Summary ===

# of expected passes		59978
# of unexpected failures	91
# of expected failures		288
# of unresolved testcases	7
# of unsupported tests		184
/home/fsirl/obj/gcc3/gcc/xgcc version 3.0 20010325 (prerelease)

		=== g++ tests ===


Running target unix/-O2
FAIL: g++.abi/vtable2.C  Execution test
FAIL: g++.ext/instantiate1.C not instantiated (test for errors, line 18)
FAIL: g++.ext/instantiate1.C not instantiated (test for errors, line 20)
FAIL: g++.other/crash31.C parse error (test for errors, line 11)
FAIL: g++.other/crash31.C (test for excess errors)
FAIL: g++.other/eh4.C cannot be used in throw-expression (test for errors, line 8)
FAIL: g++.other/eh4.C (test for excess errors)
FAIL: g++.other/mangle1.C name clash (test for errors, line 15)
FAIL: g++.other/mangle1.C name clash (test for errors, line 16)
FAIL: g++.other/mangle1.C name clash (test for errors, line 19)
FAIL: g++.other/mangle1.C name clash (test for errors, line 21)
FAIL: g++.other/mangle1.C name clash (test for errors, line 22)
FAIL: g++.other/mangle1.C name clash (test for errors, line 24)
FAIL: g++.other/mangle1.C name clash (test for errors, line 25)
FAIL: g++.other/mangle1.C name clash (test for errors, line 27)
FAIL: g++.other/mangle1.C name clash (test for errors, line 28)
FAIL: g++.other/mangle1.C name clash (test for errors, line 30)
FAIL: g++.other/mangle1.C name clash (test for errors, line 31)
FAIL: g++.other/mangle1.C name clash (test for errors, line 34)
FAIL: g++.other/mangle1.C name clash (test for errors, line 38)
FAIL: g++.other/mangle1.C name clash (test for errors, line 39)
FAIL: g++.other/mangle1.C name clash (test for errors, line 42)
FAIL: g++.other/mangle1.C name clash (test for errors, line 43)
FAIL: g++.other/mangle1.C name clash (test for errors, line 46)
FAIL: g++.other/mangle1.C name clash (test for errors, line 47)
FAIL: g++.other/mangle1.C name clash (test for errors, line 49)
FAIL: g++.other/mangle1.C name clash (test for errors, line 50)
FAIL: g++.other/mangle1.C (test for excess errors)
FAIL: g++.pt/static11.C  Execution test

		=== g++ Summary for unix/-O2 ===

# of expected passes		6386
# of unexpected failures	29
# of expected failures		87
# of untested testcases		20

Running target unix/-fpic
FAIL: g++.ext/instantiate1.C not instantiated (test for errors, line 18)
FAIL: g++.ext/instantiate1.C not instantiated (test for errors, line 20)
FAIL: g++.other/crash31.C parse error (test for errors, line 11)
FAIL: g++.other/crash31.C (test for excess errors)
FAIL: g++.other/eh4.C cannot be used in throw-expression (test for errors, line 8)
FAIL: g++.other/eh4.C (test for excess errors)
FAIL: g++.other/mangle1.C name clash (test for errors, line 15)
FAIL: g++.other/mangle1.C name clash (test for errors, line 16)
FAIL: g++.other/mangle1.C name clash (test for errors, line 18)
FAIL: g++.other/mangle1.C name clash (test for errors, line 19)
FAIL: g++.other/mangle1.C name clash (test for errors, line 21)
FAIL: g++.other/mangle1.C name clash (test for errors, line 22)
FAIL: g++.other/mangle1.C name clash (test for errors, line 24)
FAIL: g++.other/mangle1.C name clash (test for errors, line 25)
FAIL: g++.other/mangle1.C name clash (test for errors, line 27)
FAIL: g++.other/mangle1.C name clash (test for errors, line 28)
FAIL: g++.other/mangle1.C name clash (test for errors, line 30)
FAIL: g++.other/mangle1.C name clash (test for errors, line 34)
FAIL: g++.other/mangle1.C name clash (test for errors, line 35)
FAIL: g++.other/mangle1.C name clash (test for errors, line 38)
FAIL: g++.other/mangle1.C name clash (test for errors, line 39)
FAIL: g++.other/mangle1.C name clash (test for errors, line 42)
FAIL: g++.other/mangle1.C name clash (test for errors, line 43)
FAIL: g++.other/mangle1.C name clash (test for errors, line 46)
FAIL: g++.other/mangle1.C name clash (test for errors, line 47)
FAIL: g++.other/mangle1.C name clash (test for errors, line 49)
FAIL: g++.other/mangle1.C name clash (test for errors, line 50)
FAIL: g++.other/mangle1.C (test for excess errors)
FAIL: g++.pt/static11.C  Execution test

		=== g++ Summary for unix/-fpic ===

# of expected passes		6386
# of unexpected failures	29
# of expected failures		87
# of untested testcases		20

Running target unix/-fPIC
FAIL: g++.ext/instantiate2.C not instantiated (test for errors, line 16)
FAIL: g++.ext/instantiate3.C not instantiated (test for errors, line 13)
FAIL: g++.other/crash31.C parse error (test for errors, line 11)
FAIL: g++.other/crash31.C (test for excess errors)
FAIL: g++.other/eh4.C cannot be used in throw-expression (test for errors, line 8)
FAIL: g++.other/eh4.C (test for excess errors)
FAIL: g++.other/mangle1.C name clash (test for errors, line 15)
FAIL: g++.other/mangle1.C name clash (test for errors, line 16)
FAIL: g++.other/mangle1.C name clash (test for errors, line 18)
FAIL: g++.other/mangle1.C name clash (test for errors, line 19)
FAIL: g++.other/mangle1.C name clash (test for errors, line 21)
FAIL: g++.other/mangle1.C name clash (test for errors, line 22)
FAIL: g++.other/mangle1.C name clash (test for errors, line 24)
FAIL: g++.other/mangle1.C name clash (test for errors, line 25)
FAIL: g++.other/mangle1.C name clash (test for errors, line 27)
FAIL: g++.other/mangle1.C name clash (test for errors, line 28)
FAIL: g++.other/mangle1.C name clash (test for errors, line 30)
FAIL: g++.other/mangle1.C name clash (test for errors, line 34)
FAIL: g++.other/mangle1.C name clash (test for errors, line 35)
FAIL: g++.other/mangle1.C name clash (test for errors, line 38)
FAIL: g++.other/mangle1.C name clash (test for errors, line 39)
FAIL: g++.other/mangle1.C name clash (test for errors, line 42)
FAIL: g++.other/mangle1.C name clash (test for errors, line 43)
FAIL: g++.other/mangle1.C name clash (test for errors, line 46)
FAIL: g++.other/mangle1.C name clash (test for errors, line 47)
FAIL: g++.other/mangle1.C name clash (test for errors, line 49)
FAIL: g++.other/mangle1.C name clash (test for errors, line 50)
FAIL: g++.other/mangle1.C (test for excess errors)
FAIL: g++.pt/static11.C  Execution test

		=== g++ Summary for unix/-fPIC ===

# of expected passes		6386
# of unexpected failures	29
# of expected failures		87
# of untested testcases		20

Running target unix
FAIL: g++.ext/instantiate1.C not instantiated (test for errors, line 18)
FAIL: g++.ext/instantiate1.C not instantiated (test for errors, line 20)
FAIL: g++.other/crash31.C parse error (test for errors, line 11)
FAIL: g++.other/crash31.C (test for excess errors)
FAIL: g++.other/eh4.C cannot be used in throw-expression (test for errors, line 8)
FAIL: g++.other/eh4.C (test for excess errors)
FAIL: g++.other/mangle1.C name clash (test for errors, line 15)
FAIL: g++.other/mangle1.C name clash (test for errors, line 16)
FAIL: g++.other/mangle1.C name clash (test for errors, line 18)
FAIL: g++.other/mangle1.C name clash (test for errors, line 19)
FAIL: g++.other/mangle1.C name clash (test for errors, line 21)
FAIL: g++.other/mangle1.C name clash (test for errors, line 22)
FAIL: g++.other/mangle1.C name clash (test for errors, line 24)
FAIL: g++.other/mangle1.C name clash (test for errors, line 25)
FAIL: g++.other/mangle1.C name clash (test for errors, line 27)
FAIL: g++.other/mangle1.C name clash (test for errors, line 28)
FAIL: g++.other/mangle1.C name clash (test for errors, line 30)
FAIL: g++.other/mangle1.C name clash (test for errors, line 34)
FAIL: g++.other/mangle1.C name clash (test for errors, line 35)
FAIL: g++.other/mangle1.C name clash (test for errors, line 38)
FAIL: g++.other/mangle1.C name clash (test for errors, line 39)
FAIL: g++.other/mangle1.C name clash (test for errors, line 42)
FAIL: g++.other/mangle1.C name clash (test for errors, line 43)
FAIL: g++.other/mangle1.C name clash (test for errors, line 46)
FAIL: g++.other/mangle1.C name clash (test for errors, line 47)
FAIL: g++.other/mangle1.C name clash (test for errors, line 49)
FAIL: g++.other/mangle1.C name clash (test for errors, line 50)
FAIL: g++.other/mangle1.C (test for excess errors)
FAIL: g++.pt/static11.C  Execution test

		=== g++ Summary for unix ===

# of expected passes		6386
# of unexpected failures	29
# of expected failures		87
# of untested testcases		20

		=== g++ Summary ===

# of expected passes		25544
# of unexpected failures	116
# of expected failures		348
# of untested testcases		80
/home/fsirl/obj/gcc3/gcc/testsuite/../g++ version 3.0 20010325 (prerelease)

		=== g77 tests ===


Running target unix/-O2
FAIL: g77.f-torture/execute/dnrm2.f compilation,  -O0 
FAIL: g77.f-torture/execute/dnrm2.f compilation,  -O1 
FAIL: g77.f-torture/execute/dnrm2.f compilation,  -O2 
FAIL: g77.f-torture/execute/dnrm2.f compilation,  -O3 -fomit-frame-pointer 
FAIL: g77.f-torture/execute/dnrm2.f compilation,  -O3 -fomit-frame-pointer -funroll-loops 
FAIL: g77.f-torture/execute/dnrm2.f compilation,  -O3 -fomit-frame-pointer -funroll-all-loops -finline-functions 
FAIL: g77.f-torture/execute/dnrm2.f compilation,  -O3 -g 
FAIL: g77.f-torture/execute/dnrm2.f compilation,  -Os 

		=== g77 Summary for unix/-O2 ===

# of expected passes		903
# of unexpected failures	8
# of untested testcases		8
# of unsupported tests		8

Running target unix/-fpic
FAIL: g77.f-torture/execute/dnrm2.f compilation,  -O0 
FAIL: g77.f-torture/execute/dnrm2.f compilation,  -O1 
FAIL: g77.f-torture/execute/dnrm2.f compilation,  -O2 
FAIL: g77.f-torture/execute/dnrm2.f compilation,  -O3 -fomit-frame-pointer 
FAIL: g77.f-torture/execute/dnrm2.f compilation,  -O3 -fomit-frame-pointer -funroll-loops 
FAIL: g77.f-torture/execute/dnrm2.f compilation,  -O3 -fomit-frame-pointer -funroll-all-loops -finline-functions 
FAIL: g77.f-torture/execute/dnrm2.f compilation,  -O3 -g 
FAIL: g77.f-torture/execute/dnrm2.f compilation,  -Os 

		=== g77 Summary for unix/-fpic ===

# of expected passes		903
# of unexpected failures	8
# of untested testcases		8
# of unsupported tests		8

Running target unix/-fPIC
FAIL: g77.f-torture/execute/dnrm2.f compilation,  -O0 
FAIL: g77.f-torture/execute/dnrm2.f compilation,  -O1 
FAIL: g77.f-torture/execute/dnrm2.f compilation,  -O2 
FAIL: g77.f-torture/execute/dnrm2.f compilation,  -O3 -fomit-frame-pointer 
FAIL: g77.f-torture/execute/dnrm2.f compilation,  -O3 -fomit-frame-pointer -funroll-loops 
FAIL: g77.f-torture/execute/dnrm2.f compilation,  -O3 -fomit-frame-pointer -funroll-all-loops -finline-functions 
FAIL: g77.f-torture/execute/dnrm2.f compilation,  -O3 -g 
FAIL: g77.f-torture/execute/dnrm2.f compilation,  -Os 

		=== g77 Summary for unix/-fPIC ===

# of expected passes		903
# of unexpected failures	8
# of untested testcases		8
# of unsupported tests		8

Running target unix
FAIL: g77.f-torture/execute/dnrm2.f compilation,  -O0 
FAIL: g77.f-torture/execute/dnrm2.f compilation,  -O1 
FAIL: g77.f-torture/execute/dnrm2.f compilation,  -O2 
FAIL: g77.f-torture/execute/dnrm2.f compilation,  -O3 -fomit-frame-pointer 
FAIL: g77.f-torture/execute/dnrm2.f compilation,  -O3 -fomit-frame-pointer -funroll-loops 
FAIL: g77.f-torture/execute/dnrm2.f compilation,  -O3 -fomit-frame-pointer -funroll-all-loops -finline-functions 
FAIL: g77.f-torture/execute/dnrm2.f compilation,  -O3 -g 
FAIL: g77.f-torture/execute/dnrm2.f compilation,  -Os 

		=== g77 Summary for unix ===

# of expected passes		903
# of unexpected failures	8
# of untested testcases		8
# of unsupported tests		8

		=== g77 Summary ===

# of expected passes		3612
# of unexpected failures	32
# of untested testcases		32
# of unsupported tests		32
		=== objc tests ===


Running target unix/-O2
FAIL: objc/execute/IMP.m compilation,  -O 
FAIL: objc/execute/_cmd.m compilation,  -O 
FAIL: objc/execute/accessing_ivars.m compilation,  -O 
FAIL: objc/execute/bf-1.m compilation,  -O 
FAIL: objc/execute/bf-10.m compilation,  -O 
FAIL: objc/execute/bf-11.m compilation,  -O 
FAIL: objc/execute/bf-12.m compilation,  -O 
FAIL: objc/execute/bf-13.m compilation,  -O 
FAIL: objc/execute/bf-14.m compilation,  -O 
FAIL: objc/execute/bf-15.m compilation,  -O 
FAIL: objc/execute/bf-16.m compilation,  -O 
FAIL: objc/execute/bf-17.m compilation,  -O 
FAIL: objc/execute/bf-18.m compilation,  -O 
FAIL: objc/execute/bf-19.m compilation,  -O 
FAIL: objc/execute/bf-2.m compilation,  -O 
FAIL: objc/execute/bf-20.m compilation,  -O 
FAIL: objc/execute/bf-3.m compilation,  -O 
FAIL: objc/execute/bf-4.m compilation,  -O 
FAIL: objc/execute/bf-5.m compilation,  -O 
FAIL: objc/execute/bf-6.m compilation,  -O 
FAIL: objc/execute/bf-7.m compilation,  -O 
FAIL: objc/execute/bf-8.m compilation,  -O 
FAIL: objc/execute/bf-9.m compilation,  -O 
FAIL: objc/execute/bycopy-1.m compilation,  -O 
FAIL: objc/execute/bycopy-2.m compilation,  -O 
FAIL: objc/execute/bycopy-3.m compilation,  -O 
FAIL: objc/execute/class-1.m compilation,  -O 
FAIL: objc/execute/class-10.m compilation,  -O 
FAIL: objc/execute/class-11.m compilation,  -O 
FAIL: objc/execute/class-12.m compilation,  -O 
FAIL: objc/execute/class-13.m compilation,  -O 
FAIL: objc/execute/class-14.m compilation,  -O 
FAIL: objc/execute/class-2.m compilation,  -O 
FAIL: objc/execute/class-3.m compilation,  -O 
FAIL: objc/execute/class-4.m compilation,  -O 
FAIL: objc/execute/class-5.m compilation,  -O 
FAIL: objc/execute/class-6.m compilation,  -O 
FAIL: objc/execute/class-7.m compilation,  -O 
FAIL: objc/execute/class-8.m compilation,  -O 
FAIL: objc/execute/class-9.m compilation,  -O 
FAIL: objc/execute/compatibility_alias.m compilation,  -O 
FAIL: objc/execute/encode-1.m compilation,  -O 
FAIL: objc/execute/fdecl.m compilation,  -O 
FAIL: objc/execute/formal_protocol-1.m compilation,  -O 
FAIL: objc/execute/formal_protocol-2.m compilation,  -O 
FAIL: objc/execute/formal_protocol-3.m compilation,  -O 
FAIL: objc/execute/formal_protocol-4.m compilation,  -O 
FAIL: objc/execute/formal_protocol-5.m compilation,  -O 
FAIL: objc/execute/formal_protocol-6.m compilation,  -O 
FAIL: objc/execute/formal_protocol-7.m compilation,  -O 
FAIL: objc/execute/informal_protocol.m compilation,  -O 
FAIL: objc/execute/initialize.m compilation,  -O 
FAIL: objc/execute/load.m compilation,  -O 
FAIL: objc/execute/many_args_method.m compilation,  -O 
FAIL: objc/execute/nested-1.m compilation,  -O 
FAIL: objc/execute/nested-2.m compilation,  -O 
FAIL: objc/execute/nested-3.m compilation,  -O 
FAIL: objc/execute/no_clash.m compilation,  -O 
FAIL: objc/execute/np-1.m compilation,  -O 
FAIL: objc/execute/np-2.m compilation,  -O 
FAIL: objc/execute/paste.m compilation,  -O 
FAIL: objc/execute/private.m compilation,  -O 
FAIL: objc/execute/protocol.m compilation,  -O 
FAIL: objc/execute/redefining_self.m compilation,  -O 
FAIL: objc/execute/root_methods.m compilation,  -O 
FAIL: objc/execute/selector-1.m compilation,  -O 
FAIL: objc/execute/static-1.m compilation,  -O 
FAIL: objc/execute/static-2.m compilation,  -O 
FAIL: objc/execute/string1.m compilation,  -O 
FAIL: objc/execute/string2.m compilation,  -O 
FAIL: objc/execute/string3.m compilation,  -O 
FAIL: objc/execute/string4.m compilation,  -O 
FAIL: objc/execute/va_method.m compilation,  -O 

		=== objc Summary for unix/-O2 ===

# of unexpected failures	73
# of untested testcases		73

Running target unix/-fpic
FAIL: objc/execute/IMP.m compilation,  -O 
FAIL: objc/execute/_cmd.m compilation,  -O 
FAIL: objc/execute/accessing_ivars.m compilation,  -O 
FAIL: objc/execute/bf-1.m compilation,  -O 
FAIL: objc/execute/bf-10.m compilation,  -O 
FAIL: objc/execute/bf-11.m compilation,  -O 
FAIL: objc/execute/bf-12.m compilation,  -O 
FAIL: objc/execute/bf-13.m compilation,  -O 
FAIL: objc/execute/bf-14.m compilation,  -O 
FAIL: objc/execute/bf-15.m compilation,  -O 
FAIL: objc/execute/bf-16.m compilation,  -O 
FAIL: objc/execute/bf-17.m compilation,  -O 
FAIL: objc/execute/bf-18.m compilation,  -O 
FAIL: objc/execute/bf-19.m compilation,  -O 
FAIL: objc/execute/bf-2.m compilation,  -O 
FAIL: objc/execute/bf-20.m compilation,  -O 
FAIL: objc/execute/bf-3.m compilation,  -O 
FAIL: objc/execute/bf-4.m compilation,  -O 
FAIL: objc/execute/bf-5.m compilation,  -O 
FAIL: objc/execute/bf-6.m compilation,  -O 
FAIL: objc/execute/bf-7.m compilation,  -O 
FAIL: objc/execute/bf-8.m compilation,  -O 
FAIL: objc/execute/bf-9.m compilation,  -O 
FAIL: objc/execute/bycopy-1.m compilation,  -O 
FAIL: objc/execute/bycopy-2.m compilation,  -O 
FAIL: objc/execute/bycopy-3.m compilation,  -O 
FAIL: objc/execute/class-1.m compilation,  -O 
FAIL: objc/execute/class-10.m compilation,  -O 
FAIL: objc/execute/class-11.m compilation,  -O 
FAIL: objc/execute/class-12.m compilation,  -O 
FAIL: objc/execute/class-13.m compilation,  -O 
FAIL: objc/execute/class-14.m compilation,  -O 
FAIL: objc/execute/class-2.m compilation,  -O 
FAIL: objc/execute/class-3.m compilation,  -O 
FAIL: objc/execute/class-4.m compilation,  -O 
FAIL: objc/execute/class-5.m compilation,  -O 
FAIL: objc/execute/class-6.m compilation,  -O 
FAIL: objc/execute/class-7.m compilation,  -O 
FAIL: objc/execute/class-8.m compilation,  -O 
FAIL: objc/execute/class-9.m compilation,  -O 
FAIL: objc/execute/compatibility_alias.m compilation,  -O 
FAIL: objc/execute/encode-1.m compilation,  -O 
FAIL: objc/execute/fdecl.m compilation,  -O 
FAIL: objc/execute/formal_protocol-1.m compilation,  -O 
FAIL: objc/execute/formal_protocol-2.m compilation,  -O 
FAIL: objc/execute/formal_protocol-3.m compilation,  -O 
FAIL: objc/execute/formal_protocol-4.m compilation,  -O 
FAIL: objc/execute/formal_protocol-5.m compilation,  -O 
FAIL: objc/execute/formal_protocol-6.m compilation,  -O 
FAIL: objc/execute/formal_protocol-7.m compilation,  -O 
FAIL: objc/execute/informal_protocol.m compilation,  -O 
FAIL: objc/execute/initialize.m compilation,  -O 
FAIL: objc/execute/load.m compilation,  -O 
FAIL: objc/execute/many_args_method.m compilation,  -O 
FAIL: objc/execute/nested-1.m compilation,  -O 
FAIL: objc/execute/nested-2.m compilation,  -O 
FAIL: objc/execute/nested-3.m compilation,  -O 
FAIL: objc/execute/no_clash.m compilation,  -O 
FAIL: objc/execute/np-1.m compilation,  -O 
FAIL: objc/execute/np-2.m compilation,  -O 
FAIL: objc/execute/paste.m compilation,  -O 
FAIL: objc/execute/private.m compilation,  -O 
FAIL: objc/execute/protocol.m compilation,  -O 
FAIL: objc/execute/redefining_self.m compilation,  -O 
FAIL: objc/execute/root_methods.m compilation,  -O 
FAIL: objc/execute/selector-1.m compilation,  -O 
FAIL: objc/execute/static-1.m compilation,  -O 
FAIL: objc/execute/static-2.m compilation,  -O 
FAIL: objc/execute/string1.m compilation,  -O 
FAIL: objc/execute/string2.m compilation,  -O 
FAIL: objc/execute/string3.m compilation,  -O 
FAIL: objc/execute/string4.m compilation,  -O 
FAIL: objc/execute/va_method.m compilation,  -O 

		=== objc Summary for unix/-fpic ===

# of unexpected failures	73
# of untested testcases		73

Running target unix/-fPIC
FAIL: objc/execute/IMP.m compilation,  -O 
FAIL: objc/execute/_cmd.m compilation,  -O 
FAIL: objc/execute/accessing_ivars.m compilation,  -O 
FAIL: objc/execute/bf-1.m compilation,  -O 
FAIL: objc/execute/bf-10.m compilation,  -O 
FAIL: objc/execute/bf-11.m compilation,  -O 
FAIL: objc/execute/bf-12.m compilation,  -O 
FAIL: objc/execute/bf-13.m compilation,  -O 
FAIL: objc/execute/bf-14.m compilation,  -O 
FAIL: objc/execute/bf-15.m compilation,  -O 
FAIL: objc/execute/bf-16.m compilation,  -O 
FAIL: objc/execute/bf-17.m compilation,  -O 
FAIL: objc/execute/bf-18.m compilation,  -O 
FAIL: objc/execute/bf-19.m compilation,  -O 
FAIL: objc/execute/bf-2.m compilation,  -O 
FAIL: objc/execute/bf-20.m compilation,  -O 
FAIL: objc/execute/bf-3.m compilation,  -O 
FAIL: objc/execute/bf-4.m compilation,  -O 
FAIL: objc/execute/bf-5.m compilation,  -O 
FAIL: objc/execute/bf-6.m compilation,  -O 
FAIL: objc/execute/bf-7.m compilation,  -O 
FAIL: objc/execute/bf-8.m compilation,  -O 
FAIL: objc/execute/bf-9.m compilation,  -O 
FAIL: objc/execute/bycopy-1.m compilation,  -O 
FAIL: objc/execute/bycopy-2.m compilation,  -O 
FAIL: objc/execute/bycopy-3.m compilation,  -O 
FAIL: objc/execute/class-1.m compilation,  -O 
FAIL: objc/execute/class-10.m compilation,  -O 
FAIL: objc/execute/class-11.m compilation,  -O 
FAIL: objc/execute/class-12.m compilation,  -O 
FAIL: objc/execute/class-13.m compilation,  -O 
FAIL: objc/execute/class-14.m compilation,  -O 
FAIL: objc/execute/class-2.m compilation,  -O 
FAIL: objc/execute/class-3.m compilation,  -O 
FAIL: objc/execute/class-4.m compilation,  -O 
FAIL: objc/execute/class-5.m compilation,  -O 
FAIL: objc/execute/class-6.m compilation,  -O 
FAIL: objc/execute/class-7.m compilation,  -O 
FAIL: objc/execute/class-8.m compilation,  -O 
FAIL: objc/execute/class-9.m compilation,  -O 
FAIL: objc/execute/compatibility_alias.m compilation,  -O 
FAIL: objc/execute/encode-1.m compilation,  -O 
FAIL: objc/execute/fdecl.m compilation,  -O 
FAIL: objc/execute/formal_protocol-1.m compilation,  -O 
FAIL: objc/execute/formal_protocol-2.m compilation,  -O 
FAIL: objc/execute/formal_protocol-3.m compilation,  -O 
FAIL: objc/execute/formal_protocol-4.m compilation,  -O 
FAIL: objc/execute/formal_protocol-5.m compilation,  -O 
FAIL: objc/execute/formal_protocol-6.m compilation,  -O 
FAIL: objc/execute/formal_protocol-7.m compilation,  -O 
FAIL: objc/execute/informal_protocol.m compilation,  -O 
FAIL: objc/execute/initialize.m compilation,  -O 
FAIL: objc/execute/load.m compilation,  -O 
FAIL: objc/execute/many_args_method.m compilation,  -O 
FAIL: objc/execute/nested-1.m compilation,  -O 
FAIL: objc/execute/nested-2.m compilation,  -O 
FAIL: objc/execute/nested-3.m compilation,  -O 
FAIL: objc/execute/no_clash.m compilation,  -O 
FAIL: objc/execute/np-1.m compilation,  -O 
FAIL: objc/execute/np-2.m compilation,  -O 
FAIL: objc/execute/paste.m compilation,  -O 
FAIL: objc/execute/private.m compilation,  -O 
FAIL: objc/execute/protocol.m compilation,  -O 
FAIL: objc/execute/redefining_self.m compilation,  -O 
FAIL: objc/execute/root_methods.m compilation,  -O 
FAIL: objc/execute/selector-1.m compilation,  -O 
FAIL: objc/execute/static-1.m compilation,  -O 
FAIL: objc/execute/static-2.m compilation,  -O 
FAIL: objc/execute/string1.m compilation,  -O 
FAIL: objc/execute/string2.m compilation,  -O 
FAIL: objc/execute/string3.m compilation,  -O 
FAIL: objc/execute/string4.m compilation,  -O 
FAIL: objc/execute/va_method.m compilation,  -O 

		=== objc Summary for unix/-fPIC ===

# of unexpected failures	73
# of untested testcases		73

Running target unix
FAIL: objc/execute/IMP.m compilation,  -O 
FAIL: objc/execute/_cmd.m compilation,  -O 
FAIL: objc/execute/accessing_ivars.m compilation,  -O 
FAIL: objc/execute/bf-1.m compilation,  -O 
FAIL: objc/execute/bf-10.m compilation,  -O 
FAIL: objc/execute/bf-11.m compilation,  -O 
FAIL: objc/execute/bf-12.m compilation,  -O 
FAIL: objc/execute/bf-13.m compilation,  -O 
FAIL: objc/execute/bf-14.m compilation,  -O 
FAIL: objc/execute/bf-15.m compilation,  -O 
FAIL: objc/execute/bf-16.m compilation,  -O 
FAIL: objc/execute/bf-17.m compilation,  -O 
FAIL: objc/execute/bf-18.m compilation,  -O 
FAIL: objc/execute/bf-19.m compilation,  -O 
FAIL: objc/execute/bf-2.m compilation,  -O 
FAIL: objc/execute/bf-20.m compilation,  -O 
FAIL: objc/execute/bf-3.m compilation,  -O 
FAIL: objc/execute/bf-4.m compilation,  -O 
FAIL: objc/execute/bf-5.m compilation,  -O 
FAIL: objc/execute/bf-6.m compilation,  -O 
FAIL: objc/execute/bf-7.m compilation,  -O 
FAIL: objc/execute/bf-8.m compilation,  -O 
FAIL: objc/execute/bf-9.m compilation,  -O 
FAIL: objc/execute/bycopy-1.m compilation,  -O 
FAIL: objc/execute/bycopy-2.m compilation,  -O 
FAIL: objc/execute/bycopy-3.m compilation,  -O 
FAIL: objc/execute/class-1.m compilation,  -O 
FAIL: objc/execute/class-10.m compilation,  -O 
FAIL: objc/execute/class-11.m compilation,  -O 
FAIL: objc/execute/class-12.m compilation,  -O 
FAIL: objc/execute/class-13.m compilation,  -O 
FAIL: objc/execute/class-14.m compilation,  -O 
FAIL: objc/execute/class-2.m compilation,  -O 
FAIL: objc/execute/class-3.m compilation,  -O 
FAIL: objc/execute/class-4.m compilation,  -O 
FAIL: objc/execute/class-5.m compilation,  -O 
FAIL: objc/execute/class-6.m compilation,  -O 
FAIL: objc/execute/class-7.m compilation,  -O 
FAIL: objc/execute/class-8.m compilation,  -O 
FAIL: objc/execute/class-9.m compilation,  -O 
FAIL: objc/execute/compatibility_alias.m compilation,  -O 
FAIL: objc/execute/encode-1.m compilation,  -O 
FAIL: objc/execute/fdecl.m compilation,  -O 
FAIL: objc/execute/formal_protocol-1.m compilation,  -O 
FAIL: objc/execute/formal_protocol-2.m compilation,  -O 
FAIL: objc/execute/formal_protocol-3.m compilation,  -O 
FAIL: objc/execute/formal_protocol-4.m compilation,  -O 
FAIL: objc/execute/formal_protocol-5.m compilation,  -O 
FAIL: objc/execute/formal_protocol-6.m compilation,  -O 
FAIL: objc/execute/formal_protocol-7.m compilation,  -O 
FAIL: objc/execute/informal_protocol.m compilation,  -O 
FAIL: objc/execute/initialize.m compilation,  -O 
FAIL: objc/execute/load.m compilation,  -O 
FAIL: objc/execute/many_args_method.m compilation,  -O 
FAIL: objc/execute/nested-1.m compilation,  -O 
FAIL: objc/execute/nested-2.m compilation,  -O 
FAIL: objc/execute/nested-3.m compilation,  -O 
FAIL: objc/execute/no_clash.m compilation,  -O 
FAIL: objc/execute/np-1.m compilation,  -O 
FAIL: objc/execute/np-2.m compilation,  -O 
FAIL: objc/execute/paste.m compilation,  -O 
FAIL: objc/execute/private.m compilation,  -O 
FAIL: objc/execute/protocol.m compilation,  -O 
FAIL: objc/execute/redefining_self.m compilation,  -O 
FAIL: objc/execute/root_methods.m compilation,  -O 
FAIL: objc/execute/selector-1.m compilation,  -O 
FAIL: objc/execute/static-1.m compilation,  -O 
FAIL: objc/execute/static-2.m compilation,  -O 
FAIL: objc/execute/string1.m compilation,  -O 
FAIL: objc/execute/string2.m compilation,  -O 
FAIL: objc/execute/string3.m compilation,  -O 
FAIL: objc/execute/string4.m compilation,  -O 
FAIL: objc/execute/va_method.m compilation,  -O 

		=== objc Summary for unix ===

# of unexpected failures	73
# of untested testcases		73

		=== objc Summary ===

# of unexpected failures	292
# of untested testcases		292
/home/fsirl/obj/gcc3/gcc/xgcc version 3.0 20010325 (prerelease)


Compiler version: 3.0 20010325 (prerelease) 
Platform: powerpc-redhat-linux-gnu
configure flags: --host=ppc-redhat-linux --prefix=/home/fsirl/gnubin --enable-shared --enable-threads=posix --enable-checking=gc,misc,tree


Index Nav: [Date Index] [Subject Index] [Author Index] [Thread Index]
Message Nav: [Date Prev] [Date Next] [Thread Prev] [Thread Next]