This is the mail archive of the gcc-testresults@gcc.gnu.org mailing list for the GCC project.


Index Nav: [Date Index] [Subject Index] [Author Index] [Thread Index]
Message Nav: [Date Prev] [Date Next] [Thread Prev] [Thread Next]

Results for 3.1 20010324 (experimental) testsuite on i686-pc-linux-gnu


Native configuration is i686-pc-linux-gnu

		=== libjava tests ===


Running target unix
XPASS: abstr -O compilation from source
XPASS: G19990225_01 compilation from source
FAIL: inner_1 byte compilation
FAIL: inner_1 byte compilation
FAIL: PR232 -O compilation from bytecode
XPASS: PR235 compilation from source
XPASS: PR208 compilation from bytecode
XPASS: PR208 -O compilation from bytecode
XPASS: PR207 compilation from bytecode
XPASS: PR207 -O compilation from bytecode
XPASS: PR375 compilation from source
XPASS: PR375 -O compilation from source
XPASS: stringconst output from bytecode->native test
XPASS: stringconst -O output from bytecode->native test
FAIL: Thread_Alive execution from source compiled test
FAIL: Thread_Alive execution from bytecode->native test
FAIL: Thread_Alive -O execution from source compiled test
FAIL: Thread_Alive -O execution from bytecode->native test
XPASS: pr83 compilation from bytecode
XPASS: pr83 -O compilation from bytecode
XPASS: Shazam compilation from bytecode
XPASS: Shazam -O compilation from bytecode
FAIL: Thread_Wait execution from source compiled test
FAIL: Thread_Wait execution from bytecode->native test
FAIL: Thread_Wait -O execution from source compiled test
FAIL: Thread_Wait -O execution from bytecode->native test
FAIL: Thread_Wait_Interrupt execution from source compiled test
FAIL: Thread_Wait_Interrupt execution from bytecode->native test
FAIL: Thread_Wait_Interrupt -O execution from source compiled test
FAIL: Thread_Wait_Interrupt -O execution from bytecode->native test
FAIL: Thread_Interrupt execution from source compiled test
FAIL: Thread_Interrupt execution from bytecode->native test
FAIL: Thread_Interrupt -O execution from source compiled test
FAIL: Thread_Interrupt -O execution from bytecode->native test
XPASS: PR162 output from source compiled test
XPASS: PR162 -O output from source compiled test
FAIL: Thread_Wait_2 execution from source compiled test
FAIL: Thread_Wait_2 execution from bytecode->native test
FAIL: Thread_Wait_2 -O execution from source compiled test
FAIL: Thread_Wait_2 -O execution from bytecode->native test
FAIL: Thread_Monitor execution from source compiled test
FAIL: Thread_Monitor execution from bytecode->native test
FAIL: Thread_Monitor -O execution from source compiled test
FAIL: Thread_Monitor -O execution from bytecode->native test
XPASS: N19990310_4 output from source compiled test
XPASS: N19990310_4 -O output from source compiled test
FAIL: Thread_Join execution from source compiled test
FAIL: Thread_Join execution from bytecode->native test
FAIL: Thread_Join -O execution from source compiled test
FAIL: Thread_Join -O execution from bytecode->native test

		=== libjava Summary ===

# of expected passes		1562
# of unexpected failures	31
# of unexpected successes	19
# of expected failures		112
		=== gcc tests ===


Running target unix/-fPIC
FAIL: gcc.c-torture/compile/20001226-1.c,  -O1  
FAIL: gcc.c-torture/compile/20001226-1.c,  -O2  
FAIL: gcc.c-torture/compile/20001226-1.c,  -O3 -fomit-frame-pointer  
FAIL: gcc.c-torture/compile/20001226-1.c,  -O3 -g  
FAIL: gcc.c-torture/compile/20001226-1.c,  -Os  
FAIL: gcc.c-torture/compile/20000804-1.c,  -O0  
FAIL: gcc.c-torture/execute/20010114-2.c execution,  -O1 
FAIL: gcc.c-torture/execute/20010114-2.c execution,  -O2 
FAIL: gcc.c-torture/execute/20010114-2.c execution,  -O3 -fomit-frame-pointer 
FAIL: gcc.c-torture/execute/20010114-2.c execution,  -O3 -g 
FAIL: gcc.c-torture/execute/20010114-2.c execution,  -Os 
FAIL: gcc.c-torture/execute/990127-2.c execution,  -O3 -fomit-frame-pointer 
FAIL: gcc.c-torture/execute/990127-2.c execution,  -O3 -g 
FAIL: gcc.c-torture/execute/conversion.c execution,  -O3 -fomit-frame-pointer 
FAIL: gcc.c-torture/execute/conversion.c execution,  -O3 -g 
FAIL: gcc.dg/20000724-1.c execution test
FAIL: gcc.dg/asm-names.c (test for excess errors)

		=== gcc Summary for unix/-fPIC ===

# of expected passes		15096
# of unexpected failures	17
# of expected failures		93
# of unsupported tests		21

Running target unix/-fpic
FAIL: gcc.c-torture/compile/20001226-1.c,  -O1  
FAIL: gcc.c-torture/compile/20001226-1.c,  -O2  
FAIL: gcc.c-torture/compile/20001226-1.c,  -O3 -fomit-frame-pointer  
FAIL: gcc.c-torture/compile/20001226-1.c,  -O3 -g  
FAIL: gcc.c-torture/compile/20001226-1.c,  -Os  
FAIL: gcc.c-torture/compile/20000804-1.c,  -O0  
FAIL: gcc.c-torture/execute/20010114-2.c execution,  -O1 
FAIL: gcc.c-torture/execute/20010114-2.c execution,  -O2 
FAIL: gcc.c-torture/execute/20010114-2.c execution,  -O3 -fomit-frame-pointer 
FAIL: gcc.c-torture/execute/20010114-2.c execution,  -O3 -g 
FAIL: gcc.c-torture/execute/20010114-2.c execution,  -Os 
FAIL: gcc.c-torture/execute/990127-2.c execution,  -O3 -fomit-frame-pointer 
FAIL: gcc.c-torture/execute/990127-2.c execution,  -O3 -g 
FAIL: gcc.c-torture/execute/conversion.c execution,  -O3 -fomit-frame-pointer 
FAIL: gcc.c-torture/execute/conversion.c execution,  -O3 -g 
FAIL: gcc.dg/20000724-1.c execution test
FAIL: gcc.dg/asm-names.c (test for excess errors)

		=== gcc Summary for unix/-fpic ===

# of expected passes		15096
# of unexpected failures	17
# of expected failures		93
# of unsupported tests		21

Running target unix
FAIL: gcc.c-torture/compile/20001226-1.c,  -O1  
FAIL: gcc.c-torture/compile/20001226-1.c,  -O2  
FAIL: gcc.c-torture/compile/20001226-1.c,  -O3 -fomit-frame-pointer  
FAIL: gcc.c-torture/compile/20001226-1.c,  -O3 -g  
FAIL: gcc.c-torture/compile/20001226-1.c,  -Os  
FAIL: gcc.c-torture/execute/20010114-2.c execution,  -O1 
FAIL: gcc.c-torture/execute/20010114-2.c execution,  -O2 
FAIL: gcc.c-torture/execute/20010114-2.c execution,  -Os 
FAIL: gcc.c-torture/execute/loop-2b.c execution,  -O2 
FAIL: gcc.dg/20000720-1.c (test for excess errors)
FAIL: gcc.dg/20000724-1.c execution test
FAIL: gcc.dg/special/weak-1.c execution test

		=== gcc Summary for unix ===

# of expected passes		15101
# of unexpected failures	12
# of expected failures		93
# of unsupported tests		21

		=== gcc Summary ===

# of expected passes		45293
# of unexpected failures	46
# of expected failures		279
# of unsupported tests		63
/home/ghazi/gcc-testing/build/gcc/xgcc version 3.1 20010324 (experimental)

		=== g++ tests ===


Running target unix/-fPIC
FAIL: g++.dg/vtgc1.C (test for excess errors)
FAIL: g++.dg/special/conpr-1.C execution test
FAIL: g++.dg/special/conpr-2.C execution test
FAIL: g++.dg/special/conpr-3.C execution test
FAIL: g++.dg/special/conpr-3.C execution test
FAIL: g++.ext/initp1.C  Execution test
FAIL: g++.ext/instantiate1.C not instantiated (test for errors, line 18)
FAIL: g++.ext/instantiate1.C not instantiated (test for errors, line 20)
FAIL: g++.other/crash18.C (test for excess errors)
FAIL: g++.pt/asm1.C (test for excess errors)
FAIL: g++.pt/asm2.C (test for excess errors)

		=== g++ Summary for unix/-fPIC ===

# of expected passes		6391
# of unexpected failures	11
# of expected failures		88
# of unresolved testcases	1
# of untested testcases		9

Running target unix/-fpic
FAIL: g++.dg/vtgc1.C (test for excess errors)
FAIL: g++.dg/special/conpr-1.C execution test
FAIL: g++.dg/special/conpr-2.C execution test
FAIL: g++.dg/special/conpr-3.C execution test
FAIL: g++.dg/special/conpr-3.C execution test
FAIL: g++.ext/initp1.C  Execution test
FAIL: g++.ext/instantiate1.C not instantiated (test for errors, line 18)
FAIL: g++.ext/instantiate1.C not instantiated (test for errors, line 20)
FAIL: g++.other/crash18.C (test for excess errors)
FAIL: g++.pt/asm1.C (test for excess errors)
FAIL: g++.pt/asm2.C (test for excess errors)

		=== g++ Summary for unix/-fpic ===

# of expected passes		6391
# of unexpected failures	11
# of expected failures		88
# of unresolved testcases	1
# of untested testcases		9

Running target unix
FAIL: g++.dg/special/conpr-1.C execution test
FAIL: g++.dg/special/conpr-2.C execution test
FAIL: g++.dg/special/conpr-3.C execution test
FAIL: g++.dg/special/conpr-3.C execution test
FAIL: g++.ext/initp1.C  Execution test
FAIL: g++.ext/instantiate1.C not instantiated (test for errors, line 18)
FAIL: g++.ext/instantiate1.C not instantiated (test for errors, line 20)
FAIL: g++.other/crash18.C (test for excess errors)

		=== g++ Summary for unix ===

# of expected passes		6407
# of unexpected failures	8
# of expected failures		88
# of untested testcases		9

		=== g++ Summary ===

# of expected passes		19189
# of unexpected failures	30
# of expected failures		264
# of unresolved testcases	2
# of untested testcases		27
/home/ghazi/gcc-testing/build/gcc/testsuite/../g++ version 3.1 20010324 (experimental)

		=== g77 tests ===


Running target unix/-fPIC
XPASS: g77.f-torture/execute/short.f execution,  -Os 

		=== g77 Summary for unix/-fPIC ===

# of expected passes		928
# of unexpected successes	1
# of expected failures		6

Running target unix/-fpic
XPASS: g77.f-torture/execute/short.f execution,  -Os 

		=== g77 Summary for unix/-fpic ===

# of expected passes		928
# of unexpected successes	1
# of expected failures		6

Running target unix

		=== g77 Summary for unix ===

# of expected passes		928
# of expected failures		7

		=== g77 Summary ===

# of expected passes		2784
# of unexpected successes	2
# of expected failures		19
		=== objc tests ===


Running target unix/-fPIC
FAIL: objc/execute/formal_protocol-5.m compilation,  -O 
FAIL: objc/execute/formal_protocol-6.m compilation,  -O 
FAIL: objc/execute/protocol.m compilation,  -O 

		=== objc Summary for unix/-fPIC ===

# of expected passes		140
# of unexpected failures	3
# of untested testcases		3

Running target unix/-fpic
FAIL: objc/execute/formal_protocol-5.m compilation,  -O 
FAIL: objc/execute/formal_protocol-6.m compilation,  -O 
FAIL: objc/execute/protocol.m compilation,  -O 

		=== objc Summary for unix/-fpic ===

# of expected passes		140
# of unexpected failures	3
# of untested testcases		3

Running target unix
FAIL: objc/execute/formal_protocol-5.m compilation,  -O 
FAIL: objc/execute/formal_protocol-6.m compilation,  -O 
FAIL: objc/execute/protocol.m compilation,  -O 

		=== objc Summary for unix ===

# of expected passes		140
# of unexpected failures	3
# of untested testcases		3

		=== objc Summary ===

# of expected passes		420
# of unexpected failures	9
# of untested testcases		9
/home/ghazi/gcc-testing/build/gcc/xgcc version 3.1 20010324 (experimental)


Compiler version: 3.1 20010324 (experimental) 
Platform: i686-pc-linux-gnu
configure flags: --host=i686-pc-linux-gnu --verbose --enable-checking=misc,tree,rtl,gc


Index Nav: [Date Index] [Subject Index] [Author Index] [Thread Index]
Message Nav: [Date Prev] [Date Next] [Thread Prev] [Thread Next]