This is the mail archive of the gcc-testresults@gcc.gnu.org mailing list for the GCC project.


Index Nav: [Date Index] [Subject Index] [Author Index] [Thread Index]
Message Nav: [Date Prev] [Date Next] [Thread Prev] [Thread Next]

Results for 3.1 20010324 (experimental) testsuite on i686-pc-linux-gnu


Native configuration is i686-pc-linux-gnu

		=== gcc tests ===


Running target unix
FAIL: gcc.c-torture/execute/20010114-2.c execution,  -O1 
FAIL: gcc.c-torture/execute/20010114-2.c execution,  -O2 
FAIL: gcc.c-torture/execute/20010114-2.c execution,  -Os 
FAIL: gcc.c-torture/execute/loop-2b.c execution,  -O2 
FAIL: gcc.dg/20000724-1.c execution test
FAIL: gcc.dg/format/xopen-1.c multiple use of scanf argument (test for warnings, line 115)
FAIL: gcc.dg/format/xopen-1.c (test for excess errors)

		=== gcc Summary ===

# of expected passes		15108
# of unexpected failures	7
# of expected failures		93
# of unsupported tests		20
/home/peter/egcs/build/gcc/xgcc version 3.1 20010324 (experimental)

		=== g++ tests ===


Running target unix
FAIL: g++.ext/instantiate1.C not instantiated (test for errors, line 18)
FAIL: g++.ext/instantiate1.C not instantiated (test for errors, line 20)

		=== g++ Summary ===

# of expected passes		6415
# of unexpected failures	2
# of expected failures		88
# of untested testcases		9
/home/peter/egcs/build/gcc/testsuite/../g++ version 3.1 20010324 (experimental)

		=== g77 tests ===


Running target unix

		=== g77 Summary ===

# of expected passes		928
# of expected failures		7
		=== objc tests ===


Running target unix
FAIL: objc/execute/formal_protocol-5.m compilation,  -O 
FAIL: objc/execute/formal_protocol-6.m compilation,  -O 
FAIL: objc/execute/protocol.m compilation,  -O 

		=== objc Summary ===

# of expected passes		140
# of unexpected failures	3
# of untested testcases		3
/home/peter/egcs/build/gcc/xgcc version 3.1 20010324 (experimental)


Compiler version: 3.1 20010324 (experimental) 
Platform: i686-pc-linux-gnu
configure flags: --host=i686-pc-linux-gnu --enable-shared --disable-nls --enable-threads=posix --enable-long-long --enable-languages=c,c++,f77,objc


Index Nav: [Date Index] [Subject Index] [Author Index] [Thread Index]
Message Nav: [Date Prev] [Date Next] [Thread Prev] [Thread Next]