This is the mail archive of the gcc-testresults@gcc.gnu.org mailing list for the GCC project.


Index Nav: [Date Index] [Subject Index] [Author Index] [Thread Index]
Message Nav: [Date Prev] [Date Next] [Thread Prev] [Thread Next]

Results for 3.0 20010320 (prerelease) testsuite on mips-sgi-irix5.2


Native configuration is mips-sgi-irix5.2

		=== binutils tests ===


Running target unix

		=== binutils Summary ===

# of expected passes		22
# of untested testcases		4
		=== g++ tests ===


Running target unix
FAIL: conpr-1.C
FAIL: g++.abi/cxa_vec.C  Execution test
FAIL: g++.brendan/eh1.C  Execution test
FAIL: g++.eh/badalloc1.C  Execution test
FAIL: g++.eh/catch11.C  Execution test
FAIL: g++.eh/catch12.C  Execution test
FAIL: g++.eh/catch3.C  Execution test
FAIL: g++.eh/catch3p.C  Execution test
FAIL: g++.eh/catch4.C  Execution test
FAIL: g++.eh/catch4p.C  Execution test
FAIL: g++.eh/catch5.C  Execution test
FAIL: g++.eh/catch5p.C  Execution test
FAIL: g++.eh/catch6.C  Execution test
FAIL: g++.eh/catch6p.C  Execution test
FAIL: g++.eh/catch7.C  Execution test
FAIL: g++.eh/catch7p.C  Execution test
FAIL: g++.eh/catch8.C  Execution test
FAIL: g++.eh/catch8p.C  Execution test
FAIL: g++.eh/catch9.C  Execution test
FAIL: g++.eh/catch9p.C  Execution test
FAIL: g++.eh/catchptr1.C  Execution test
FAIL: g++.eh/cleanup1.C  Execution test
FAIL: g++.eh/cleanup2.C  Execution test
FAIL: g++.eh/flow1.C  Execution test
FAIL: g++.eh/fntry1.C  Execution test
FAIL: g++.eh/new1.C  Execution test
FAIL: g++.eh/new2.C  Execution test
FAIL: g++.eh/pdel1.C  Execution test
FAIL: g++.eh/pdel2.C  Execution test
FAIL: g++.eh/ptr1.C  Execution test
FAIL: g++.eh/rethrow1.C  Execution test
FAIL: g++.eh/rethrow2.C  Execution test
FAIL: g++.eh/rethrow3.C  Execution test
FAIL: g++.eh/rethrow4.C  Execution test
FAIL: g++.eh/rethrow5.C  Execution test
FAIL: g++.eh/rethrow6.C  Execution test
FAIL: g++.eh/spec1.C  Execution test
FAIL: g++.eh/spec2.C  Execution test
FAIL: g++.eh/spec3.C  Execution test
FAIL: g++.eh/spec4.C  Execution test
FAIL: g++.eh/tmpl1.C  Execution test
FAIL: g++.eh/unwind1.C  Execution test
FAIL: g++.eh/vbase1.C  Execution test
FAIL: g++.eh/vbase2.C  Execution test
FAIL: g++.eh/vbase4.C  Execution test
FAIL: g++.ext/attrib5.C (test for excess errors)
XPASS: g++.ext/initp1.C (test for excess errors)
XPASS: g++.ext/initp1.C  Execution test
FAIL: g++.ext/instantiate1.C not instantiated (test for errors, line 18)
FAIL: g++.ext/instantiate1.C not instantiated (test for errors, line 20)
XPASS: g++.jason/thunk3.C (test for excess errors)
XPASS: g++.jason/thunk3.C  Execution test
FAIL: g++.martin/new1.C  Execution test
FAIL: g++.mike/dyncast1.C  Execution test
FAIL: g++.mike/dyncast2.C  Execution test
FAIL: g++.mike/eh10.C  Execution test
FAIL: g++.mike/eh12.C  Execution test
FAIL: g++.mike/eh14.C  Execution test
FAIL: g++.mike/eh16.C  Execution test
FAIL: g++.mike/eh17.C  Execution test
FAIL: g++.mike/eh18.C  Execution test
FAIL: g++.mike/eh2.C  Execution test
FAIL: g++.mike/eh21.C  Execution test
FAIL: g++.mike/eh23.C  Execution test
FAIL: g++.mike/eh24.C  Execution test
FAIL: g++.mike/eh25.C  Execution test
FAIL: g++.mike/eh26.C  Execution test
FAIL: g++.mike/eh27.C  Execution test
FAIL: g++.mike/eh28.C  Execution test
FAIL: g++.mike/eh29.C  Execution test
FAIL: g++.mike/eh3.C  Execution test
FAIL: g++.mike/eh31.C  Execution test
FAIL: g++.mike/eh33.C  Execution test
FAIL: g++.mike/eh34.C  Execution test
FAIL: g++.mike/eh35.C  Execution test
FAIL: g++.mike/eh36.C  Execution test
FAIL: g++.mike/eh37.C  Execution test
FAIL: g++.mike/eh38.C  Execution test
FAIL: g++.mike/eh39.C  Execution test
FAIL: g++.mike/eh40.C  Execution test
FAIL: g++.mike/eh41.C  Execution test
FAIL: g++.mike/eh42.C  Execution test
FAIL: g++.mike/eh44.C  Execution test
FAIL: g++.mike/eh47.C  Execution test
FAIL: g++.mike/eh48.C  Execution test
FAIL: g++.mike/eh49.C  Execution test
FAIL: g++.mike/eh5.C  Execution test
FAIL: g++.mike/eh50.C  Execution test
FAIL: g++.mike/eh51.C  Execution test
FAIL: g++.mike/eh55.C  Execution test
FAIL: g++.mike/eh6.C  Execution test
FAIL: g++.mike/eh8.C  Execution test
FAIL: g++.mike/p7912.C  Execution test
FAIL: g++.mike/p9706.C  Execution test
FAIL: g++.oliva/delete3.C  Execution test
FAIL: g++.oliva/new1.C  Execution test
FAIL: g++.other/array1.C  Execution test
FAIL: g++.other/call1.C  Execution test
XPASS: g++.other/crash18.C (test for excess errors)
FAIL: g++.other/crash31.C parse error (test for errors, line 11)
FAIL: g++.other/crash31.C (test for excess errors)
FAIL: g++.other/eh3.C  Execution test
FAIL: g++.other/eh4.C cannot be used in throw-expression (test for errors, line 8)
FAIL: g++.other/eh4.C (test for excess errors)
FAIL: g++.other/incomplete.C incomplete (test for errors, line 14)
FAIL: g++.other/incomplete.C incomplete (test for errors, line 15)
FAIL: g++.other/incomplete.C incomplete (test for errors, line 16)
FAIL: g++.other/init7.C  Execution test
FAIL: g++.other/singleton.C  Execution test
FAIL: g++.other/vbase2.C  Execution test
FAIL: g++.pt/fntry1.C  Execution test
FAIL: g++.pt/static11.C  Execution test
FAIL: g++.pt/static3.C (test for excess errors)
FAIL: g++.pt/static6.C (test for excess errors)
FAIL: g++.robertl/eb31.C  Execution test
FAIL: g++.robertl/eb50.C  Execution test
FAIL: g++.robertl/eb66.C  Execution test
FAIL: g++.robertl/eb88.C  Execution test
FAIL: g++.robertl/eh990323-1.C  Execution test
FAIL: g++.robertl/eh990323-2.C  Execution test
FAIL: g++.robertl/eh990323-3.C  Execution test
FAIL: g++.robertl/eh990323-4.C  Execution test
FAIL: g++.robertl/eh990323-5.C  Execution test
FAIL: g++.robertl/ice990323-2.C  Execution test

		=== g++ Summary ===

# of expected passes		6286
# of unexpected failures	119
# of unexpected successes	5
# of expected failures		91
# of untested testcases		20
/tmp/egcs/gcc/testsuite/../g++ version 3.0 20010320 (prerelease)

		=== g77 tests ===


Running target unix
FAIL: g77.f-torture/execute/dnrm2.f compilation,  -O0 
FAIL: g77.f-torture/execute/dnrm2.f compilation,  -O1 
FAIL: g77.f-torture/execute/dnrm2.f compilation,  -O2 
FAIL: g77.f-torture/execute/dnrm2.f compilation,  -O3 -fomit-frame-pointer 
FAIL: g77.f-torture/execute/dnrm2.f compilation,  -O3 -fomit-frame-pointer -funroll-loops 
FAIL: g77.f-torture/execute/dnrm2.f compilation,  -O3 -fomit-frame-pointer -funroll-all-loops -finline-functions 
FAIL: g77.f-torture/execute/dnrm2.f compilation,  -O3 -g 
FAIL: g77.f-torture/execute/dnrm2.f compilation,  -Os 
FAIL: g77.f-torture/execute/short.f execution,  -Os 

		=== g77 Summary ===

# of expected passes		902
# of unexpected failures	9
# of untested testcases		8
# of unsupported tests		8
		=== gas tests ===


Running target unix
FAIL: assembly line numbers
FAIL: ELF e_flags: nothing special
FAIL: ELF e_flags: -m4650
FAIL: ELF e_flags: -mcpu=4650
FAIL: ELF e_flags: -m4650 -mcpu=4650
FAIL: MIPS ELF reloc
FAIL: MIPS ELF reloc 2 (32-bit)
FAIL: MIPS empic
FAIL: MIPS16 reloc

		=== gas Summary ===

# of expected passes		110
# of unexpected failures	9
# of expected failures		1
		=== gcc tests ===


Running target unix
FAIL: gcc.c-torture/compile/20000511-1.c,  -O0  
FAIL: gcc.c-torture/compile/20000511-1.c,  -O1  
FAIL: gcc.c-torture/compile/20000511-1.c,  -O2  
FAIL: gcc.c-torture/compile/20000511-1.c,  -O3 -fomit-frame-pointer  
FAIL: gcc.c-torture/compile/20000511-1.c,  -O3 -g  
FAIL: gcc.c-torture/compile/20000511-1.c,  -Os  
FAIL: gcc.c-torture/compile/920501-12.c,  -O1  
FAIL: gcc.c-torture/compile/920501-12.c,  -O2  
FAIL: gcc.c-torture/compile/920501-12.c,  -O3 -fomit-frame-pointer  
FAIL: gcc.c-torture/compile/920501-12.c,  -O3 -g  
FAIL: gcc.c-torture/compile/920501-12.c,  -Os  
FAIL: gcc.c-torture/compile/950612-1.c,  -O0  
FAIL: gcc.c-torture/compile/20001226-1.c,  -O0  
FAIL: gcc.c-torture/compile/20001226-1.c,  -O1  
FAIL: gcc.c-torture/compile/20001226-1.c,  -O2  
FAIL: gcc.c-torture/compile/20001226-1.c,  -O3 -fomit-frame-pointer  
FAIL: gcc.c-torture/compile/20001226-1.c,  -O3 -g  
FAIL: gcc.c-torture/compile/20001226-1.c,  -Os  
FAIL: gcc.c-torture/compile/20010107-1.c,  -O0  
FAIL: gcc.c-torture/compile/20010107-1.c,  -O1  
FAIL: gcc.c-torture/compile/20010107-1.c,  -O2  
FAIL: gcc.c-torture/compile/20010107-1.c,  -O3 -fomit-frame-pointer  
FAIL: gcc.c-torture/compile/20010107-1.c,  -O3 -g  
FAIL: gcc.c-torture/compile/20010107-1.c,  -Os  
FAIL: gcc.c-torture/execute/20000412-3.c compilation,  -O0 
FAIL: gcc.c-torture/execute/20000412-3.c compilation,  -O1 
FAIL: gcc.c-torture/execute/20000412-3.c compilation,  -O2 
FAIL: gcc.c-torture/execute/20000412-3.c compilation,  -O3 -fomit-frame-pointer 
FAIL: gcc.c-torture/execute/20000412-3.c compilation,  -O3 -g 
FAIL: gcc.c-torture/execute/20000412-3.c compilation,  -Os 
FAIL: gcc.c-torture/execute/20001227-1.c compilation,  -O0 
FAIL: gcc.c-torture/execute/20001227-1.c compilation,  -O1 
FAIL: gcc.c-torture/execute/20001227-1.c compilation,  -O2 
FAIL: gcc.c-torture/execute/20001227-1.c compilation,  -O3 -fomit-frame-pointer 
FAIL: gcc.c-torture/execute/20001227-1.c compilation,  -O3 -g 
FAIL: gcc.c-torture/execute/20001227-1.c compilation,  -Os 
FAIL: gcc.c-torture/execute/20010122-1.c execution,  -O0 
FAIL: gcc.c-torture/execute/20010122-1.c execution,  -O1 
FAIL: gcc.c-torture/execute/20010122-1.c execution,  -O2 
FAIL: gcc.c-torture/execute/20010122-1.c execution,  -O3 -fomit-frame-pointer 
FAIL: gcc.c-torture/execute/20010122-1.c execution,  -O3 -fomit-frame-pointer -funroll-loops 
FAIL: gcc.c-torture/execute/20010122-1.c execution,  -O3 -fomit-frame-pointer -funroll-all-loops -finline-functions 
FAIL: gcc.c-torture/execute/20010122-1.c execution,  -O3 -g 
FAIL: gcc.c-torture/execute/20010122-1.c execution,  -Os 
FAIL: gcc.c-torture/execute/20010123-1.c execution,  -O0 
FAIL: gcc.c-torture/execute/20010123-1.c execution,  -O1 
FAIL: gcc.c-torture/execute/20010123-1.c execution,  -O2 
FAIL: gcc.c-torture/execute/20010123-1.c execution,  -O3 -fomit-frame-pointer 
FAIL: gcc.c-torture/execute/20010123-1.c execution,  -O3 -fomit-frame-pointer -funroll-loops 
FAIL: gcc.c-torture/execute/20010123-1.c execution,  -O3 -fomit-frame-pointer -funroll-all-loops -finline-functions 
FAIL: gcc.c-torture/execute/20010123-1.c execution,  -O3 -g 
FAIL: gcc.c-torture/execute/20010123-1.c execution,  -Os 
FAIL: gcc.c-torture/execute/20010124-1.c execution,  -O0 
FAIL: gcc.c-torture/execute/20010124-1.c execution,  -O1 
FAIL: gcc.c-torture/execute/20010124-1.c execution,  -O2 
FAIL: gcc.c-torture/execute/20010124-1.c execution,  -O3 -fomit-frame-pointer 
FAIL: gcc.c-torture/execute/20010124-1.c execution,  -O3 -g 
FAIL: gcc.c-torture/execute/20010124-1.c execution,  -Os 
FAIL: gcc.c-torture/execute/921208-2.c compilation,  -O3 -fomit-frame-pointer 
FAIL: gcc.c-torture/execute/921208-2.c compilation,  -O3 -fomit-frame-pointer -funroll-loops 
FAIL: gcc.c-torture/execute/921208-2.c compilation,  -O3 -fomit-frame-pointer -funroll-all-loops -finline-functions 
FAIL: gcc.c-torture/execute/921208-2.c compilation,  -O3 -g 
FAIL: gcc.c-torture/execute/930106-1.c compilation,  -O3 -fomit-frame-pointer 
FAIL: gcc.c-torture/execute/930106-1.c compilation,  -O3 -g 
FAIL: gcc.c-torture/execute/950607-2.c compilation,  -O0 
FAIL: gcc.c-torture/execute/950704-1.c compilation,  -O0 
FAIL: gcc.c-torture/execute/strct-stdarg-1.c compilation,  -O0 
FAIL: gcc.c-torture/execute/strct-stdarg-1.c compilation,  -O1 
FAIL: gcc.c-torture/execute/strct-stdarg-1.c compilation,  -O2 
FAIL: gcc.c-torture/execute/strct-stdarg-1.c compilation,  -O3 -fomit-frame-pointer 
FAIL: gcc.c-torture/execute/strct-stdarg-1.c compilation,  -O3 -fomit-frame-pointer -funroll-loops 
FAIL: gcc.c-torture/execute/strct-stdarg-1.c compilation,  -O3 -fomit-frame-pointer -funroll-all-loops -finline-functions 
FAIL: gcc.c-torture/execute/strct-stdarg-1.c compilation,  -O3 -g 
FAIL: gcc.c-torture/execute/strct-stdarg-1.c compilation,  -Os 
FAIL: gcc.c-torture/execute/tstdi-1.c compilation,  -O0 
FAIL: gcc.c-torture/execute/ieee/fp-cmp-4.c compilation,  -O0 
FAIL: gcc.c-torture/execute/ieee/fp-cmp-4.c compilation,  -O1 
FAIL: gcc.c-torture/execute/ieee/fp-cmp-4.c compilation,  -O2 
FAIL: gcc.c-torture/execute/ieee/fp-cmp-4.c compilation,  -O3 -fomit-frame-pointer 
FAIL: gcc.c-torture/execute/ieee/fp-cmp-4.c compilation,  -O3 -fomit-frame-pointer -funroll-loops 
FAIL: gcc.c-torture/execute/ieee/fp-cmp-4.c compilation,  -O3 -fomit-frame-pointer -funroll-all-loops -finline-functions 
FAIL: gcc.c-torture/execute/ieee/fp-cmp-4.c compilation,  -O3 -g 
FAIL: gcc.c-torture/execute/ieee/fp-cmp-4.c compilation,  -Os 
XPASS: gcc.c-torture/execute/memcheck/blkarg.c execution,  -O0 
XPASS: gcc.c-torture/execute/memcheck/blkarg.c execution,  -O1 
XPASS: gcc.c-torture/execute/memcheck/blkarg.c execution,  -O2 
XPASS: gcc.c-torture/execute/memcheck/blkarg.c execution,  -Os 
FAIL: gcc.c-torture/unsorted/cc.c,  -O0  
FAIL: gcc.c-torture/unsorted/poor.c,  -O0  
FAIL: gcc.c-torture/unsorted/poor.c,  -O1  
FAIL: gcc.c-torture/unsorted/poor.c,  -O2  
FAIL: gcc.c-torture/unsorted/poor.c,  -O3 -fomit-frame-pointer  
FAIL: gcc.c-torture/unsorted/poor.c,  -O3 -g  
FAIL: gcc.c-torture/unsorted/poor.c,  -Os  
FAIL: gcc.dg/asm-fs-1.c (test for excess errors)
FAIL: gcc.dg/sequence-pt-1.c sequence point warning (test for warnings, line 59)
FAIL: gcc.dg/special/weak-1.c (test for excess errors)
FAIL: gcc.dg/special/weak-1.c execution test
FAIL: gcc.dg/special/weak-2.c (test for excess errors)
FAIL: gcc.dg/special/weak-2.c execution test
FAIL: alias-1.c
FAIL: wkali-1.c
FAIL: wkali-2a.o
FAIL: 20000419-2.c
FAIL: gcc.misc-tests/mg.c

		=== gcc Summary ===

# of expected passes		14851
# of unexpected failures	101
# of unexpected successes	4
# of expected failures		68
# of unresolved testcases	37
# of unsupported tests		53
/tmp/egcs/gcc/xgcc version 3.0 20010320 (prerelease)

		=== objc tests ===


Running target unix
FAIL: objc/execute/class-13.m execution,  -O 
FAIL: objc/execute/class-5.m execution,  -O 
FAIL: objc/execute/class-6.m execution,  -O 
FAIL: objc/execute/class-8.m execution,  -O 
FAIL: objc/execute/class-9.m execution,  -O 
FAIL: objc/execute/formal_protocol-5.m compilation,  -O 
FAIL: objc/execute/formal_protocol-6.m compilation,  -O 
FAIL: objc/execute/protocol.m compilation,  -O 

		=== objc Summary ===

# of expected passes		135
# of unexpected failures	8
# of untested testcases		3
/tmp/egcs/gcc/xgcc version 3.0 20010320 (prerelease)


Compiler version: 3.0 20010320 (prerelease) 
Platform: mips-sgi-irix5.2

BOOT_CFLAGS: -g -O9 -W -Wall

Counting all warnings,
there are 227 warnings in stage3 of this bootstrap.

Number of warnings per file:
     83	gcc/gcc.c
     27	gcc/combine.c
     23	gcc/f/lang-specs.h
     18	gcc/cp/lang-specs.h
     10	gcc/config/mips/mips.md
      9	gcc/objc/lang-specs.h
      9	gcc/config/mips/mips.c
      6	gcc/cse.c
      6	gcc/cp/pt.c
      5	gcc/expr.c
      5	gcc/cp/error.c
      4	gcc/reload1.c
      4	gcc/cp/call.c
      2	gcc/reload.c
      2	gcc/function.c
      2	gcc/fold-const.c
      2	gcc/alias.c
      1	gcc/toplev.c
      1	gcc/sdbout.c
      1	gcc/sched-deps.c
      1	gcc/regmove.c
      1	gcc/libgcc2.c
      1	gcc/intl/dcgettext.c
      1	gcc/final.c
      1	gcc/expmed.c
      1	gcc/cp/errfn.c
      1	gcc/cp/decl.c

Number of warning types:
     62	missing initializer
     62	(near initialization for `???')
     50	comparison between signed and unsigned
     12	signed and unsigned type in conditional expression
      9	`???' might be used uninitialized in this function
      8	string length `???' is greater than the length `???' ISO C89 compilers are required to support
      6	operand 1 missing mode?
      5	initialization from incompatible pointer type
      4	operand 0 missing mode?
      2	unused parameter `???'
      2	function declaration isn't a prototype
      1	suggest not using #elif in traditional C
      1	pointer targets in passing arg ??? of `???' differ in signedness
      1	assignment discards qualifiers from pointer target type
      1	alignment of `???' is greater than maximum object file alignment. Using 8.
      1	`???' defined but not used
Alexandre Oliva   Enjoy Guarana', see http://www.ic.unicamp.br/~oliva/
Red Hat GCC Developer                  aoliva@{cygnus.com, redhat.com}
CS PhD student at IC-Unicamp        oliva@{lsd.ic.unicamp.br, gnu.org}
Free Software Evangelist    *Please* write to mailing lists, not to me


Index Nav: [Date Index] [Subject Index] [Author Index] [Thread Index]
Message Nav: [Date Prev] [Date Next] [Thread Prev] [Thread Next]