This is the mail archive of the gcc-testresults@gcc.gnu.org mailing list for the GCC project.


Index Nav: [Date Index] [Subject Index] [Author Index] [Thread Index]
Message Nav: [Date Prev] [Date Next] [Thread Prev] [Thread Next]

Results for 3.0 20010321 (prerelease) testsuite on i686-pc-linux-gnu


Native configuration is i686-pc-linux-gnu

		=== gcc tests ===


Running target unix/-fPIC
FAIL: gcc.c-torture/compile/20001226-1.c,  -O1  
FAIL: gcc.c-torture/compile/20001226-1.c,  -O2  
FAIL: gcc.c-torture/compile/20001226-1.c,  -O3 -fomit-frame-pointer  
FAIL: gcc.c-torture/compile/20001226-1.c,  -O3 -g  
FAIL: gcc.c-torture/compile/20001226-1.c,  -Os  
FAIL: gcc.c-torture/compile/20000804-1.c,  -O0  
FAIL: gcc.c-torture/execute/20010114-2.c execution,  -O1 
FAIL: gcc.c-torture/execute/20010114-2.c execution,  -O2 
FAIL: gcc.c-torture/execute/20010114-2.c execution,  -O3 -fomit-frame-pointer 
FAIL: gcc.c-torture/execute/20010114-2.c execution,  -O3 -g 
FAIL: gcc.c-torture/execute/20010114-2.c execution,  -Os 
FAIL: gcc.c-torture/execute/990127-2.c execution,  -O3 -fomit-frame-pointer 
FAIL: gcc.c-torture/execute/990127-2.c execution,  -O3 -g 
FAIL: gcc.c-torture/execute/conversion.c execution,  -O3 -fomit-frame-pointer 
FAIL: gcc.c-torture/execute/conversion.c execution,  -O3 -g 
FAIL: gcc.dg/20000724-1.c execution test
FAIL: gcc.dg/20001117-1.c (test for excess errors)
FAIL: gcc.dg/asm-names.c (test for excess errors)
FAIL: gcc.dg/sequence-pt-1.c sequence point warning (test for warnings, line 59)

		=== gcc Summary for unix/-fPIC ===

# of expected passes		15063
# of unexpected failures	19
# of expected failures		92
# of unsupported tests		21

Running target unix/-fpic
FAIL: gcc.c-torture/compile/20001226-1.c,  -O1  
FAIL: gcc.c-torture/compile/20001226-1.c,  -O2  
FAIL: gcc.c-torture/compile/20001226-1.c,  -O3 -fomit-frame-pointer  
FAIL: gcc.c-torture/compile/20001226-1.c,  -O3 -g  
FAIL: gcc.c-torture/compile/20001226-1.c,  -Os  
FAIL: gcc.c-torture/compile/20000804-1.c,  -O0  
FAIL: gcc.c-torture/execute/20010114-2.c execution,  -O1 
FAIL: gcc.c-torture/execute/20010114-2.c execution,  -O2 
FAIL: gcc.c-torture/execute/20010114-2.c execution,  -O3 -fomit-frame-pointer 
FAIL: gcc.c-torture/execute/20010114-2.c execution,  -O3 -g 
FAIL: gcc.c-torture/execute/20010114-2.c execution,  -Os 
FAIL: gcc.c-torture/execute/990127-2.c execution,  -O3 -fomit-frame-pointer 
FAIL: gcc.c-torture/execute/990127-2.c execution,  -O3 -g 
FAIL: gcc.c-torture/execute/conversion.c execution,  -O3 -fomit-frame-pointer 
FAIL: gcc.c-torture/execute/conversion.c execution,  -O3 -g 
FAIL: gcc.dg/20000724-1.c execution test
FAIL: gcc.dg/20001117-1.c (test for excess errors)
FAIL: gcc.dg/asm-names.c (test for excess errors)
FAIL: gcc.dg/sequence-pt-1.c sequence point warning (test for warnings, line 59)

		=== gcc Summary for unix/-fpic ===

# of expected passes		15063
# of unexpected failures	19
# of expected failures		92
# of unsupported tests		21

Running target unix
FAIL: gcc.c-torture/compile/20001226-1.c,  -O1  
FAIL: gcc.c-torture/compile/20001226-1.c,  -O2  
FAIL: gcc.c-torture/compile/20001226-1.c,  -O3 -fomit-frame-pointer  
FAIL: gcc.c-torture/compile/20001226-1.c,  -O3 -g  
FAIL: gcc.c-torture/compile/20001226-1.c,  -Os  
FAIL: gcc.c-torture/execute/20010114-2.c execution,  -O1 
FAIL: gcc.c-torture/execute/20010114-2.c execution,  -O2 
FAIL: gcc.c-torture/execute/20010114-2.c execution,  -Os 
FAIL: gcc.c-torture/execute/loop-2b.c execution,  -O2 
FAIL: gcc.dg/20000724-1.c execution test
FAIL: gcc.dg/20001117-1.c (test for excess errors)
FAIL: gcc.dg/sequence-pt-1.c sequence point warning (test for warnings, line 59)
FAIL: gcc.dg/special/weak-1.c execution test

		=== gcc Summary for unix ===

# of expected passes		15069
# of unexpected failures	13
# of expected failures		92
# of unsupported tests		21

		=== gcc Summary ===

# of expected passes		45195
# of unexpected failures	51
# of expected failures		276
# of unsupported tests		63
/home/ghazi/gcc-testing/branch/build/gcc/xgcc version 3.0 20010321 (prerelease)

		=== g++ tests ===


Running target unix/-fPIC
FAIL: g++.dg/vtgc1.C (test for excess errors)
FAIL: g++.dg/special/conpr-1.C execution test
FAIL: g++.dg/special/conpr-2.C execution test
FAIL: g++.dg/special/conpr-3.C execution test
FAIL: g++.dg/special/conpr-3.C execution test
FAIL: g++.ext/initp1.C  Execution test
FAIL: g++.ext/instantiate1.C not instantiated (test for errors, line 18)
FAIL: g++.ext/instantiate1.C not instantiated (test for errors, line 20)
FAIL: g++.ext/typeof2.C non-static data member (test for errors, line 6)
FAIL: g++.ext/typeof2.C referenced here (test for errors, line 7)
FAIL: g++.other/access11.C private (test for errors, line 13)
FAIL: g++.other/access11.C private (test for errors, line 19)
FAIL: g++.other/array4.C (test for excess errors)
FAIL: g++.other/asm2.C (test for excess errors)
FAIL: g++.other/crash18.C (test for excess errors)
FAIL: g++.other/crash31.C parse error (test for errors, line 11)
FAIL: g++.other/crash31.C (test for excess errors)
FAIL: g++.other/dtor13.C caused compiler crash
FAIL: g++.other/eh4.C cannot be used in throw-expression (test for errors, line 8)
FAIL: g++.other/eh4.C (test for excess errors)
FAIL: g++.other/enum3.C (test for excess errors)
FAIL: g++.other/mangle1.C name clash (test for errors, line 15)
FAIL: g++.other/mangle1.C name clash (test for errors, line 16)
FAIL: g++.other/mangle1.C name clash (test for errors, line 18)
FAIL: g++.other/mangle1.C name clash (test for errors, line 19)
FAIL: g++.other/mangle1.C name clash (test for errors, line 21)
FAIL: g++.other/mangle1.C name clash (test for errors, line 22)
FAIL: g++.other/mangle1.C name clash (test for errors, line 25)
FAIL: g++.other/mangle1.C name clash (test for errors, line 27)
FAIL: g++.other/mangle1.C name clash (test for errors, line 28)
FAIL: g++.other/mangle1.C name clash (test for errors, line 30)
FAIL: g++.other/mangle1.C name clash (test for errors, line 31)
FAIL: g++.other/mangle1.C name clash (test for errors, line 34)
FAIL: g++.other/mangle1.C name clash (test for errors, line 35)
FAIL: g++.other/mangle1.C name clash (test for errors, line 38)
FAIL: g++.other/mangle1.C name clash (test for errors, line 39)
FAIL: g++.other/mangle1.C name clash (test for errors, line 42)
FAIL: g++.other/mangle1.C name clash (test for errors, line 43)
FAIL: g++.other/mangle1.C name clash (test for errors, line 46)
FAIL: g++.other/mangle1.C name clash (test for errors, line 47)
FAIL: g++.other/mangle1.C name clash (test for errors, line 49)
FAIL: g++.other/mangle1.C name clash (test for errors, line 50)
FAIL: g++.other/mangle1.C (test for excess errors)
FAIL: g++.other/regstack.C caused compiler crash
FAIL: g++.pt/asm1.C (test for excess errors)
FAIL: g++.pt/asm2.C (test for excess errors)

		=== g++ Summary for unix/-fPIC ===

# of expected passes		6383
# of unexpected failures	46
# of expected failures		85
# of unresolved testcases	1
# of untested testcases		9

Running target unix/-fpic
FAIL: g++.dg/vtgc1.C (test for excess errors)
FAIL: g++.dg/special/conpr-1.C execution test
FAIL: g++.dg/special/conpr-2.C execution test
FAIL: g++.dg/special/conpr-3.C execution test
FAIL: g++.dg/special/conpr-3.C execution test
FAIL: g++.ext/initp1.C  Execution test
FAIL: g++.ext/instantiate1.C not instantiated (test for errors, line 18)
FAIL: g++.ext/instantiate1.C not instantiated (test for errors, line 20)
FAIL: g++.ext/typeof2.C non-static data member (test for errors, line 6)
FAIL: g++.ext/typeof2.C referenced here (test for errors, line 7)
FAIL: g++.other/access11.C private (test for errors, line 13)
FAIL: g++.other/access11.C private (test for errors, line 19)
FAIL: g++.other/array4.C (test for excess errors)
FAIL: g++.other/asm2.C (test for excess errors)
FAIL: g++.other/crash18.C (test for excess errors)
FAIL: g++.other/crash31.C parse error (test for errors, line 11)
FAIL: g++.other/crash31.C (test for excess errors)
FAIL: g++.other/dtor13.C caused compiler crash
FAIL: g++.other/eh4.C cannot be used in throw-expression (test for errors, line 8)
FAIL: g++.other/eh4.C (test for excess errors)
FAIL: g++.other/enum3.C (test for excess errors)
FAIL: g++.other/mangle1.C name clash (test for errors, line 15)
FAIL: g++.other/mangle1.C name clash (test for errors, line 16)
FAIL: g++.other/mangle1.C name clash (test for errors, line 18)
FAIL: g++.other/mangle1.C name clash (test for errors, line 19)
FAIL: g++.other/mangle1.C name clash (test for errors, line 21)
FAIL: g++.other/mangle1.C name clash (test for errors, line 22)
FAIL: g++.other/mangle1.C name clash (test for errors, line 25)
FAIL: g++.other/mangle1.C name clash (test for errors, line 27)
FAIL: g++.other/mangle1.C name clash (test for errors, line 28)
FAIL: g++.other/mangle1.C name clash (test for errors, line 30)
FAIL: g++.other/mangle1.C name clash (test for errors, line 31)
FAIL: g++.other/mangle1.C name clash (test for errors, line 34)
FAIL: g++.other/mangle1.C name clash (test for errors, line 35)
FAIL: g++.other/mangle1.C name clash (test for errors, line 38)
FAIL: g++.other/mangle1.C name clash (test for errors, line 39)
FAIL: g++.other/mangle1.C name clash (test for errors, line 42)
FAIL: g++.other/mangle1.C name clash (test for errors, line 43)
FAIL: g++.other/mangle1.C name clash (test for errors, line 46)
FAIL: g++.other/mangle1.C name clash (test for errors, line 47)
FAIL: g++.other/mangle1.C name clash (test for errors, line 49)
FAIL: g++.other/mangle1.C name clash (test for errors, line 50)
FAIL: g++.other/mangle1.C (test for excess errors)
FAIL: g++.other/regstack.C caused compiler crash
FAIL: g++.pt/asm1.C (test for excess errors)
FAIL: g++.pt/asm2.C (test for excess errors)

		=== g++ Summary for unix/-fpic ===

# of expected passes		6383
# of unexpected failures	46
# of expected failures		85
# of unresolved testcases	1
# of untested testcases		9

Running target unix
FAIL: g++.dg/special/conpr-1.C execution test
FAIL: g++.dg/special/conpr-2.C execution test
FAIL: g++.dg/special/conpr-3.C execution test
FAIL: g++.dg/special/conpr-3.C execution test
FAIL: g++.ext/initp1.C  Execution test
FAIL: g++.ext/instantiate1.C not instantiated (test for errors, line 18)
FAIL: g++.ext/instantiate1.C not instantiated (test for errors, line 20)
FAIL: g++.ext/typeof2.C non-static data member (test for errors, line 6)
FAIL: g++.ext/typeof2.C referenced here (test for errors, line 7)
FAIL: g++.other/access11.C private (test for errors, line 13)
FAIL: g++.other/access11.C private (test for errors, line 19)
FAIL: g++.other/array4.C (test for excess errors)
FAIL: g++.other/asm2.C (test for excess errors)
FAIL: g++.other/crash18.C (test for excess errors)
FAIL: g++.other/crash31.C parse error (test for errors, line 11)
FAIL: g++.other/crash31.C (test for excess errors)
FAIL: g++.other/dtor13.C caused compiler crash
FAIL: g++.other/eh4.C cannot be used in throw-expression (test for errors, line 8)
FAIL: g++.other/eh4.C (test for excess errors)
FAIL: g++.other/enum3.C (test for excess errors)
FAIL: g++.other/mangle1.C name clash (test for errors, line 15)
FAIL: g++.other/mangle1.C name clash (test for errors, line 16)
FAIL: g++.other/mangle1.C name clash (test for errors, line 18)
FAIL: g++.other/mangle1.C name clash (test for errors, line 19)
FAIL: g++.other/mangle1.C name clash (test for errors, line 21)
FAIL: g++.other/mangle1.C name clash (test for errors, line 22)
FAIL: g++.other/mangle1.C name clash (test for errors, line 25)
FAIL: g++.other/mangle1.C name clash (test for errors, line 27)
FAIL: g++.other/mangle1.C name clash (test for errors, line 28)
FAIL: g++.other/mangle1.C name clash (test for errors, line 30)
FAIL: g++.other/mangle1.C name clash (test for errors, line 31)
FAIL: g++.other/mangle1.C name clash (test for errors, line 34)
FAIL: g++.other/mangle1.C name clash (test for errors, line 35)
FAIL: g++.other/mangle1.C name clash (test for errors, line 38)
FAIL: g++.other/mangle1.C name clash (test for errors, line 39)
FAIL: g++.other/mangle1.C name clash (test for errors, line 42)
FAIL: g++.other/mangle1.C name clash (test for errors, line 43)
FAIL: g++.other/mangle1.C name clash (test for errors, line 46)
FAIL: g++.other/mangle1.C name clash (test for errors, line 47)
FAIL: g++.other/mangle1.C name clash (test for errors, line 49)
FAIL: g++.other/mangle1.C name clash (test for errors, line 50)
FAIL: g++.other/mangle1.C (test for excess errors)
FAIL: g++.other/regstack.C caused compiler crash

		=== g++ Summary for unix ===

# of expected passes		6399
# of unexpected failures	43
# of expected failures		85
# of untested testcases		9

		=== g++ Summary ===

# of expected passes		19165
# of unexpected failures	135
# of expected failures		255
# of unresolved testcases	2
# of untested testcases		27
/home/ghazi/gcc-testing/branch/build/gcc/testsuite/../g++ version 3.0 20010321 (prerelease)

		=== g77 tests ===


Running target unix/-fPIC
XPASS: g77.f-torture/execute/20010116.f execution,  -O0 
XPASS: g77.f-torture/execute/20010116.f execution,  -O1 
XPASS: g77.f-torture/execute/short.f execution,  -Os 

		=== g77 Summary for unix/-fPIC ===

# of expected passes		926
# of unexpected successes	3
# of expected failures		6

Running target unix/-fpic
XPASS: g77.f-torture/execute/20010116.f execution,  -O0 
XPASS: g77.f-torture/execute/20010116.f execution,  -O1 
XPASS: g77.f-torture/execute/short.f execution,  -Os 

		=== g77 Summary for unix/-fpic ===

# of expected passes		926
# of unexpected successes	3
# of expected failures		6

Running target unix
XPASS: g77.f-torture/execute/20010116.f execution,  -O0 
XPASS: g77.f-torture/execute/20010116.f execution,  -O1 

		=== g77 Summary for unix ===

# of expected passes		926
# of unexpected successes	2
# of expected failures		7

		=== g77 Summary ===

# of expected passes		2778
# of unexpected successes	8
# of expected failures		19
		=== objc tests ===


Running target unix/-fPIC
FAIL: objc/execute/formal_protocol-5.m compilation,  -O 
FAIL: objc/execute/formal_protocol-6.m compilation,  -O 
FAIL: objc/execute/protocol.m compilation,  -O 

		=== objc Summary for unix/-fPIC ===

# of expected passes		140
# of unexpected failures	3
# of untested testcases		3

Running target unix/-fpic
FAIL: objc/execute/formal_protocol-5.m compilation,  -O 
FAIL: objc/execute/formal_protocol-6.m compilation,  -O 
FAIL: objc/execute/protocol.m compilation,  -O 

		=== objc Summary for unix/-fpic ===

# of expected passes		140
# of unexpected failures	3
# of untested testcases		3

Running target unix
FAIL: objc/execute/formal_protocol-5.m compilation,  -O 
FAIL: objc/execute/formal_protocol-6.m compilation,  -O 
FAIL: objc/execute/protocol.m compilation,  -O 

		=== objc Summary for unix ===

# of expected passes		140
# of unexpected failures	3
# of untested testcases		3

		=== objc Summary ===

# of expected passes		420
# of unexpected failures	9
# of untested testcases		9
/home/ghazi/gcc-testing/branch/build/gcc/xgcc version 3.0 20010321 (prerelease)


Compiler version: 3.0 20010321 (prerelease) 
Platform: i686-pc-linux-gnu
configure flags: --host=i686-pc-linux-gnu --verbose --enable-checking=misc,tree,rtl,gc


Index Nav: [Date Index] [Subject Index] [Author Index] [Thread Index]
Message Nav: [Date Prev] [Date Next] [Thread Prev] [Thread Next]