This is the mail archive of the gcc-testresults@gcc.gnu.org mailing list for the GCC project.


Index Nav: [Date Index] [Subject Index] [Author Index] [Thread Index]
Message Nav: [Date Prev] [Date Next] [Thread Prev] [Thread Next]

Results for 3.0 20010320 (prerelease) testsuite on i386-unknown-linux-gnu


Native configuration is i386-unknown-linux-gnu

		=== gcc tests ===


Running target unix
FAIL: gcc.c-torture/execute/20010114-2.c execution,  -O1 
FAIL: gcc.c-torture/execute/20010114-2.c execution,  -O2 
FAIL: gcc.c-torture/execute/20010114-2.c execution,  -Os 
FAIL: gcc.c-torture/execute/20010123-1.c execution,  -O0 
FAIL: gcc.c-torture/execute/20010123-1.c execution,  -O1 
FAIL: gcc.c-torture/execute/20010123-1.c execution,  -O2 
FAIL: gcc.c-torture/execute/20010123-1.c execution,  -O3 -fomit-frame-pointer 
FAIL: gcc.c-torture/execute/20010123-1.c execution,  -O3 -fomit-frame-pointer -funroll-loops 
FAIL: gcc.c-torture/execute/20010123-1.c execution,  -O3 -fomit-frame-pointer -funroll-all-loops -finline-functions 
FAIL: gcc.c-torture/execute/20010123-1.c execution,  -O3 -g 
FAIL: gcc.c-torture/execute/20010123-1.c execution,  -Os 
FAIL: gcc.c-torture/execute/20010124-1.c execution,  -O0 
FAIL: gcc.c-torture/execute/20010124-1.c execution,  -O1 
FAIL: gcc.c-torture/execute/20010124-1.c execution,  -O2 
FAIL: gcc.c-torture/execute/20010124-1.c execution,  -O3 -fomit-frame-pointer 
FAIL: gcc.c-torture/execute/20010124-1.c execution,  -O3 -g 
FAIL: gcc.c-torture/execute/20010124-1.c execution,  -Os 
FAIL: gcc.c-torture/execute/loop-2b.c execution,  -O2 
FAIL: gcc.dg/20000724-1.c execution test
FAIL: gcc.dg/20001117-1.c (test for excess errors)
FAIL: gcc.dg/sequence-pt-1.c sequence point warning (test for warnings, line 59)
FAIL: gcc.dg/format/c99-scanf-1.c %hhu sign (test for warnings, line 144)
FAIL: gcc.dg/format/c99-scanf-1.c (test for excess errors)
FAIL: gcc.misc-tests/mg.c

		=== gcc Summary ===

# of expected passes		15022
# of unexpected failures	24
# of expected failures		78
# of unsupported tests		20
/home/build-rpm/BUILD/obj-gcc-20010321/gcc/xgcc version 3.0 20010320 (prerelease)

		=== g++ tests ===


Running target unix
FAIL: g++.ext/instantiate1.C not instantiated (test for errors, line 18)
FAIL: g++.ext/instantiate1.C not instantiated (test for errors, line 20)
FAIL: g++.other/crash31.C parse error (test for errors, line 11)
FAIL: g++.other/crash31.C (test for excess errors)
FAIL: g++.other/eh4.C cannot be used in throw-expression (test for errors, line 8)
FAIL: g++.other/eh4.C (test for excess errors)
FAIL: g++.other/mangle1.C name clash (test for errors, line 15)
FAIL: g++.other/mangle1.C name clash (test for errors, line 16)
FAIL: g++.other/mangle1.C name clash (test for errors, line 18)
FAIL: g++.other/mangle1.C name clash (test for errors, line 19)
FAIL: g++.other/mangle1.C name clash (test for errors, line 21)
FAIL: g++.other/mangle1.C name clash (test for errors, line 22)
FAIL: g++.other/mangle1.C name clash (test for errors, line 25)
FAIL: g++.other/mangle1.C name clash (test for errors, line 27)
FAIL: g++.other/mangle1.C name clash (test for errors, line 28)
FAIL: g++.other/mangle1.C name clash (test for errors, line 30)
FAIL: g++.other/mangle1.C name clash (test for errors, line 31)
FAIL: g++.other/mangle1.C name clash (test for errors, line 34)
FAIL: g++.other/mangle1.C name clash (test for errors, line 35)
FAIL: g++.other/mangle1.C name clash (test for errors, line 38)
FAIL: g++.other/mangle1.C name clash (test for errors, line 39)
FAIL: g++.other/mangle1.C name clash (test for errors, line 42)
FAIL: g++.other/mangle1.C name clash (test for errors, line 43)
FAIL: g++.other/mangle1.C name clash (test for errors, line 46)
FAIL: g++.other/mangle1.C name clash (test for errors, line 47)
FAIL: g++.other/mangle1.C name clash (test for errors, line 49)
FAIL: g++.other/mangle1.C name clash (test for errors, line 50)
FAIL: g++.other/mangle1.C (test for excess errors)
FAIL: g++.other/regstack.C caused compiler crash

		=== g++ Summary ===

# of expected passes		6400
# of unexpected failures	29
# of expected failures		85
# of untested testcases		9
/home/build-rpm/BUILD/obj-gcc-20010321/gcc/testsuite/../g++ version 3.0 20010320 (prerelease)

		=== g77 tests ===


Running target unix
XPASS: g77.f-torture/compile/20000629-1.f,  -O3 -fomit-frame-pointer -funroll-loops  
XPASS: g77.f-torture/compile/20000629-1.f,  -O3 -fomit-frame-pointer -funroll-all-loops -finline-functions  
XPASS: g77.f-torture/execute/20010116.f execution,  -O0 
XPASS: g77.f-torture/execute/20010116.f execution,  -O1 

		=== g77 Summary ===

# of expected passes		909
# of unexpected successes	4
# of expected failures		6
# of unsupported tests		8
		=== objc tests ===


Running target unix
FAIL: objc/execute/IMP.m compilation,  -O 
FAIL: objc/execute/_cmd.m compilation,  -O 
FAIL: objc/execute/accessing_ivars.m compilation,  -O 
FAIL: objc/execute/bf-1.m compilation,  -O 
FAIL: objc/execute/bf-10.m compilation,  -O 
FAIL: objc/execute/bf-11.m compilation,  -O 
FAIL: objc/execute/bf-12.m compilation,  -O 
FAIL: objc/execute/bf-13.m compilation,  -O 
FAIL: objc/execute/bf-14.m compilation,  -O 
FAIL: objc/execute/bf-15.m compilation,  -O 
FAIL: objc/execute/bf-16.m compilation,  -O 
FAIL: objc/execute/bf-17.m compilation,  -O 
FAIL: objc/execute/bf-18.m compilation,  -O 
FAIL: objc/execute/bf-19.m compilation,  -O 
FAIL: objc/execute/bf-2.m compilation,  -O 
FAIL: objc/execute/bf-20.m compilation,  -O 
FAIL: objc/execute/bf-3.m compilation,  -O 
FAIL: objc/execute/bf-4.m compilation,  -O 
FAIL: objc/execute/bf-5.m compilation,  -O 
FAIL: objc/execute/bf-6.m compilation,  -O 
FAIL: objc/execute/bf-7.m compilation,  -O 
FAIL: objc/execute/bf-8.m compilation,  -O 
FAIL: objc/execute/bf-9.m compilation,  -O 
FAIL: objc/execute/bycopy-1.m compilation,  -O 
FAIL: objc/execute/bycopy-2.m compilation,  -O 
FAIL: objc/execute/bycopy-3.m compilation,  -O 
FAIL: objc/execute/class-1.m compilation,  -O 
FAIL: objc/execute/class-10.m compilation,  -O 
FAIL: objc/execute/class-11.m compilation,  -O 
FAIL: objc/execute/class-12.m compilation,  -O 
FAIL: objc/execute/class-13.m compilation,  -O 
FAIL: objc/execute/class-14.m compilation,  -O 
FAIL: objc/execute/class-2.m compilation,  -O 
FAIL: objc/execute/class-3.m compilation,  -O 
FAIL: objc/execute/class-4.m compilation,  -O 
FAIL: objc/execute/class-5.m compilation,  -O 
FAIL: objc/execute/class-6.m compilation,  -O 
FAIL: objc/execute/class-7.m compilation,  -O 
FAIL: objc/execute/class-8.m compilation,  -O 
FAIL: objc/execute/class-9.m compilation,  -O 
FAIL: objc/execute/compatibility_alias.m compilation,  -O 
FAIL: objc/execute/encode-1.m compilation,  -O 
FAIL: objc/execute/fdecl.m compilation,  -O 
FAIL: objc/execute/formal_protocol-1.m compilation,  -O 
FAIL: objc/execute/formal_protocol-2.m compilation,  -O 
FAIL: objc/execute/formal_protocol-3.m compilation,  -O 
FAIL: objc/execute/formal_protocol-4.m compilation,  -O 
FAIL: objc/execute/formal_protocol-5.m compilation,  -O 
FAIL: objc/execute/formal_protocol-6.m compilation,  -O 
FAIL: objc/execute/formal_protocol-7.m compilation,  -O 
FAIL: objc/execute/informal_protocol.m compilation,  -O 
FAIL: objc/execute/initialize.m compilation,  -O 
FAIL: objc/execute/load.m compilation,  -O 
FAIL: objc/execute/many_args_method.m compilation,  -O 
FAIL: objc/execute/nested-1.m compilation,  -O 
FAIL: objc/execute/nested-2.m compilation,  -O 
FAIL: objc/execute/nested-3.m compilation,  -O 
FAIL: objc/execute/no_clash.m compilation,  -O 
FAIL: objc/execute/np-1.m compilation,  -O 
FAIL: objc/execute/np-2.m compilation,  -O 
FAIL: objc/execute/paste.m compilation,  -O 
FAIL: objc/execute/private.m compilation,  -O 
FAIL: objc/execute/protocol.m compilation,  -O 
FAIL: objc/execute/redefining_self.m compilation,  -O 
FAIL: objc/execute/root_methods.m compilation,  -O 
FAIL: objc/execute/selector-1.m compilation,  -O 
FAIL: objc/execute/static-1.m compilation,  -O 
FAIL: objc/execute/static-2.m compilation,  -O 
FAIL: objc/execute/string1.m compilation,  -O 
FAIL: objc/execute/string2.m compilation,  -O 
FAIL: objc/execute/string3.m compilation,  -O 
FAIL: objc/execute/string4.m compilation,  -O 
FAIL: objc/execute/va_method.m compilation,  -O 

		=== objc Summary ===

# of unexpected failures	73
# of untested testcases		73
/home/build-rpm/BUILD/obj-gcc-20010321/gcc/xgcc version 3.0 20010320 (prerelease)


Compiler version: 3.0 20010320 (prerelease) 
Platform: i386-unknown-linux-gnu
configure flags: --host=i386-unknown-linux-gnu --enable-languages=c,c++,objc,f77 --prefix=/usr/local --enable-shared --enable-threads --without-cvs


Index Nav: [Date Index] [Subject Index] [Author Index] [Thread Index]
Message Nav: [Date Prev] [Date Next] [Thread Prev] [Thread Next]