This is the mail archive of the gcc-testresults@gcc.gnu.org mailing list for the GCC project.


Index Nav: [Date Index] [Subject Index] [Author Index] [Thread Index]
Message Nav: [Date Prev] [Date Next] [Thread Prev] [Thread Next]

Results for 3.0 20010320 (prerelease) testsuite on i686-pc-cygwin


win2k sp1 & cygwin1.dll 20010312 snapshot.
-lm not used by dejagnu

With patch:
 * old-dejagnu.exp http://gcc.gnu.org/ml/gcc-patches/2001-03/msg01102.html

Native configuration is i686-pc-cygwin

		=== g++ tests ===


Running target unix
FAIL: conpr-1.C
FAIL: conpr-2a.o
FAIL: conpr-3a.o
FAIL: g++.abi/cxa_vec.C  Execution test
FAIL: g++.brendan/crash20.C (test for excess errors)
FAIL: g++.brendan/template19.C (test for excess errors)
FAIL: g++.eh/rethrow1.C  Execution test
FAIL: g++.eh/rethrow2.C  Execution test
FAIL: g++.eh/rethrow4.C  Execution test
FAIL: g++.eh/rethrow6.C  Execution test
FAIL: g++.eh/spec2.C  Execution test
FAIL: g++.eh/spec3.C  Execution test
FAIL: g++.ext/initp1.C caused compiler crash
FAIL: g++.ext/instantiate1.C not instantiated (test for errors, line 18)
FAIL: g++.ext/instantiate1.C not instantiated (test for errors, line 20)
FAIL: g++.ext/instantiate2.C not instantiated (test for errors, line 16)
FAIL: g++.ext/instantiate3.C not instantiated (test for errors, line 13)
XPASS: g++.ext/instantiate3.C (test for excess errors)
XPASS: g++.jason/template18.C (test for excess errors)
XPASS: g++.jason/template18.C  Execution test
FAIL: g++.jason/thunk2.C (test for excess errors)
FAIL: g++.law/ctors6.C (test for excess errors)
FAIL: g++.law/operators4.C (test for excess errors)
FAIL: g++.mike/eh30.C (test for excess errors)
FAIL: g++.mike/eh33.C  Execution test
FAIL: g++.mike/eh50.C  Execution test
FAIL: g++.mike/eh51.C  Execution test
FAIL: g++.mike/p4750.C (test for excess errors)
FAIL: g++.other/crash18.C (test for excess errors)
FAIL: g++.other/crash31.C parse error (test for errors, line 11)
FAIL: g++.other/crash31.C (test for excess errors)
FAIL: g++.other/eh4.C cannot be used in throw-expression (test for errors,
line 8)
FAIL: g++.other/eh4.C (test for excess errors)
FAIL: g++.other/headers1.C (test for excess errors)
FAIL: g++.other/mangle1.C name clash (test for errors, line 15)
FAIL: g++.other/mangle1.C name clash (test for errors, line 16)
FAIL: g++.other/mangle1.C name clash (test for errors, line 18)
FAIL: g++.other/mangle1.C name clash (test for errors, line 19)
FAIL: g++.other/mangle1.C name clash (test for errors, line 21)
FAIL: g++.other/mangle1.C name clash (test for errors, line 22)
FAIL: g++.other/mangle1.C name clash (test for errors, line 24)
FAIL: g++.other/mangle1.C name clash (test for errors, line 25)
FAIL: g++.other/mangle1.C name clash (test for errors, line 27)
FAIL: g++.other/mangle1.C name clash (test for errors, line 28)
FAIL: g++.other/mangle1.C name clash (test for errors, line 30)
FAIL: g++.other/mangle1.C name clash (test for errors, line 31)
FAIL: g++.other/mangle1.C name clash (test for errors, line 34)
FAIL: g++.other/mangle1.C name clash (test for errors, line 35)
FAIL: g++.other/mangle1.C name clash (test for errors, line 38)
FAIL: g++.other/mangle1.C name clash (test for errors, line 39)
FAIL: g++.other/mangle1.C name clash (test for errors, line 42)
FAIL: g++.other/mangle1.C name clash (test for errors, line 43)
FAIL: g++.other/mangle1.C name clash (test for errors, line 46)
FAIL: g++.other/mangle1.C name clash (test for errors, line 47)
FAIL: g++.other/mangle1.C name clash (test for errors, line 49)
FAIL: g++.other/mangle1.C name clash (test for errors, line 50)
FAIL: g++.other/mangle1.C (test for excess errors)
FAIL: g++.other/regstack.C caused compiler crash
FAIL: g++.robertl/eb106.C (test for excess errors)
FAIL: g++.robertl/eb3.C (test for excess errors)

		=== g++ Summary ===

# of expected passes		6356
# of unexpected failures	57
# of unexpected successes	3
# of expected failures		83
# of untested testcases		15
/usr/local/obj/gcc/gcc/testsuite/../g++ version 3.0 20010320 (prerelease)

		=== g77 tests ===


Running target unix
XPASS: g77.f-torture/compile/20000629-1.f,  -O3 -fomit-frame-pointer
-funroll-loops  
XPASS: g77.f-torture/compile/20000629-1.f,  -O3 -fomit-frame-pointer
-funroll-all-loops -finline-functions  
XPASS: g77.f-torture/execute/20010116.f execution,  -O0 
XPASS: g77.f-torture/execute/20010116.f execution,  -O1 
XPASS: g77.f-torture/execute/20010116.f execution,  -O2 
XPASS: g77.f-torture/execute/20010116.f execution,  -O3 -fomit-frame-pointer

XPASS: g77.f-torture/execute/20010116.f execution,  -O3 -fomit-frame-pointer
-funroll-loops 
XPASS: g77.f-torture/execute/20010116.f execution,  -O3 -fomit-frame-pointer
-funroll-all-loops -finline-functions 
XPASS: g77.f-torture/execute/20010116.f execution,  -O3 -g 
XPASS: g77.f-torture/execute/20010116.f execution,  -Os 

		=== g77 Summary ===

# of expected passes		925
# of unexpected successes	10
		=== gcc tests ===


Running target unix
FAIL: gcc.c-torture/execute/20010114-2.c execution,  -O1 
FAIL: gcc.c-torture/execute/20010114-2.c execution,  -O2 
FAIL: gcc.c-torture/execute/20010114-2.c execution,  -Os 
FAIL: gcc.c-torture/execute/20010123-1.c execution,  -O0 
FAIL: gcc.c-torture/execute/20010123-1.c execution,  -O1 
FAIL: gcc.c-torture/execute/20010123-1.c execution,  -O2 
FAIL: gcc.c-torture/execute/20010123-1.c execution,  -O3
-fomit-frame-pointer 
FAIL: gcc.c-torture/execute/20010123-1.c execution,  -O3
-fomit-frame-pointer -funroll-loops 
FAIL: gcc.c-torture/execute/20010123-1.c execution,  -O3
-fomit-frame-pointer -funroll-all-loops -finline-functions 
FAIL: gcc.c-torture/execute/20010123-1.c execution,  -O3 -g 
FAIL: gcc.c-torture/execute/20010123-1.c execution,  -Os 
FAIL: gcc.c-torture/execute/20010124-1.c execution,  -O0 
FAIL: gcc.c-torture/execute/20010124-1.c execution,  -O1 
FAIL: gcc.c-torture/execute/20010124-1.c execution,  -O2 
FAIL: gcc.c-torture/execute/20010124-1.c execution,  -O3
-fomit-frame-pointer 
FAIL: gcc.c-torture/execute/20010124-1.c execution,  -O3 -g 
FAIL: gcc.c-torture/execute/20010124-1.c execution,  -Os 
		=== objc tests ===


Running target unix
FAIL: objc/execute/formal_protocol-5.m compilation,  -O 
FAIL: objc/execute/formal_protocol-6.m compilation,  -O 
FAIL: objc/execute/protocol.m compilation,  -O 

		=== objc Summary ===

# of expected passes		140
# of unexpected failures	3
# of untested testcases		3
/usr/local/obj/gcc/gcc/xgcc version 3.0 20010320 (prerelease)


Compiler version: 3.0 20010320 (prerelease) 
Platform: i686-pc-cygwin
configure flags: --host=i686-pc-cygwin
Counting all warnings,
there are 236 warnings in stage3 of this bootstrap.

Number of warnings per file:
     91	gcc/gcc.c
     28	gcc/combine.c
     23	gcc/f/lang-specs.h
     19	gcc/cp/lang-specs.h
     10	gcc/reg-stack.c
      9	gcc/objc/lang-specs.h
      6	gcc/cp/pt.c
      5	gcc/reload1.c
      5	gcc/cse.c
      5	gcc/cp/error.c
      4	gcc/dwarf2out.c
      4	gcc/cp/call.c
      3	gcc/config/i386/i386.c
      2	insn-emit.c
      2	gcc/reload.c
      2	gcc/function.c
      2	gcc/fold-const.c
      2	gcc/expr.c
      2	gcc/config/i386/i386.md
      2	gcc/alias.c
      1	gcc/toplev.c
      1	gcc/sdbout.c
      1	gcc/sched-deps.c
      1	gcc/regmove.c
      1	gcc/final.c
      1	gcc/expmed.c
      1	gcc/cp/init.c
      1	gcc/cp/errfn.c
      1	gcc/cp/decl.c
      1	gcc/caller-save.c

Number of warning types:
     62	missing initializer
     62	(near initialization for \`???')
     57	comparison between signed and unsigned
     13	\`???' might be used uninitialized in this function
      8	string length \`???' is greater than the length \`???' ISO C89
compilers are required to support
      5	initialization from incompatible pointer type
      4	signed and unsigned type in conditional expression
      4	??? format, ??? arg (arg ???)
      3	unused variable \`???'
      3	traditional C rejects string concatenation
      3	function declaration isn't a prototype
      2	suggest parentheses around assignment used as truth value
      2	passing arg ??? of \`???' from incompatible pointer type
      2	destination missing a mode?
      2	assignment of read-only location
      1	unused parameter \`???'
      1	pointer targets in passing arg ??? of \`???' differ in signedness
      1	assignment discards qualifiers from pointer target type
      1	\`???' defined but not used


Index Nav: [Date Index] [Subject Index] [Author Index] [Thread Index]
Message Nav: [Date Prev] [Date Next] [Thread Prev] [Thread Next]