This is the mail archive of the
gcc-testresults@gcc.gnu.org
mailing list for the GCC project.
Results for 3.1 20010319 (experimental) testsuite on i686-pc-linux-gnu
- To: gcc-testresults at gcc dot gnu dot org
- Subject: Results for 3.1 20010319 (experimental) testsuite on i686-pc-linux-gnu
- From: "Kaveh R. Ghazi" <ghazi at caip dot rutgers dot edu>
- Date: Tue, 20 Mar 2001 20:11:44 -0500 (EST)
Native configuration is i686-pc-linux-gnu
=== libjava tests ===
Running target unix
FAIL: comment compilation from bytecode
XPASS: comment -O compilation from source
FAIL: comment -O compilation from bytecode
FAIL: Where compilation from bytecode
FAIL: Where -O compilation from bytecode
XPASS: redef2 compilation from source
FAIL: iface compilation from bytecode
XPASS: iface -O compilation from source
FAIL: iface -O compilation from bytecode
XPASS: static_init compilation from source
FAIL: abstr compilation from source
XPASS: G19990225_01 compilation from source
FAIL: G19990225_01 compilation from bytecode
XPASS: G19990225_01 -O compilation from source
FAIL: G19990225_01 -O compilation from bytecode
XPASS: G19990210_3 compilation from source
FAIL: G19990210_3 compilation from bytecode
XPASS: G19990210_3 -O compilation from source
FAIL: G19990210_3 -O compilation from bytecode
XPASS: G19990210_2 compilation from source
FAIL: G19990210_2 compilation from bytecode
XPASS: G19990210_2 -O compilation from source
FAIL: G19990210_2 -O compilation from bytecode
XPASS: G19990210_1 compilation from source
FAIL: G19990210_1 compilation from bytecode
XPASS: G19990210_1 -O compilation from source
FAIL: G19990210_1 -O compilation from bytecode
XPASS: Statics compilation from source
FAIL: Statics compilation from bytecode
XPASS: Statics -O compilation from source
FAIL: Statics -O compilation from bytecode
XPASS: plusplus compilation from source
FAIL: plusplus compilation from bytecode
XPASS: plusplus -O compilation from source
FAIL: plusplus -O compilation from bytecode
XPASS: assignment compilation from source
FAIL: assignment compilation from bytecode
XPASS: assignment -O compilation from source
FAIL: assignment -O compilation from bytecode
XPASS: OperatorBenchmark compilation from source
FAIL: OperatorBenchmark compilation from bytecode
XPASS: OperatorBenchmark -O compilation from source
FAIL: OperatorBenchmark -O compilation from bytecode
XPASS: inner_inherit compilation from source
FAIL: inner_inherit compilation from bytecode
XPASS: inner_inherit -O compilation from source
FAIL: inner_inherit -O compilation from bytecode
FAIL: not_a_redef compilation from bytecode
FAIL: not_a_redef -O compilation from bytecode
XPASS: N19990317 compilation from source
FAIL: N19990317 compilation from bytecode
XPASS: N19990317 -O compilation from source
FAIL: N19990317 -O compilation from bytecode
FAIL: assignment_2 byte compilation
FAIL: assignment_2 byte compilation
FAIL: PR129_B compilation from source
FAIL: PR129_B compilation from bytecode
FAIL: PR129_B -O compilation from bytecode
XPASS: inner_priv compilation from source
FAIL: inner_priv compilation from bytecode
XPASS: inner_priv -O compilation from source
FAIL: inner_priv -O compilation from bytecode
XPASS: inner_data compilation from source
FAIL: inner_data compilation from bytecode
XPASS: inner_data -O compilation from source
FAIL: inner_data -O compilation from bytecode
XPASS: block compilation from source
FAIL: static_3 compilation from source
FAIL: static_3 compilation from bytecode
FAIL: static_3 -O compilation from bytecode
FAIL: static_2 compilation from bytecode
FAIL: static_2 -O compilation from bytecode
XPASS: static_1 compilation from source
FAIL: SuperConstr compilation from bytecode
XPASS: SuperConstr -O compilation from source
FAIL: SuperConstr -O compilation from bytecode
FAIL: inner_1 byte compilation
FAIL: inner_1 byte compilation
FAIL: G19990217_02 compilation from source
FAIL: G19990217_02 compilation from bytecode
FAIL: G19990217_02 -O compilation from bytecode
XPASS: G19990217_01 compilation from source
FAIL: G19990217_01 compilation from bytecode
XPASS: G19990217_01 -O compilation from source
FAIL: G19990217_01 -O compilation from bytecode
XPASS: N19990310_01 compilation from source
FAIL: N19990310_01 compilation from bytecode
XPASS: N19990310_01 -O compilation from source
FAIL: N19990310_01 -O compilation from bytecode
XPASS: ArrayClass compilation from source
FAIL: Twice compilation from bytecode
XPASS: Twice -O compilation from source
FAIL: Twice -O compilation from bytecode
XPASS: perc compilation from source
FAIL: perc compilation from bytecode
XPASS: perc -O compilation from source
FAIL: perc -O compilation from bytecode
XPASS: pr172 compilation from source
FAIL: pr172 compilation from bytecode
XPASS: pr172 -O compilation from source
FAIL: pr172 -O compilation from bytecode
XPASS: pr176 compilation from source
FAIL: pr176 compilation from bytecode
XPASS: pr176 -O compilation from source
FAIL: pr176 -O compilation from bytecode
XPASS: pr174 compilation from source
FAIL: pr174 compilation from bytecode
XPASS: pr174 -O compilation from source
FAIL: pr174 -O compilation from bytecode
XPASS: static_init2 compilation from source
FAIL: static_init2 compilation from bytecode
XPASS: static_init2 -O compilation from source
FAIL: static_init2 -O compilation from bytecode
XPASS: static_inner compilation from source
FAIL: static_inner compilation from bytecode
XPASS: static_inner -O compilation from source
FAIL: static_inner -O compilation from bytecode
XPASS: Case compilation from source
FAIL: Case compilation from bytecode
XPASS: Case -O compilation from source
FAIL: Case -O compilation from bytecode
XPASS: Semi compilation from source
FAIL: Semi compilation from bytecode
XPASS: Semi -O compilation from source
FAIL: Semi -O compilation from bytecode
XPASS: PR163 compilation from source
FAIL: PR238 compilation from source
FAIL: PR238 compilation from bytecode
FAIL: PR238 -O compilation from bytecode
XPASS: PR232 compilation from source
FAIL: PR232 compilation from bytecode
XPASS: PR232 -O compilation from source
FAIL: PR232 -O compilation from bytecode
XPASS: PR235 compilation from source
FAIL: PR235 compilation from bytecode
XPASS: PR235 -O compilation from source
FAIL: PR235 -O compilation from bytecode
XPASS: PR234 compilation from source
FAIL: PR234 compilation from bytecode
XPASS: PR234 -O compilation from source
FAIL: PR234 -O compilation from bytecode
XPASS: PR209 compilation from source
FAIL: PR209 compilation from bytecode
XPASS: PR209 -O compilation from source
FAIL: PR209 -O compilation from bytecode
XPASS: PR206 compilation from source
FAIL: PR206 compilation from bytecode
XPASS: PR206 -O compilation from source
FAIL: PR206 -O compilation from bytecode
XPASS: PR375 compilation from source
FAIL: PR375 compilation from bytecode
XPASS: PR375 -O compilation from source
FAIL: PR375 -O compilation from bytecode
FAIL: PR232B compilation from bytecode
XPASS: PR232B -O compilation from source
FAIL: PR232B -O compilation from bytecode
XPASS: BlankFinal compilation from source
FAIL: BlankFinal compilation from bytecode
XPASS: BlankFinal -O compilation from source
FAIL: BlankFinal -O compilation from bytecode
XPASS: inner_pub compilation from source
FAIL: inner_pub compilation from bytecode
XPASS: inner_pub -O compilation from source
FAIL: inner_pub -O compilation from bytecode
XPASS: indirect_write compilation from source
FAIL: indirect_write compilation from bytecode
FAIL: indirect_write -O compilation from bytecode
XPASS: stringconst output from bytecode->native test
XPASS: stringconst -O output from bytecode->native test
FAIL: Thread_Alive execution from source compiled test
FAIL: Thread_Alive execution from bytecode->native test
FAIL: Thread_Alive -O execution from source compiled test
FAIL: Thread_Alive -O execution from bytecode->native test
FAIL: inner_array compilation from bytecode
FAIL: inner_array -O compilation from bytecode
FAIL: tp compilation from bytecode
FAIL: tp -O compilation from bytecode
FAIL: anon4 compilation from bytecode
FAIL: anon4 -O compilation from bytecode
FAIL: indirect compilation from bytecode
FAIL: indirect -O compilation from bytecode
FAIL: inner_interface compilation from bytecode
FAIL: inner_interface -O compilation from bytecode
FAIL: direct_write compilation from bytecode
FAIL: direct_write -O compilation from bytecode
FAIL: anon2 compilation from bytecode
FAIL: anon2 -O compilation from bytecode
FAIL: anon3 compilation from bytecode
FAIL: anon3 -O compilation from bytecode
FAIL: direct_read compilation from bytecode
FAIL: direct_read -O compilation from bytecode
FAIL: indirect_read compilation from bytecode
FAIL: indirect_read -O compilation from bytecode
FAIL: Thread_Wait execution from source compiled test
FAIL: Thread_Wait execution from bytecode->native test
FAIL: Thread_Wait -O execution from source compiled test
FAIL: Thread_Wait -O execution from bytecode->native test
FAIL: Thread_Wait_Interrupt execution from source compiled test
FAIL: Thread_Wait_Interrupt execution from bytecode->native test
FAIL: Thread_Wait_Interrupt -O execution from source compiled test
FAIL: Thread_Wait_Interrupt -O execution from bytecode->native test
FAIL: G19990301_01 compilation from bytecode
FAIL: G19990301_01 -O compilation from bytecode
FAIL: Thread_Interrupt execution from source compiled test
FAIL: Thread_Interrupt execution from bytecode->native test
FAIL: Thread_Interrupt -O execution from source compiled test
FAIL: Thread_Interrupt -O execution from bytecode->native test
FAIL: PR242 compilation from bytecode
FAIL: PR242 -O compilation from bytecode
XPASS: PR162 output from source compiled test
XPASS: PR162 -O output from source compiled test
FAIL: final_inner compilation from bytecode
FAIL: final_inner -O compilation from bytecode
FAIL: anfi compilation from bytecode
FAIL: anfi -O compilation from bytecode
FAIL: tmi compilation from bytecode
FAIL: tmi -O compilation from bytecode
FAIL: inner4 compilation from bytecode
FAIL: inner4 -O compilation from bytecode
FAIL: final_int compilation from bytecode
FAIL: final_int -O compilation from bytecode
FAIL: search_outer compilation from bytecode
FAIL: search_outer -O compilation from bytecode
FAIL: multiple_finit compilation from bytecode
FAIL: multiple_finit -O compilation from bytecode
FAIL: inner3 compilation from bytecode
FAIL: inner3 -O compilation from bytecode
FAIL: anon compilation from bytecode
FAIL: anon -O compilation from bytecode
FAIL: Thread_Wait_2 execution from source compiled test
FAIL: Thread_Wait_2 execution from bytecode->native test
FAIL: Thread_Wait_2 -O execution from source compiled test
FAIL: Thread_Wait_2 -O execution from bytecode->native test
FAIL: update_outer compilation from bytecode
FAIL: update_outer -O compilation from bytecode
FAIL: private_direct_read compilation from bytecode
FAIL: private_direct_read -O compilation from bytecode
FAIL: Thread_Monitor execution from source compiled test
FAIL: Thread_Monitor compilation from bytecode
FAIL: Thread_Monitor -O execution from source compiled test
FAIL: Thread_Monitor -O compilation from bytecode
FAIL: inner1 compilation from bytecode
FAIL: inner1 -O compilation from bytecode
FAIL: nested_with_ctor compilation from bytecode
FAIL: nested_with_ctor -O compilation from bytecode
XPASS: N19990310_4 output from source compiled test
XPASS: N19990310_4 -O output from source compiled test
FAIL: Thread_Join execution from source compiled test
FAIL: Thread_Join execution from bytecode->native test
FAIL: Thread_Join -O execution from source compiled test
FAIL: Thread_Join -O execution from bytecode->native test
=== libjava Summary ===
# of expected passes 1220
# of unexpected failures 173
# of unexpected successes 78
# of expected failures 249
=== gcc tests ===
Running target unix/-fPIC
FAIL: gcc.c-torture/compile/20001226-1.c, -O3 -g
FAIL: gcc.c-torture/compile/20001226-1.c, -Os
FAIL: gcc.c-torture/compile/20000804-1.c, -O0
FAIL: gcc.c-torture/execute/20010114-2.c execution, -O1
FAIL: gcc.c-torture/execute/20010114-2.c execution, -O2
FAIL: gcc.c-torture/execute/20010114-2.c execution, -O3 -fomit-frame-pointer
FAIL: gcc.c-torture/execute/20010114-2.c execution, -O3 -g
FAIL: gcc.c-torture/execute/20010114-2.c execution, -Os
FAIL: gcc.c-torture/execute/990127-2.c execution, -O3 -fomit-frame-pointer
FAIL: gcc.c-torture/execute/990127-2.c execution, -O3 -g
FAIL: gcc.c-torture/execute/conversion.c execution, -O3 -fomit-frame-pointer
FAIL: gcc.c-torture/execute/conversion.c execution, -O3 -g
FAIL: gcc.dg/20000724-1.c execution test
FAIL: gcc.dg/asm-names.c (test for excess errors)
=== gcc Summary for unix/-fPIC ===
# of expected passes 15091
# of unexpected failures 14
# of expected failures 93
# of unsupported tests 21
Running target unix/-fpic
FAIL: gcc.c-torture/compile/20001226-1.c, -O3 -g
FAIL: gcc.c-torture/compile/20001226-1.c, -Os
FAIL: gcc.c-torture/compile/20000804-1.c, -O0
FAIL: gcc.c-torture/execute/20010114-2.c execution, -O1
FAIL: gcc.c-torture/execute/20010114-2.c execution, -O2
FAIL: gcc.c-torture/execute/20010114-2.c execution, -O3 -fomit-frame-pointer
FAIL: gcc.c-torture/execute/20010114-2.c execution, -O3 -g
FAIL: gcc.c-torture/execute/20010114-2.c execution, -Os
FAIL: gcc.c-torture/execute/990127-2.c execution, -O3 -fomit-frame-pointer
FAIL: gcc.c-torture/execute/990127-2.c execution, -O3 -g
FAIL: gcc.c-torture/execute/conversion.c execution, -O3 -fomit-frame-pointer
FAIL: gcc.c-torture/execute/conversion.c execution, -O3 -g
FAIL: gcc.dg/20000724-1.c execution test
FAIL: gcc.dg/asm-names.c (test for excess errors)
=== gcc Summary for unix/-fpic ===
# of expected passes 15091
# of unexpected failures 14
# of expected failures 93
# of unsupported tests 21
Running target unix
FAIL: gcc.c-torture/compile/20001226-1.c, -O3 -g
FAIL: gcc.c-torture/compile/20001226-1.c, -Os
FAIL: gcc.c-torture/execute/20010114-2.c execution, -O1
FAIL: gcc.c-torture/execute/20010114-2.c execution, -O2
FAIL: gcc.c-torture/execute/20010114-2.c execution, -Os
FAIL: gcc.c-torture/execute/loop-2b.c execution, -O2
FAIL: gcc.dg/20000724-1.c execution test
FAIL: gcc.dg/special/weak-1.c execution test
=== gcc Summary for unix ===
# of expected passes 15097
# of unexpected failures 8
# of expected failures 93
# of unsupported tests 21
=== gcc Summary ===
# of expected passes 45279
# of unexpected failures 36
# of expected failures 279
# of unsupported tests 63
/home/ghazi/gcc-testing/build/gcc/xgcc version 3.1 20010319 (experimental)
=== g++ tests ===
Running target unix/-fPIC
FAIL: g++.dg/vtgc1.C (test for excess errors)
FAIL: g++.dg/special/conpr-1.C execution test
FAIL: g++.dg/special/conpr-2.C execution test
FAIL: g++.dg/special/conpr-3.C execution test
FAIL: g++.dg/special/conpr-3.C execution test
FAIL: g++.ext/initp1.C Execution test
FAIL: g++.ext/instantiate1.C not instantiated (test for errors, line 18)
FAIL: g++.ext/instantiate1.C not instantiated (test for errors, line 20)
FAIL: g++.other/crash18.C (test for excess errors)
FAIL: g++.pt/asm1.C (test for excess errors)
FAIL: g++.pt/asm2.C (test for excess errors)
=== g++ Summary for unix/-fPIC ===
# of expected passes 6414
# of unexpected failures 11
# of expected failures 86
# of unresolved testcases 1
# of untested testcases 9
Running target unix/-fpic
FAIL: g++.dg/vtgc1.C (test for excess errors)
FAIL: g++.dg/special/conpr-1.C execution test
FAIL: g++.dg/special/conpr-2.C execution test
FAIL: g++.dg/special/conpr-3.C execution test
FAIL: g++.dg/special/conpr-3.C execution test
FAIL: g++.ext/initp1.C Execution test
FAIL: g++.ext/instantiate1.C not instantiated (test for errors, line 18)
FAIL: g++.ext/instantiate1.C not instantiated (test for errors, line 20)
FAIL: g++.other/crash18.C (test for excess errors)
FAIL: g++.pt/asm1.C (test for excess errors)
FAIL: g++.pt/asm2.C (test for excess errors)
=== g++ Summary for unix/-fpic ===
# of expected passes 6414
# of unexpected failures 11
# of expected failures 86
# of unresolved testcases 1
# of untested testcases 9
Running target unix
FAIL: g++.dg/special/conpr-1.C execution test
FAIL: g++.dg/special/conpr-2.C execution test
FAIL: g++.dg/special/conpr-3.C execution test
FAIL: g++.dg/special/conpr-3.C execution test
FAIL: g++.ext/initp1.C Execution test
FAIL: g++.ext/instantiate1.C not instantiated (test for errors, line 18)
FAIL: g++.ext/instantiate1.C not instantiated (test for errors, line 20)
FAIL: g++.other/crash18.C (test for excess errors)
=== g++ Summary for unix ===
# of expected passes 6430
# of unexpected failures 8
# of expected failures 86
# of untested testcases 9
=== g++ Summary ===
# of expected passes 19258
# of unexpected failures 30
# of expected failures 258
# of unresolved testcases 2
# of untested testcases 27
/home/ghazi/gcc-testing/build/gcc/testsuite/../g++ version 3.1 20010319 (experimental)
=== g77 tests ===
Running target unix/-fPIC
XPASS: g77.f-torture/execute/short.f execution, -Os
=== g77 Summary for unix/-fPIC ===
# of expected passes 928
# of unexpected successes 1
# of expected failures 6
Running target unix/-fpic
XPASS: g77.f-torture/execute/short.f execution, -Os
=== g77 Summary for unix/-fpic ===
# of expected passes 928
# of unexpected successes 1
# of expected failures 6
Running target unix
XPASS: g77.f-torture/execute/short.f execution, -Os
=== g77 Summary for unix ===
# of expected passes 928
# of unexpected successes 1
# of expected failures 6
=== g77 Summary ===
# of expected passes 2784
# of unexpected successes 3
# of expected failures 18
=== objc tests ===
Running target unix/-fPIC
FAIL: objc/execute/formal_protocol-5.m compilation, -O
FAIL: objc/execute/formal_protocol-6.m compilation, -O
FAIL: objc/execute/protocol.m compilation, -O
=== objc Summary for unix/-fPIC ===
# of expected passes 140
# of unexpected failures 3
# of untested testcases 3
Running target unix/-fpic
FAIL: objc/execute/formal_protocol-5.m compilation, -O
FAIL: objc/execute/formal_protocol-6.m compilation, -O
FAIL: objc/execute/protocol.m compilation, -O
=== objc Summary for unix/-fpic ===
# of expected passes 140
# of unexpected failures 3
# of untested testcases 3
Running target unix
FAIL: objc/execute/formal_protocol-5.m compilation, -O
FAIL: objc/execute/formal_protocol-6.m compilation, -O
FAIL: objc/execute/protocol.m compilation, -O
=== objc Summary for unix ===
# of expected passes 140
# of unexpected failures 3
# of untested testcases 3
=== objc Summary ===
# of expected passes 420
# of unexpected failures 9
# of untested testcases 9
/home/ghazi/gcc-testing/build/gcc/xgcc version 3.1 20010319 (experimental)
Compiler version: 3.1 20010319 (experimental)
Platform: i686-pc-linux-gnu
configure flags: --host=i686-pc-linux-gnu --verbose --enable-checking=misc,tree,rtl,gc