This is the mail archive of the gcc-testresults@gcc.gnu.org mailing list for the GCC project.


Index Nav: [Date Index] [Subject Index] [Author Index] [Thread Index]
Message Nav: [Date Prev] [Date Next] [Thread Prev] [Thread Next]

Results for 3.0 20010319 (prerelease) testsuite on alphaev6-unknown-linux-gnu


Native configuration is alphaev6-unknown-linux-gnu

		=== gcc tests ===


Running target unix
FAIL: gcc.c-torture/execute/20010122-1.c compilation,  -O0 
FAIL: gcc.c-torture/execute/20010122-1.c compilation,  -O1 
FAIL: gcc.c-torture/execute/20010122-1.c compilation,  -O2 
FAIL: gcc.c-torture/execute/20010122-1.c compilation,  -O3 -fomit-frame-pointer 
FAIL: gcc.c-torture/execute/20010122-1.c compilation,  -O3 -fomit-frame-pointer -funroll-loops 
FAIL: gcc.c-torture/execute/20010122-1.c compilation,  -O3 -fomit-frame-pointer -funroll-all-loops -finline-functions 
FAIL: gcc.c-torture/execute/20010122-1.c compilation,  -O3 -g 
FAIL: gcc.c-torture/execute/20010122-1.c compilation,  -Os 
FAIL: gcc.c-torture/execute/20010123-1.c execution,  -O0 
FAIL: gcc.c-torture/execute/20010123-1.c execution,  -O1 
FAIL: gcc.c-torture/execute/20010123-1.c execution,  -O2 
FAIL: gcc.c-torture/execute/20010123-1.c execution,  -O3 -fomit-frame-pointer 
FAIL: gcc.c-torture/execute/20010123-1.c execution,  -O3 -fomit-frame-pointer -funroll-loops 
FAIL: gcc.c-torture/execute/20010123-1.c execution,  -O3 -fomit-frame-pointer -funroll-all-loops -finline-functions 
FAIL: gcc.c-torture/execute/20010123-1.c execution,  -O3 -g 
FAIL: gcc.c-torture/execute/20010123-1.c execution,  -Os 
FAIL: gcc.c-torture/execute/20010124-1.c execution,  -O0 
FAIL: gcc.c-torture/execute/20010124-1.c execution,  -O1 
FAIL: gcc.c-torture/execute/20010124-1.c execution,  -O2 
FAIL: gcc.c-torture/execute/20010124-1.c execution,  -O3 -fomit-frame-pointer 
FAIL: gcc.c-torture/execute/20010124-1.c execution,  -O3 -g 
FAIL: gcc.c-torture/execute/20010124-1.c execution,  -Os 
XPASS: gcc.c-torture/execute/memcheck/blkarg.c execution,  -O0 
XPASS: gcc.c-torture/execute/memcheck/blkarg.c execution,  -O1 
XPASS: gcc.c-torture/execute/memcheck/blkarg.c execution,  -O2 
XPASS: gcc.c-torture/execute/memcheck/blkarg.c execution,  -Os 
FAIL: gcc.dg/sequence-pt-1.c sequence point warning (test for warnings, line 59)

		=== gcc Summary ===

# of expected passes		14967
# of unexpected failures	23
# of unexpected successes	4
# of expected failures		72
# of unresolved testcases	8
# of unsupported tests		49
/export/u11/lucier/programs/gcc/objdir/gcc/xgcc version 3.0 20010319 (prerelease)

		=== g++ tests ===


Running target unix
FAIL: g++.dg/vtgc1.C (test for excess errors)
FAIL: g++.eh/badalloc1.C  Execution test
FAIL: g++.ext/instantiate1.C not instantiated (test for errors, line 18)
FAIL: g++.ext/instantiate1.C not instantiated (test for errors, line 20)
FAIL: g++.ext/instantiate2.C not instantiated (test for errors, line 16)
FAIL: g++.ext/instantiate3.C not instantiated (test for errors, line 13)
FAIL: g++.other/call1.C  Execution test
FAIL: g++.other/crash18.C (test for excess errors)
FAIL: g++.other/crash31.C parse error (test for errors, line 11)
FAIL: g++.other/crash31.C (test for excess errors)
FAIL: g++.other/eh4.C cannot be used in throw-expression (test for errors, line 8)
FAIL: g++.other/eh4.C (test for excess errors)

		=== g++ Summary ===

# of expected passes		6394
# of unexpected failures	12
# of expected failures		85
# of unresolved testcases	1
# of untested testcases		19
/export/u11/lucier/programs/gcc/objdir/gcc/testsuite/../g++ version 3.0 20010319 (prerelease)

		=== g77 tests ===


Running target unix
FAIL: g77.f-torture/compile/20000629-1.f,  -O3 -g  

		=== g77 Summary ===

# of expected passes		918
# of unexpected failures	1
		=== objc tests ===


Running target unix
FAIL: objc/execute/formal_protocol-5.m compilation,  -O 
FAIL: objc/execute/formal_protocol-6.m compilation,  -O 
FAIL: objc/execute/protocol.m compilation,  -O 

		=== objc Summary ===

# of expected passes		140
# of unexpected failures	3
# of untested testcases		3
/export/u11/lucier/programs/gcc/objdir/gcc/xgcc version 3.0 20010319 (prerelease)


Compiler version: 3.0 20010319 (prerelease) 
Platform: alphaev6-unknown-linux-gnu
configure flags: --host=alphaev6-unknown-linux-gnu
Counting all warnings,
there are 167 warnings in stage3 of this bootstrap.

Number of warnings per file:
     81	gcc/gcc.c
     23	gcc/f/lang-specs.h
     17	gcc/cp/lang-specs.h
      9	gcc/objc/lang-specs.h
      6	gcc/cp/pt.c
      5	gcc/cp/error.c
      4	gcc/cp/call.c
      3	gcc/reload1.c
      3	gcc/config/alpha/alpha.c
      2	gcc/reload.c
      2	gcc/expr.c
      1	gcc/sdbout.c
      1	gcc/sched-deps.c
      1	gcc/regmove.c
      1	gcc/jump.c
      1	gcc/fold-const.c
      1	gcc/final.c
      1	gcc/cppexp.c
      1	gcc/cp/method.c
      1	gcc/cp/errfn.c
      1	gcc/cp/decl.c
      1	gcc/combine.c
      1	gcc/builtins.c

Number of warning types:
     62	missing initializer
     62	(near initialization for \`???')
     17	comparison between signed and unsigned
      8	\`???' might be used uninitialized in this function
      5	string length \`???' is greater than the length \`???' ISO C89 compilers are required to support
      5	initialization from incompatible pointer type
      2	function declaration isn't a prototype
      1	unused variable \`???'
      1	traditional C rejects string concatenation
      1	pointer targets in passing arg ??? of \`???' differ in signedness
      1	assignment discards qualifiers from pointer target type
      1	\`long' switch expression not converted to \`int' in ISO C
      1	\`???' declared \`static' but never defined


Index Nav: [Date Index] [Subject Index] [Author Index] [Thread Index]
Message Nav: [Date Prev] [Date Next] [Thread Prev] [Thread Next]