This is the mail archive of the gcc-testresults@gcc.gnu.org mailing list for the GCC project.


Index Nav: [Date Index] [Subject Index] [Author Index] [Thread Index]
Message Nav: [Date Prev] [Date Next] [Thread Prev] [Thread Next]

Results for 3.1 20010318 (experimental) testsuite on armv4l-unknown-linux-gnu


Native configuration is armv4l-unknown-linux-gnu

		=== gcc tests ===


Running target unix
FAIL: gcc.c-torture/compile/20001226-1.c,  -O2  
FAIL: gcc.c-torture/compile/20001226-1.c,  -O3 -fomit-frame-pointer  
FAIL: gcc.c-torture/compile/20001226-1.c,  -O3 -g  
FAIL: gcc.c-torture/compile/20001226-1.c,  -Os  
FAIL: gcc.c-torture/execute/961122-1.c compilation,  -O3 -fomit-frame-pointer 
FAIL: gcc.c-torture/execute/961122-1.c compilation,  -O3 -g 
FAIL: gcc.c-torture/execute/980709-1.c execution,  -O0 
FAIL: gcc.c-torture/execute/990208-1.c execution,  -O3 -fomit-frame-pointer 
FAIL: gcc.c-torture/execute/990208-1.c execution,  -O3 -g 
FAIL: gcc.c-torture/execute/991216-1.c compilation,  -O3 -g 
FAIL: gcc.c-torture/execute/nest-stdar-1.c compilation,  -O0 
XPASS: gcc.c-torture/execute/memcheck/blkarg.c execution,  -O0 
XPASS: gcc.c-torture/execute/memcheck/blkarg.c execution,  -O1 
XPASS: gcc.c-torture/execute/memcheck/blkarg.c execution,  -O2 
XPASS: gcc.c-torture/execute/memcheck/blkarg.c execution,  -Os 
FAIL: gcc.dg/asm-fs-1.c scan-assembler-not \\*_bar
FAIL: gcc.dg/asm-fs-1.c scan-assembler-not \\*_baz
FAIL: gcc.dg/asm-names.c (test for excess errors)
FAIL: gcc.dg/pack-test-1.c (test for excess errors)
FAIL: gcc.dg/pack-test-2.c  (test for errors, line 7)
FAIL: gcc.dg/pack-test-2.c  (test for errors, line 14)
FAIL: gcc.dg/pack-test-2.c  (test for errors, line 19)
FAIL: gcc.dg/pack-test-2.c (test for excess errors)

		=== gcc Summary ===

# of expected passes		15036
# of unexpected failures	19
# of unexpected successes	4
# of expected failures		83
# of unresolved testcases	4
# of unsupported tests		51
/home/build-rpm/BUILD/obj-gcc-20010319/gcc/xgcc version 3.1 20010318 (experimental)

		=== g++ tests ===


Running target unix
FAIL: g++.dg/vtgc1.C scan-assembler .vtable_inherit[ 	]*vtable for Multivv3, 0
FAIL: g++.dg/vtgc1.C scan-assembler .vtable_inherit[ 	]*VTT for Multivv3, 0
FAIL: g++.dg/vtgc1.C scan-assembler .vtable_inherit[ 	]*vtable for Multiss2, vtable for Base2
FAIL: g++.dg/vtgc1.C scan-assembler .vtable_inherit[ 	]*vtable for Multivs1, vtable for Base2
FAIL: g++.dg/vtgc1.C scan-assembler .vtable_inherit[ 	]*VTT for Multivs1, vtable for Base2
FAIL: g++.dg/vtgc1.C scan-assembler .vtable_inherit[ 	]*vtable for Multisv0, vtable for Side0
FAIL: g++.dg/vtgc1.C scan-assembler .vtable_inherit[ 	]*VTT for Multisv0, vtable for Side0
FAIL: g++.dg/vtgc1.C scan-assembler .vtable_inherit[ 	]*vtable for Side0, 0
FAIL: g++.dg/vtgc1.C scan-assembler .vtable_inherit[ 	]*vtable for VbasedA, 0
FAIL: g++.dg/vtgc1.C scan-assembler .vtable_inherit[ 	]*VTT for VbasedA, 0
FAIL: g++.dg/vtgc1.C scan-assembler .vtable_inherit[ 	]*vtable for Base2, vtable for Base1
FAIL: g++.dg/vtgc1.C scan-assembler .vtable_inherit[ 	]*vtable for Base1, vtable for Base0
FAIL: g++.dg/vtgc1.C scan-assembler .vtable_inherit[ 	]*vtable for Base0, 0
FAIL: g++.abi/cxa_vec.C  Execution test
FAIL: g++.eh/spec2.C  Execution test
FAIL: g++.eh/spec3.C  Execution test
FAIL: g++.ext/instantiate1.C not instantiated (test for errors, line 18)
FAIL: g++.ext/instantiate1.C not instantiated (test for errors, line 20)
FAIL: g++.ext/instantiate2.C not instantiated (test for errors, line 16)
FAIL: g++.law/profile1.C caused compiler crash
FAIL: g++.mike/eh33.C  Execution test
FAIL: g++.mike/eh50.C  Execution test
FAIL: g++.mike/eh51.C  Execution test

		=== g++ Summary ===

# of expected passes		6397
# of unexpected failures	23
# of expected failures		86
# of untested testcases		20
/home/build-rpm/BUILD/obj-gcc-20010319/gcc/testsuite/../g++ version 3.1 20010318 (experimental)

		=== g77 tests ===


Running target unix
FAIL: g77.f-torture/execute/19990325-0.f execution,  -O0 

		=== g77 Summary ===

# of expected passes		918
# of unexpected failures	1
# of unsupported tests		8
		=== objc tests ===


Running target unix
FAIL: objc/execute/IMP.m compilation,  -O 
FAIL: objc/execute/_cmd.m compilation,  -O 
FAIL: objc/execute/accessing_ivars.m compilation,  -O 
FAIL: objc/execute/bf-1.m compilation,  -O 
FAIL: objc/execute/bf-10.m compilation,  -O 
FAIL: objc/execute/bf-11.m compilation,  -O 
FAIL: objc/execute/bf-12.m compilation,  -O 
FAIL: objc/execute/bf-13.m compilation,  -O 
FAIL: objc/execute/bf-14.m compilation,  -O 
FAIL: objc/execute/bf-15.m compilation,  -O 
FAIL: objc/execute/bf-16.m compilation,  -O 
FAIL: objc/execute/bf-17.m compilation,  -O 
FAIL: objc/execute/bf-18.m compilation,  -O 
FAIL: objc/execute/bf-19.m compilation,  -O 
FAIL: objc/execute/bf-2.m compilation,  -O 
FAIL: objc/execute/bf-20.m compilation,  -O 
FAIL: objc/execute/bf-3.m compilation,  -O 
FAIL: objc/execute/bf-4.m compilation,  -O 
FAIL: objc/execute/bf-5.m compilation,  -O 
FAIL: objc/execute/bf-6.m compilation,  -O 
FAIL: objc/execute/bf-7.m compilation,  -O 
FAIL: objc/execute/bf-8.m compilation,  -O 
FAIL: objc/execute/bf-9.m compilation,  -O 
FAIL: objc/execute/bycopy-1.m compilation,  -O 
FAIL: objc/execute/bycopy-2.m compilation,  -O 
FAIL: objc/execute/bycopy-3.m compilation,  -O 
FAIL: objc/execute/class-1.m compilation,  -O 
FAIL: objc/execute/class-10.m compilation,  -O 
FAIL: objc/execute/class-11.m compilation,  -O 
FAIL: objc/execute/class-12.m compilation,  -O 
FAIL: objc/execute/class-13.m compilation,  -O 
FAIL: objc/execute/class-14.m compilation,  -O 
FAIL: objc/execute/class-2.m compilation,  -O 
FAIL: objc/execute/class-3.m compilation,  -O 
FAIL: objc/execute/class-4.m compilation,  -O 
FAIL: objc/execute/class-5.m compilation,  -O 
FAIL: objc/execute/class-6.m compilation,  -O 
FAIL: objc/execute/class-7.m compilation,  -O 
FAIL: objc/execute/class-8.m compilation,  -O 
FAIL: objc/execute/class-9.m compilation,  -O 
FAIL: objc/execute/compatibility_alias.m compilation,  -O 
FAIL: objc/execute/encode-1.m compilation,  -O 
FAIL: objc/execute/fdecl.m compilation,  -O 
FAIL: objc/execute/formal_protocol-1.m compilation,  -O 
FAIL: objc/execute/formal_protocol-2.m compilation,  -O 
FAIL: objc/execute/formal_protocol-3.m compilation,  -O 
FAIL: objc/execute/formal_protocol-4.m compilation,  -O 
FAIL: objc/execute/formal_protocol-5.m compilation,  -O 
FAIL: objc/execute/formal_protocol-6.m compilation,  -O 
FAIL: objc/execute/formal_protocol-7.m compilation,  -O 
FAIL: objc/execute/informal_protocol.m compilation,  -O 
FAIL: objc/execute/initialize.m compilation,  -O 
FAIL: objc/execute/load.m compilation,  -O 
FAIL: objc/execute/many_args_method.m compilation,  -O 
FAIL: objc/execute/nested-1.m compilation,  -O 
FAIL: objc/execute/nested-2.m compilation,  -O 
FAIL: objc/execute/nested-3.m compilation,  -O 
FAIL: objc/execute/no_clash.m compilation,  -O 
FAIL: objc/execute/np-1.m compilation,  -O 
FAIL: objc/execute/np-2.m compilation,  -O 
FAIL: objc/execute/paste.m compilation,  -O 
FAIL: objc/execute/private.m compilation,  -O 
FAIL: objc/execute/protocol.m compilation,  -O 
FAIL: objc/execute/redefining_self.m compilation,  -O 
FAIL: objc/execute/root_methods.m compilation,  -O 
FAIL: objc/execute/selector-1.m compilation,  -O 
FAIL: objc/execute/static-1.m compilation,  -O 
FAIL: objc/execute/static-2.m compilation,  -O 
FAIL: objc/execute/string1.m compilation,  -O 
FAIL: objc/execute/string2.m compilation,  -O 
FAIL: objc/execute/string3.m compilation,  -O 
FAIL: objc/execute/string4.m compilation,  -O 
FAIL: objc/execute/va_method.m compilation,  -O 

		=== objc Summary ===

# of unexpected failures	73
# of untested testcases		73
/home/build-rpm/BUILD/obj-gcc-20010319/gcc/xgcc version 3.1 20010318 (experimental)


Compiler version: 3.1 20010318 (experimental) 
Platform: armv4l-unknown-linux-gnu
configure flags: --host=armv4l-unknown-linux-gnu --with-cpu=strongarm --enable-languages=c,c++,objc,f77 --prefix=/usr/local --enable-shared --enable-threads --without-cvs


Index Nav: [Date Index] [Subject Index] [Author Index] [Thread Index]
Message Nav: [Date Prev] [Date Next] [Thread Prev] [Thread Next]