This is the mail archive of the gcc-testresults@gcc.gnu.org mailing list for the GCC project.


Index Nav: [Date Index] [Subject Index] [Author Index] [Thread Index]
Message Nav: [Date Prev] [Date Next] [Thread Prev] [Thread Next]

Results for 3.1 20010318 (experimental) testsuite on i686-pc-linux-gnu


Native configuration is i686-pc-linux-gnu

		=== gcc tests ===


Running target unix
FAIL: gcc.c-torture/execute/20010114-2.c execution,  -O1 
FAIL: gcc.c-torture/execute/20010114-2.c execution,  -O2 
FAIL: gcc.c-torture/execute/20010114-2.c execution,  -Os 
FAIL: gcc.c-torture/execute/loop-2b.c execution,  -O2 
FAIL: gcc.dg/20000724-1.c execution test

		=== gcc Summary ===

# of expected passes		15102
# of unexpected failures	5
# of expected failures		93
# of unsupported tests		20
/home/ritzert/compile/gcc/HEAD/xena/gcc/xgcc version 3.1 20010318 (experimental)

		=== g++ tests ===


Running target unix
FAIL: g++.ext/instantiate1.C not instantiated (test for errors, line 18)
FAIL: g++.ext/instantiate1.C not instantiated (test for errors, line 20)

		=== g++ Summary ===

# of expected passes		6436
# of unexpected failures	2
# of expected failures		86
# of untested testcases		9
/home/ritzert/compile/gcc/HEAD/xena/gcc/testsuite/../g++ version 3.1 20010318 (experimental)


Compiler version: 3.1 20010318 (experimental) 
Platform: i686-pc-linux-gnu
configure flags: --host=i686-pc-linux-gnu --enable-languages=c++ --enable-threads --prefix=/opt/gcc


Index Nav: [Date Index] [Subject Index] [Author Index] [Thread Index]
Message Nav: [Date Prev] [Date Next] [Thread Prev] [Thread Next]