This is the mail archive of the gcc-testresults@gcc.gnu.org mailing list for the GCC project.


Index Nav: [Date Index] [Subject Index] [Author Index] [Thread Index]
Message Nav: [Date Prev] [Date Next] [Thread Prev] [Thread Next]

Results for 3.0 20010316 (prerelease) testsuite on alphapca56-unknown-linux-gnu


Native configuration is alphapca56-unknown-linux-gnu

		=== libjava tests ===


Running target unix
FAIL: BlankFinal compilation from bytecode
XPASS: BlankFinal -O compilation from source
FAIL: BlankFinal -O compilation from bytecode
XPASS: Case compilation from source
FAIL: Case compilation from bytecode
XPASS: Case -O compilation from source
FAIL: Case -O compilation from bytecode
XPASS: G19990210_1 compilation from source
FAIL: G19990210_1 compilation from bytecode
XPASS: G19990210_1 -O compilation from source
FAIL: G19990210_1 -O compilation from bytecode
XPASS: G19990210_2 compilation from source
FAIL: G19990210_2 compilation from bytecode
XPASS: G19990210_2 -O compilation from source
FAIL: G19990210_2 -O compilation from bytecode
XPASS: G19990210_3 compilation from source
FAIL: G19990210_3 compilation from bytecode
XPASS: G19990210_3 -O compilation from source
FAIL: G19990210_3 -O compilation from bytecode
XPASS: G19990217_01 compilation from source
FAIL: G19990217_01 compilation from bytecode
XPASS: G19990217_01 -O compilation from source
FAIL: G19990217_01 -O compilation from bytecode
FAIL: G19990217_02 compilation from bytecode
FAIL: G19990217_02 -O compilation from bytecode
XPASS: G19990225_01 compilation from source
FAIL: G19990225_01 compilation from bytecode
XPASS: G19990225_01 -O compilation from source
FAIL: G19990225_01 -O compilation from bytecode
XPASS: MethodFailure4 compilation from source
FAIL: N19990310_01 compilation from bytecode
XPASS: N19990310_01 -O compilation from source
FAIL: N19990310_01 -O compilation from bytecode
XPASS: N19990317 compilation from source
FAIL: N19990317 compilation from bytecode
XPASS: N19990317 -O compilation from source
FAIL: N19990317 -O compilation from bytecode
XPASS: OperatorBenchmark compilation from source
FAIL: OperatorBenchmark compilation from bytecode
XPASS: OperatorBenchmark -O compilation from source
FAIL: OperatorBenchmark -O compilation from bytecode
XPASS: PR124 compilation from source
FAIL: PR129_B compilation from source
FAIL: PR129_B compilation from bytecode
FAIL: PR129_B -O compilation from bytecode
XPASS: PR140 compilation from source
FAIL: PR206 compilation from bytecode
XPASS: PR206 -O compilation from source
FAIL: PR206 -O compilation from bytecode
XPASS: PR209 compilation from source
FAIL: PR209 compilation from bytecode
XPASS: PR209 -O compilation from source
FAIL: PR209 -O compilation from bytecode
XPASS: PR224 compilation from source
FAIL: PR232 compilation from bytecode
XPASS: PR232 -O compilation from source
FAIL: PR232 -O compilation from bytecode
XPASS: PR232B compilation from source
FAIL: PR232B compilation from bytecode
XPASS: PR232B -O compilation from source
FAIL: PR232B -O compilation from bytecode
XPASS: PR234 compilation from source
FAIL: PR234 compilation from bytecode
XPASS: PR234 -O compilation from source
FAIL: PR234 -O compilation from bytecode
XPASS: PR235 compilation from source
FAIL: PR235 compilation from bytecode
XPASS: PR235 -O compilation from source
FAIL: PR235 -O compilation from bytecode
FAIL: PR238 compilation from bytecode
FAIL: PR238 -O compilation from bytecode
XPASS: PR295 compilation from source
XPASS: PR375 compilation from source
FAIL: PR375 compilation from bytecode
XPASS: PR375 -O compilation from source
FAIL: PR375 -O compilation from bytecode
XPASS: Semi compilation from source
FAIL: Semi compilation from bytecode
XPASS: Semi -O compilation from source
FAIL: Semi -O compilation from bytecode
XPASS: Statics compilation from source
FAIL: Statics compilation from bytecode
XPASS: Statics -O compilation from source
FAIL: Statics -O compilation from bytecode
XPASS: SuperConstr compilation from source
FAIL: SuperConstr compilation from bytecode
XPASS: SuperConstr -O compilation from source
FAIL: SuperConstr -O compilation from bytecode
XPASS: Twice compilation from source
FAIL: Twice compilation from bytecode
XPASS: Twice -O compilation from source
FAIL: Twice -O compilation from bytecode
FAIL: Where compilation from bytecode
FAIL: Where -O compilation from bytecode
XPASS: assignment compilation from source
FAIL: assignment compilation from bytecode
XPASS: assignment -O compilation from source
FAIL: assignment -O compilation from bytecode
XPASS: assignment_2 compilation from source
FAIL: assignment_2 compilation from bytecode
XPASS: assignment_2 -O compilation from source
FAIL: assignment_2 -O compilation from bytecode
XPASS: block compilation from source
FAIL: comment compilation from bytecode
XPASS: comment -O compilation from source
FAIL: comment -O compilation from bytecode
XPASS: iface compilation from source
FAIL: iface compilation from bytecode
XPASS: iface -O compilation from source
FAIL: iface -O compilation from bytecode
FAIL: inner_1 byte compilation
FAIL: inner_1 byte compilation
FAIL: inner_data compilation from bytecode
XPASS: inner_data -O compilation from source
FAIL: inner_data -O compilation from bytecode
XPASS: inner_inherit compilation from source
FAIL: inner_inherit compilation from bytecode
XPASS: inner_inherit -O compilation from source
FAIL: inner_inherit -O compilation from bytecode
XPASS: inner_priv compilation from source
FAIL: inner_priv compilation from bytecode
XPASS: inner_priv -O compilation from source
FAIL: inner_priv -O compilation from bytecode
XPASS: inner_pub compilation from source
FAIL: inner_pub compilation from bytecode
XPASS: inner_pub -O compilation from source
FAIL: inner_pub -O compilation from bytecode
FAIL: not_a_redef compilation from bytecode
FAIL: not_a_redef -O compilation from bytecode
XPASS: perc compilation from source
FAIL: perc compilation from bytecode
XPASS: perc -O compilation from source
FAIL: perc -O compilation from bytecode
XPASS: plusplus compilation from source
FAIL: plusplus compilation from bytecode
XPASS: plusplus -O compilation from source
FAIL: plusplus -O compilation from bytecode
XPASS: pr172 compilation from source
FAIL: pr172 compilation from bytecode
XPASS: pr172 -O compilation from source
FAIL: pr172 -O compilation from bytecode
XPASS: pr174 compilation from source
FAIL: pr174 compilation from bytecode
XPASS: pr174 -O compilation from source
FAIL: pr174 -O compilation from bytecode
XPASS: pr176 compilation from source
FAIL: pr176 compilation from bytecode
XPASS: pr176 -O compilation from source
FAIL: pr176 -O compilation from bytecode
XPASS: redef1 compilation from source
FAIL: static_2 compilation from source
FAIL: static_2 compilation from bytecode
FAIL: static_2 -O compilation from bytecode
FAIL: static_3 compilation from bytecode
FAIL: static_3 -O compilation from bytecode
XPASS: static_init compilation from source
FAIL: static_init2 compilation from bytecode
XPASS: static_init2 -O compilation from source
FAIL: static_init2 -O compilation from bytecode
XPASS: static_inner compilation from source
FAIL: static_inner compilation from bytecode
XPASS: static_inner -O compilation from source
FAIL: static_inner -O compilation from bytecode
XPASS: N19990310_4 output from source compiled test
XPASS: N19990310_4 -O output from source compiled test
XPASS: PR162 output from source compiled test
XPASS: PR162 -O output from source compiled test
FAIL: Primes output from source compiled test
FAIL: Primes output from bytecode->native test
FAIL: Primes -O output from source compiled test
FAIL: Primes -O output from bytecode->native test
FAIL: klass execution from source compiled test
FAIL: klass execution from bytecode->native test
FAIL: klass -O execution from source compiled test
FAIL: klass -O execution from bytecode->native test
XPASS: stringconst output from bytecode->native test
XPASS: stringconst -O output from bytecode->native test
XPASS: stub compilation from source
XPASS: stub byte compilation
XPASS: stub compilation from bytecode
XPASS: stub -O compilation from source
XPASS: stub byte compilation
XPASS: stub -O compilation from bytecode

		=== libjava Summary ===

# of expected passes		1431
# of unexpected failures	98
# of unexpected successes	85
# of expected failures		106
		=== gcc tests ===


Running target unix
FAIL: gcc.c-torture/compile/20001226-1.c,  -Os  
FAIL: gcc.c-torture/execute/20010122-1.c compilation,  -O0 
FAIL: gcc.c-torture/execute/20010122-1.c compilation,  -O1 
FAIL: gcc.c-torture/execute/20010122-1.c compilation,  -O2 
FAIL: gcc.c-torture/execute/20010122-1.c compilation,  -O3 -fomit-frame-pointer 
FAIL: gcc.c-torture/execute/20010122-1.c compilation,  -O3 -fomit-frame-pointer -funroll-loops 
FAIL: gcc.c-torture/execute/20010122-1.c compilation,  -O3 -fomit-frame-pointer -funroll-all-loops -finline-functions 
FAIL: gcc.c-torture/execute/20010122-1.c compilation,  -O3 -g 
FAIL: gcc.c-torture/execute/20010122-1.c compilation,  -Os 
FAIL: gcc.c-torture/execute/20010123-1.c execution,  -O0 
FAIL: gcc.c-torture/execute/20010123-1.c execution,  -O1 
FAIL: gcc.c-torture/execute/20010123-1.c execution,  -O2 
FAIL: gcc.c-torture/execute/20010123-1.c execution,  -O3 -fomit-frame-pointer 
FAIL: gcc.c-torture/execute/20010123-1.c execution,  -O3 -fomit-frame-pointer -funroll-loops 
FAIL: gcc.c-torture/execute/20010123-1.c execution,  -O3 -fomit-frame-pointer -funroll-all-loops -finline-functions 
FAIL: gcc.c-torture/execute/20010123-1.c execution,  -O3 -g 
FAIL: gcc.c-torture/execute/20010123-1.c execution,  -Os 
FAIL: gcc.c-torture/execute/20010124-1.c execution,  -O0 
FAIL: gcc.c-torture/execute/20010124-1.c execution,  -O1 
FAIL: gcc.c-torture/execute/20010124-1.c execution,  -O2 
FAIL: gcc.c-torture/execute/20010124-1.c execution,  -O3 -fomit-frame-pointer 
FAIL: gcc.c-torture/execute/20010124-1.c execution,  -O3 -g 
FAIL: gcc.c-torture/execute/20010124-1.c execution,  -Os 
FAIL: gcc.c-torture/execute/ieee/20000320-1.c execution,  -O0 
FAIL: gcc.c-torture/execute/ieee/20000320-1.c execution,  -O1 
FAIL: gcc.c-torture/execute/ieee/20000320-1.c execution,  -O2 
FAIL: gcc.c-torture/execute/ieee/20000320-1.c execution,  -O3 -fomit-frame-pointer 
FAIL: gcc.c-torture/execute/ieee/20000320-1.c execution,  -O3 -g 
FAIL: gcc.c-torture/execute/ieee/20000320-1.c execution,  -Os 
FAIL: gcc.c-torture/execute/ieee/fp-cmp-2.c execution,  -O0 
FAIL: gcc.c-torture/execute/ieee/fp-cmp-2.c execution,  -O1 
FAIL: gcc.c-torture/execute/ieee/fp-cmp-2.c execution,  -O2 
FAIL: gcc.c-torture/execute/ieee/fp-cmp-2.c execution,  -O3 -fomit-frame-pointer 
FAIL: gcc.c-torture/execute/ieee/fp-cmp-2.c execution,  -O3 -fomit-frame-pointer -funroll-loops 
FAIL: gcc.c-torture/execute/ieee/fp-cmp-2.c execution,  -O3 -fomit-frame-pointer -funroll-all-loops -finline-functions 
FAIL: gcc.c-torture/execute/ieee/fp-cmp-2.c execution,  -O3 -g 
FAIL: gcc.c-torture/execute/ieee/fp-cmp-2.c execution,  -Os 
FAIL: gcc.c-torture/execute/ieee/fp-cmp-4.c execution,  -O0 
FAIL: gcc.c-torture/execute/ieee/fp-cmp-4.c execution,  -O1 
FAIL: gcc.c-torture/execute/ieee/fp-cmp-4.c execution,  -O2 
FAIL: gcc.c-torture/execute/ieee/fp-cmp-4.c execution,  -O3 -fomit-frame-pointer 
FAIL: gcc.c-torture/execute/ieee/fp-cmp-4.c execution,  -O3 -fomit-frame-pointer -funroll-loops 
FAIL: gcc.c-torture/execute/ieee/fp-cmp-4.c execution,  -O3 -fomit-frame-pointer -funroll-all-loops -finline-functions 
FAIL: gcc.c-torture/execute/ieee/fp-cmp-4.c execution,  -O3 -g 
FAIL: gcc.c-torture/execute/ieee/fp-cmp-4.c execution,  -Os 
FAIL: gcc.c-torture/execute/ieee/hugeval.c execution,  -O0 
FAIL: gcc.c-torture/execute/ieee/mzero2.c execution,  -O0 
FAIL: gcc.c-torture/execute/ieee/mzero2.c execution,  -O1 
FAIL: gcc.c-torture/execute/ieee/mzero2.c execution,  -O2 
FAIL: gcc.c-torture/execute/ieee/mzero2.c execution,  -O3 -fomit-frame-pointer 
FAIL: gcc.c-torture/execute/ieee/mzero2.c execution,  -O3 -g 
FAIL: gcc.c-torture/execute/ieee/mzero2.c execution,  -Os 
XPASS: gcc.c-torture/execute/memcheck/blkarg.c execution,  -O0 
XPASS: gcc.c-torture/execute/memcheck/blkarg.c execution,  -O1 
XPASS: gcc.c-torture/execute/memcheck/blkarg.c execution,  -O2 
XPASS: gcc.c-torture/execute/memcheck/blkarg.c execution,  -Os 
FAIL: gcc.dg/sequence-pt-1.c sequence point warning (test for warnings, line 59)

		=== gcc Summary ===

# of expected passes		14937
# of unexpected failures	53
# of unexpected successes	4
# of expected failures		72
# of unresolved testcases	8
# of unsupported tests		49
/home/jsturm/dev/gcc/objdir/gcc/xgcc version 3.0 20010316 (prerelease)

		=== g++ tests ===


Running target unix
FAIL: g++.dg/vtgc1.C (test for excess errors)
FAIL: g++.eh/badalloc1.C  Execution test
FAIL: g++.other/call1.C  Execution test
FAIL: g++.other/crash18.C (test for excess errors)
FAIL: g++.other/crash31.C parse error (test for errors, line 11)
FAIL: g++.other/crash31.C (test for excess errors)
FAIL: g++.other/eh4.C (test for excess errors)

		=== g++ Summary ===

# of expected passes		6398
# of unexpected failures	7
# of expected failures		86
# of unresolved testcases	1
# of untested testcases		19
/home/jsturm/dev/gcc/objdir/gcc/testsuite/../g++ version 3.0 20010316 (prerelease)

		=== g77 tests ===


Running target unix
FAIL: g77.f-torture/compile/20000629-1.f,  -O3 -g  
FAIL: g77.f-torture/execute/dnrm2.f compilation,  -O0 
FAIL: g77.f-torture/execute/dnrm2.f compilation,  -O1 
FAIL: g77.f-torture/execute/dnrm2.f compilation,  -O2 
FAIL: g77.f-torture/execute/dnrm2.f compilation,  -O3 -fomit-frame-pointer 
FAIL: g77.f-torture/execute/dnrm2.f compilation,  -O3 -fomit-frame-pointer -funroll-loops 
FAIL: g77.f-torture/execute/dnrm2.f compilation,  -O3 -fomit-frame-pointer -funroll-all-loops -finline-functions 
FAIL: g77.f-torture/execute/dnrm2.f compilation,  -O3 -g 
FAIL: g77.f-torture/execute/dnrm2.f compilation,  -Os 

		=== g77 Summary ===

# of expected passes		902
# of unexpected failures	9
# of untested testcases		8
# of unsupported tests		8
		=== objc tests ===


Running target unix
FAIL: objc/execute/IMP.m compilation,  -O 
FAIL: objc/execute/_cmd.m compilation,  -O 
FAIL: objc/execute/accessing_ivars.m compilation,  -O 
FAIL: objc/execute/bf-1.m compilation,  -O 
FAIL: objc/execute/bf-10.m compilation,  -O 
FAIL: objc/execute/bf-11.m compilation,  -O 
FAIL: objc/execute/bf-12.m compilation,  -O 
FAIL: objc/execute/bf-13.m compilation,  -O 
FAIL: objc/execute/bf-14.m compilation,  -O 
FAIL: objc/execute/bf-15.m compilation,  -O 
FAIL: objc/execute/bf-16.m compilation,  -O 
FAIL: objc/execute/bf-17.m compilation,  -O 
FAIL: objc/execute/bf-18.m compilation,  -O 
FAIL: objc/execute/bf-19.m compilation,  -O 
FAIL: objc/execute/bf-2.m compilation,  -O 
FAIL: objc/execute/bf-20.m compilation,  -O 
FAIL: objc/execute/bf-3.m compilation,  -O 
FAIL: objc/execute/bf-4.m compilation,  -O 
FAIL: objc/execute/bf-5.m compilation,  -O 
FAIL: objc/execute/bf-6.m compilation,  -O 
FAIL: objc/execute/bf-7.m compilation,  -O 
FAIL: objc/execute/bf-8.m compilation,  -O 
FAIL: objc/execute/bf-9.m compilation,  -O 
FAIL: objc/execute/bycopy-1.m compilation,  -O 
FAIL: objc/execute/bycopy-2.m compilation,  -O 
FAIL: objc/execute/bycopy-3.m compilation,  -O 
FAIL: objc/execute/class-1.m compilation,  -O 
FAIL: objc/execute/class-10.m compilation,  -O 
FAIL: objc/execute/class-11.m compilation,  -O 
FAIL: objc/execute/class-12.m compilation,  -O 
FAIL: objc/execute/class-13.m compilation,  -O 
FAIL: objc/execute/class-14.m compilation,  -O 
FAIL: objc/execute/class-2.m compilation,  -O 
FAIL: objc/execute/class-3.m compilation,  -O 
FAIL: objc/execute/class-4.m compilation,  -O 
FAIL: objc/execute/class-5.m compilation,  -O 
FAIL: objc/execute/class-6.m compilation,  -O 
FAIL: objc/execute/class-7.m compilation,  -O 
FAIL: objc/execute/class-8.m compilation,  -O 
FAIL: objc/execute/class-9.m compilation,  -O 
FAIL: objc/execute/compatibility_alias.m compilation,  -O 
FAIL: objc/execute/encode-1.m compilation,  -O 
FAIL: objc/execute/fdecl.m compilation,  -O 
FAIL: objc/execute/formal_protocol-1.m compilation,  -O 
FAIL: objc/execute/formal_protocol-2.m compilation,  -O 
FAIL: objc/execute/formal_protocol-3.m compilation,  -O 
FAIL: objc/execute/formal_protocol-4.m compilation,  -O 
FAIL: objc/execute/formal_protocol-5.m compilation,  -O 
FAIL: objc/execute/formal_protocol-6.m compilation,  -O 
FAIL: objc/execute/formal_protocol-7.m compilation,  -O 
FAIL: objc/execute/informal_protocol.m compilation,  -O 
FAIL: objc/execute/initialize.m compilation,  -O 
FAIL: objc/execute/load.m compilation,  -O 
FAIL: objc/execute/many_args_method.m compilation,  -O 
FAIL: objc/execute/nested-1.m compilation,  -O 
FAIL: objc/execute/nested-2.m compilation,  -O 
FAIL: objc/execute/nested-3.m compilation,  -O 
FAIL: objc/execute/no_clash.m compilation,  -O 
FAIL: objc/execute/np-1.m compilation,  -O 
FAIL: objc/execute/np-2.m compilation,  -O 
FAIL: objc/execute/paste.m compilation,  -O 
FAIL: objc/execute/private.m compilation,  -O 
FAIL: objc/execute/protocol.m compilation,  -O 
FAIL: objc/execute/redefining_self.m compilation,  -O 
FAIL: objc/execute/root_methods.m compilation,  -O 
FAIL: objc/execute/selector-1.m compilation,  -O 
FAIL: objc/execute/static-1.m compilation,  -O 
FAIL: objc/execute/static-2.m compilation,  -O 
FAIL: objc/execute/string1.m compilation,  -O 
FAIL: objc/execute/string2.m compilation,  -O 
FAIL: objc/execute/string3.m compilation,  -O 
FAIL: objc/execute/string4.m compilation,  -O 
FAIL: objc/execute/va_method.m compilation,  -O 

		=== objc Summary ===

# of unexpected failures	73
# of untested testcases		73
/home/jsturm/dev/gcc/objdir/gcc/xgcc version 3.0 20010316 (prerelease)


Compiler version: 3.0 20010316 (prerelease) 
Platform: alphapca56-unknown-linux-gnu
configure flags: --host=alphapca56-unknown-linux-gnu --prefix=/opt/gcj --enable-languages=c,c++,f77,java --enable-shared --enable-threads --without-x


Index Nav: [Date Index] [Subject Index] [Author Index] [Thread Index]
Message Nav: [Date Prev] [Date Next] [Thread Prev] [Thread Next]