This is the mail archive of the gcc-testresults@gcc.gnu.org mailing list for the GCC project.


Index Nav: [Date Index] [Subject Index] [Author Index] [Thread Index]
Message Nav: [Date Prev] [Date Next] [Thread Prev] [Thread Next]

Results for 3.1 20010315 (experimental) testsuite on i686-pc-linux-gnu


Native configuration is i686-pc-linux-gnu

		=== libjava tests ===


Running target unix
FAIL: comment compilation from bytecode
XPASS: comment -O compilation from source
FAIL: comment -O compilation from bytecode
FAIL: Where compilation from bytecode
FAIL: Where -O compilation from bytecode
XPASS: redef2 compilation from source
FAIL: iface compilation from bytecode
XPASS: iface -O compilation from source
FAIL: iface -O compilation from bytecode
XPASS: static_init compilation from source
FAIL: abstr compilation from source
XPASS: G19990225_01 compilation from source
FAIL: G19990225_01 compilation from bytecode
XPASS: G19990225_01 -O compilation from source
FAIL: G19990225_01 -O compilation from bytecode
XPASS: G19990210_3 compilation from source
FAIL: G19990210_3 compilation from bytecode
XPASS: G19990210_3 -O compilation from source
FAIL: G19990210_3 -O compilation from bytecode
XPASS: G19990210_2 compilation from source
FAIL: G19990210_2 compilation from bytecode
XPASS: G19990210_2 -O compilation from source
FAIL: G19990210_2 -O compilation from bytecode
XPASS: G19990210_1 compilation from source
FAIL: G19990210_1 compilation from bytecode
XPASS: G19990210_1 -O compilation from source
FAIL: G19990210_1 -O compilation from bytecode
XPASS: Statics compilation from source
FAIL: Statics compilation from bytecode
XPASS: Statics -O compilation from source
FAIL: Statics -O compilation from bytecode
XPASS: plusplus compilation from source
FAIL: plusplus compilation from bytecode
XPASS: plusplus -O compilation from source
FAIL: plusplus -O compilation from bytecode
XPASS: assignment compilation from source
FAIL: assignment compilation from bytecode
XPASS: assignment -O compilation from source
FAIL: assignment -O compilation from bytecode
XPASS: OperatorBenchmark compilation from source
FAIL: OperatorBenchmark compilation from bytecode
XPASS: OperatorBenchmark -O compilation from source
FAIL: OperatorBenchmark -O compilation from bytecode
XPASS: inner_inherit compilation from source
FAIL: inner_inherit compilation from bytecode
XPASS: inner_inherit -O compilation from source
FAIL: inner_inherit -O compilation from bytecode
FAIL: not_a_redef compilation from bytecode
FAIL: not_a_redef -O compilation from bytecode
XPASS: N19990317 compilation from source
FAIL: N19990317 compilation from bytecode
XPASS: N19990317 -O compilation from source
FAIL: N19990317 -O compilation from bytecode
FAIL: assignment_2 byte compilation
FAIL: assignment_2 byte compilation
FAIL: PR129_B compilation from source
FAIL: PR129_B compilation from bytecode
FAIL: PR129_B -O compilation from bytecode
XPASS: inner_priv compilation from source
FAIL: inner_priv compilation from bytecode
XPASS: inner_priv -O compilation from source
FAIL: inner_priv -O compilation from bytecode
XPASS: inner_data compilation from source
FAIL: inner_data compilation from bytecode
XPASS: inner_data -O compilation from source
FAIL: inner_data -O compilation from bytecode
XPASS: block compilation from source
FAIL: static_3 compilation from source
FAIL: static_3 compilation from bytecode
FAIL: static_3 -O compilation from bytecode
FAIL: static_2 compilation from bytecode
FAIL: static_2 -O compilation from bytecode
XPASS: static_1 compilation from source
FAIL: SuperConstr compilation from bytecode
XPASS: SuperConstr -O compilation from source
FAIL: SuperConstr -O compilation from bytecode
FAIL: inner_1 byte compilation
FAIL: inner_1 byte compilation
FAIL: G19990217_02 compilation from source
FAIL: G19990217_02 compilation from bytecode
FAIL: G19990217_02 -O compilation from bytecode
XPASS: G19990217_01 compilation from source
FAIL: G19990217_01 compilation from bytecode
XPASS: G19990217_01 -O compilation from source
FAIL: G19990217_01 -O compilation from bytecode
XPASS: N19990310_01 compilation from source
FAIL: N19990310_01 compilation from bytecode
XPASS: N19990310_01 -O compilation from source
FAIL: N19990310_01 -O compilation from bytecode
XPASS: ArrayClass compilation from source
FAIL: Twice compilation from bytecode
XPASS: Twice -O compilation from source
FAIL: Twice -O compilation from bytecode
XPASS: perc compilation from source
FAIL: perc compilation from bytecode
XPASS: perc -O compilation from source
FAIL: perc -O compilation from bytecode
XPASS: pr172 compilation from source
FAIL: pr172 compilation from bytecode
XPASS: pr172 -O compilation from source
FAIL: pr172 -O compilation from bytecode
XPASS: pr176 compilation from source
FAIL: pr176 compilation from bytecode
XPASS: pr176 -O compilation from source
FAIL: pr176 -O compilation from bytecode
XPASS: pr174 compilation from source
FAIL: pr174 compilation from bytecode
XPASS: pr174 -O compilation from source
FAIL: pr174 -O compilation from bytecode
XPASS: static_init2 compilation from source
FAIL: static_init2 compilation from bytecode
XPASS: static_init2 -O compilation from source
FAIL: static_init2 -O compilation from bytecode
XPASS: static_inner compilation from source
FAIL: static_inner compilation from bytecode
XPASS: static_inner -O compilation from source
FAIL: static_inner -O compilation from bytecode
XPASS: Case compilation from source
FAIL: Case compilation from bytecode
XPASS: Case -O compilation from source
FAIL: Case -O compilation from bytecode
XPASS: Semi compilation from source
FAIL: Semi compilation from bytecode
XPASS: Semi -O compilation from source
FAIL: Semi -O compilation from bytecode
XPASS: PR163 compilation from source
FAIL: PR238 compilation from source
FAIL: PR238 compilation from bytecode
FAIL: PR238 -O compilation from bytecode
XPASS: PR232 compilation from source
FAIL: PR232 compilation from bytecode
XPASS: PR232 -O compilation from source
FAIL: PR232 -O compilation from bytecode
XPASS: PR235 compilation from source
FAIL: PR235 compilation from bytecode
XPASS: PR235 -O compilation from source
FAIL: PR235 -O compilation from bytecode
XPASS: PR234 compilation from source
FAIL: PR234 compilation from bytecode
XPASS: PR234 -O compilation from source
FAIL: PR234 -O compilation from bytecode
XPASS: PR209 compilation from source
FAIL: PR209 compilation from bytecode
XPASS: PR209 -O compilation from source
FAIL: PR209 -O compilation from bytecode
XPASS: PR206 compilation from source
FAIL: PR206 compilation from bytecode
XPASS: PR206 -O compilation from source
FAIL: PR206 -O compilation from bytecode
XPASS: PR375 compilation from source
FAIL: PR375 compilation from bytecode
XPASS: PR375 -O compilation from source
FAIL: PR375 -O compilation from bytecode
FAIL: PR232B compilation from bytecode
XPASS: PR232B -O compilation from source
FAIL: PR232B -O compilation from bytecode
XPASS: BlankFinal compilation from source
FAIL: BlankFinal compilation from bytecode
XPASS: BlankFinal -O compilation from source
FAIL: BlankFinal -O compilation from bytecode
XPASS: inner_pub compilation from source
FAIL: inner_pub compilation from bytecode
XPASS: inner_pub -O compilation from source
FAIL: inner_pub -O compilation from bytecode
XPASS: indirect_write compilation from source
FAIL: indirect_write execution from source compiled test
FAIL: indirect_write compilation from bytecode
FAIL: indirect_write -O execution from source compiled test
FAIL: indirect_write -O compilation from bytecode
FAIL: stringconst execution from source compiled test
FAIL: stringconst compilation from bytecode
FAIL: stringconst -O execution from source compiled test
FAIL: stringconst -O compilation from bytecode
FAIL: Thread_Alive execution from source compiled test
FAIL: Thread_Alive execution from bytecode->native test
FAIL: Thread_Alive -O execution from source compiled test
FAIL: Thread_Alive -O execution from bytecode->native test
FAIL: inner_array execution from source compiled test
FAIL: inner_array compilation from bytecode
FAIL: inner_array -O execution from source compiled test
FAIL: inner_array -O compilation from bytecode
FAIL: tp execution from source compiled test
FAIL: tp compilation from bytecode
FAIL: tp -O execution from source compiled test
FAIL: tp -O compilation from bytecode
FAIL: err1 execution from source compiled test
FAIL: err1 compilation from bytecode
FAIL: err1 -O execution from source compiled test
FAIL: err1 -O compilation from bytecode
FAIL: anon4 execution from source compiled test
FAIL: anon4 compilation from bytecode
FAIL: anon4 -O execution from source compiled test
FAIL: anon4 -O compilation from bytecode
FAIL: err2 execution from source compiled test
FAIL: err2 execution from bytecode->native test
FAIL: err2 -O execution from source compiled test
FAIL: err2 -O execution from bytecode->native test
FAIL: indirect execution from source compiled test
FAIL: indirect compilation from bytecode
FAIL: indirect -O execution from source compiled test
FAIL: indirect -O compilation from bytecode
FAIL: StringBuffer_1 execution from source compiled test
FAIL: StringBuffer_1 execution from bytecode->native test
FAIL: StringBuffer_1 -O execution from source compiled test
FAIL: StringBuffer_1 -O execution from bytecode->native test
FAIL: test_long execution from source compiled test
FAIL: test_long execution from bytecode->native test
FAIL: test_long -O execution from source compiled test
FAIL: test_long -O execution from bytecode->native test
FAIL: inner_interface execution from source compiled test
FAIL: inner_interface compilation from bytecode
FAIL: inner_interface -O execution from source compiled test
FAIL: inner_interface -O compilation from bytecode
FAIL: direct_write execution from source compiled test
FAIL: direct_write compilation from bytecode
FAIL: direct_write -O execution from source compiled test
FAIL: direct_write -O compilation from bytecode
FAIL: err3 execution from source compiled test
FAIL: err3 execution from bytecode->native test
FAIL: err3 -O execution from source compiled test
FAIL: err3 -O execution from bytecode->native test
FAIL: pr83 execution from source compiled test
FAIL: pr83 -O execution from source compiled test
FAIL: pr184 execution from source compiled test
FAIL: pr184 execution from bytecode->native test
FAIL: pr184 -O execution from source compiled test
FAIL: pr184 -O execution from bytecode->native test
FAIL: Shazam execution from source compiled test
FAIL: Shazam -O execution from source compiled test
FAIL: err12 execution from source compiled test
FAIL: err12 execution from bytecode->native test
FAIL: err12 -O execution from source compiled test
FAIL: err12 -O execution from bytecode->native test
FAIL: Thread_Sleep execution from source compiled test
FAIL: Thread_Sleep execution from bytecode->native test
FAIL: Thread_Sleep -O execution from source compiled test
FAIL: Thread_Sleep -O execution from bytecode->native test
FAIL: anon2 execution from source compiled test
FAIL: anon2 compilation from bytecode
FAIL: anon2 -O execution from source compiled test
FAIL: anon2 -O compilation from bytecode
FAIL: err4 execution from source compiled test
FAIL: err4 execution from bytecode->native test
FAIL: err4 -O execution from source compiled test
FAIL: err4 -O execution from bytecode->native test
FAIL: pr133 execution from source compiled test
FAIL: pr133 execution from bytecode->native test
FAIL: pr133 -O execution from source compiled test
FAIL: pr133 -O execution from bytecode->native test
FAIL: PR141 execution from source compiled test
FAIL: PR141 execution from bytecode->native test
FAIL: PR141 -O execution from source compiled test
FAIL: PR141 -O execution from bytecode->native test
FAIL: Primes execution from source compiled test
FAIL: Primes execution from bytecode->native test
FAIL: Primes -O execution from source compiled test
FAIL: Primes -O execution from bytecode->native test
FAIL: Invoke_2 execution from source compiled test
FAIL: Invoke_2 execution from bytecode->native test
FAIL: Invoke_2 -O execution from source compiled test
FAIL: Invoke_2 -O execution from bytecode->native test
FAIL: instinit2 execution from source compiled test
FAIL: instinit2 execution from bytecode->native test
FAIL: instinit2 -O execution from source compiled test
FAIL: instinit2 -O execution from bytecode->native test
FAIL: err13 execution from source compiled test
FAIL: err13 execution from bytecode->native test
FAIL: err13 -O execution from source compiled test
FAIL: err13 -O execution from bytecode->native test
FAIL: anon3 execution from source compiled test
FAIL: anon3 compilation from bytecode
FAIL: anon3 -O execution from source compiled test
FAIL: anon3 -O compilation from bytecode
FAIL: err5 execution from source compiled test
FAIL: err5 execution from bytecode->native test
FAIL: err5 -O execution from source compiled test
FAIL: err5 -O execution from bytecode->native test
FAIL: direct_read execution from source compiled test
FAIL: direct_read compilation from bytecode
FAIL: direct_read -O execution from source compiled test
FAIL: direct_read -O compilation from bytecode
FAIL: PR55 execution from source compiled test
FAIL: PR55 execution from bytecode->native test
FAIL: PR55 -O execution from source compiled test
FAIL: PR55 -O execution from bytecode->native test
FAIL: indirect_read execution from source compiled test
FAIL: indirect_read compilation from bytecode
FAIL: indirect_read -O execution from source compiled test
FAIL: indirect_read -O compilation from bytecode
FAIL: PR260 execution from source compiled test
FAIL: PR260 compilation from bytecode
FAIL: PR260 -O execution from source compiled test
FAIL: PR260 -O compilation from bytecode
FAIL: PR160 execution from source compiled test
FAIL: PR160 execution from bytecode->native test
FAIL: PR160 -O execution from source compiled test
FAIL: PR160 -O execution from bytecode->native test
FAIL: Array_2 execution from source compiled test
FAIL: Array_2 execution from bytecode->native test
FAIL: Array_2 -O execution from source compiled test
FAIL: Array_2 -O execution from bytecode->native test
FAIL: InterfaceDispatch execution from source compiled test
FAIL: InterfaceDispatch compilation from bytecode
FAIL: InterfaceDispatch -O execution from source compiled test
FAIL: InterfaceDispatch -O compilation from bytecode
FAIL: stringconst2 execution from source compiled test
FAIL: stringconst2 execution from bytecode->native test
FAIL: stringconst2 -O execution from source compiled test
FAIL: stringconst2 -O execution from bytecode->native test
FAIL: Thread_Wait execution from source compiled test
FAIL: Thread_Wait execution from bytecode->native test
FAIL: Thread_Wait -O execution from source compiled test
FAIL: Thread_Wait -O execution from bytecode->native test
FAIL: klass execution from source compiled test
FAIL: klass execution from bytecode->native test
FAIL: klass -O execution from source compiled test
FAIL: klass -O execution from bytecode->native test
FAIL: G19990302_02 execution from source compiled test
FAIL: G19990302_02 execution from bytecode->native test
FAIL: G19990302_02 -O execution from source compiled test
FAIL: G19990302_02 -O execution from bytecode->native test
FAIL: G19990303_02 execution from source compiled test
FAIL: G19990303_02 execution from bytecode->native test
FAIL: G19990303_02 -O execution from source compiled test
FAIL: G19990303_02 -O execution from bytecode->native test
FAIL: N19990310_02 execution from source compiled test
FAIL: N19990310_02 execution from bytecode->native test
FAIL: N19990310_02 -O execution from source compiled test
FAIL: N19990310_02 -O execution from bytecode->native test
FAIL: err10 execution from source compiled test
FAIL: err10 execution from bytecode->native test
FAIL: err10 -O execution from source compiled test
FAIL: err10 -O execution from bytecode->native test
FAIL: err6 execution from source compiled test
FAIL: err6 execution from bytecode->native test
FAIL: err6 -O execution from source compiled test
FAIL: err6 -O execution from bytecode->native test
FAIL: PR56 execution from source compiled test
FAIL: PR56 execution from bytecode->native test
FAIL: PR56 -O execution from source compiled test
FAIL: PR56 -O execution from bytecode->native test
FAIL: Throw_1 execution from source compiled test
FAIL: Throw_1 execution from bytecode->native test
FAIL: Throw_1 -O execution from source compiled test
FAIL: Throw_1 -O execution from bytecode->native test
FAIL: Array_1 execution from source compiled test
FAIL: Array_1 execution from bytecode->native test
FAIL: Array_1 -O execution from source compiled test
FAIL: Array_1 -O execution from bytecode->native test
FAIL: Thread_Wait_Interrupt execution from source compiled test
FAIL: Thread_Wait_Interrupt compilation from bytecode
FAIL: Thread_Wait_Interrupt -O execution from source compiled test
FAIL: Thread_Wait_Interrupt -O compilation from bytecode
FAIL: G19990304_01 execution from source compiled test
FAIL: G19990304_01 execution from bytecode->native test
FAIL: G19990304_01 -O execution from source compiled test
FAIL: G19990304_01 -O execution from bytecode->native test
FAIL: G19990303_01 execution from source compiled test
FAIL: G19990303_01 execution from bytecode->native test
FAIL: G19990303_01 -O execution from source compiled test
FAIL: G19990303_01 -O execution from bytecode->native test
FAIL: G19990301_01 execution from source compiled test
FAIL: G19990301_01 compilation from bytecode
FAIL: G19990301_01 -O execution from source compiled test
FAIL: G19990301_01 -O compilation from bytecode
FAIL: G19990310_01 execution from source compiled test
FAIL: G19990310_01 execution from bytecode->native test
FAIL: G19990310_01 -O execution from source compiled test
FAIL: G19990310_01 -O execution from bytecode->native test
FAIL: err11 execution from source compiled test
FAIL: err11 -O execution from source compiled test
FAIL: Thread_Interrupt execution from source compiled test
FAIL: Thread_Interrupt compilation from bytecode
FAIL: Thread_Interrupt -O execution from source compiled test
FAIL: Thread_Interrupt -O compilation from bytecode
FAIL: Class_1 execution from source compiled test
FAIL: Class_1 -O execution from source compiled test
FAIL: err7 execution from source compiled test
FAIL: err7 -O execution from source compiled test
FAIL: PR242 execution from source compiled test
FAIL: PR242 compilation from bytecode
FAIL: PR242 -O execution from source compiled test
FAIL: PR242 -O compilation from bytecode
FAIL: PR162 execution from source compiled test
FAIL: PR162 compilation from bytecode
FAIL: PR162 -O execution from source compiled test
FAIL: PR162 -O compilation from bytecode
FAIL: Invoke_1 execution from source compiled test
FAIL: Invoke_1 execution from bytecode->native test
FAIL: Invoke_1 -O execution from source compiled test
FAIL: Invoke_1 -O execution from bytecode->native test
FAIL: Float_1 execution from source compiled test
FAIL: Float_1 execution from bytecode->native test
FAIL: Float_1 -O execution from source compiled test
FAIL: Float_1 -O execution from bytecode->native test
FAIL: Divide_1 execution from source compiled test
FAIL: Divide_1 execution from bytecode->native test
FAIL: Divide_1 -O execution from source compiled test
FAIL: Divide_1 -O execution from bytecode->native test
FAIL: final_inner execution from source compiled test
FAIL: final_inner compilation from bytecode
FAIL: final_inner -O execution from source compiled test
FAIL: final_inner -O compilation from bytecode
FAIL: Final execution from source compiled test
FAIL: Final execution from bytecode->native test
FAIL: Final -O execution from source compiled test
FAIL: Final -O execution from bytecode->native test
FAIL: err8 execution from source compiled test
FAIL: err8 -O execution from source compiled test
FAIL: N19990310_3 execution from source compiled test
FAIL: N19990310_3 execution from bytecode->native test
FAIL: N19990310_3 -O execution from source compiled test
FAIL: N19990310_3 -O execution from bytecode->native test
FAIL: err9 execution from source compiled test
FAIL: err9 execution from bytecode->native test
FAIL: err9 -O execution from source compiled test
FAIL: err9 -O execution from bytecode->native test
FAIL: anfi execution from source compiled test
FAIL: anfi compilation from bytecode
FAIL: anfi -O execution from source compiled test
FAIL: anfi -O compilation from bytecode
FAIL: tmi execution from source compiled test
FAIL: tmi compilation from bytecode
FAIL: tmi -O execution from source compiled test
FAIL: tmi -O compilation from bytecode
FAIL: instance execution from source compiled test
FAIL: instance execution from bytecode->native test
FAIL: instance -O execution from source compiled test
FAIL: instance -O execution from bytecode->native test
FAIL: inner4 execution from source compiled test
FAIL: inner4 compilation from bytecode
FAIL: inner4 -O execution from source compiled test
FAIL: inner4 -O compilation from bytecode
FAIL: final_int execution from source compiled test
FAIL: final_int compilation from bytecode
FAIL: final_int -O execution from source compiled test
FAIL: final_int -O compilation from bytecode
FAIL: instinit execution from source compiled test
FAIL: instinit execution from bytecode->native test
FAIL: instinit -O execution from source compiled test
FAIL: instinit -O execution from bytecode->native test
FAIL: search_outer execution from source compiled test
FAIL: search_outer compilation from bytecode
FAIL: search_outer -O execution from source compiled test
FAIL: search_outer -O compilation from bytecode
FAIL: anonarray3 execution from source compiled test
FAIL: anonarray3 execution from bytecode->native test
FAIL: anonarray3 -O execution from source compiled test
FAIL: anonarray3 -O execution from bytecode->native test
FAIL: inner2 execution from source compiled test
FAIL: inner2 execution from bytecode->native test
FAIL: inner2 -O execution from source compiled test
FAIL: inner2 -O execution from bytecode->native test
FAIL: PR218 execution from source compiled test
FAIL: PR218 execution from bytecode->native test
FAIL: PR218 -O execution from source compiled test
FAIL: PR218 -O execution from bytecode->native test
FAIL: Synch execution from source compiled test
FAIL: Synch execution from bytecode->native test
FAIL: Synch -O execution from source compiled test
FAIL: Synch -O execution from bytecode->native test
FAIL: anonarray2 execution from source compiled test
FAIL: anonarray2 execution from bytecode->native test
FAIL: anonarray2 -O execution from source compiled test
FAIL: anonarray2 -O execution from bytecode->native test
FAIL: multiple_finit execution from source compiled test
FAIL: multiple_finit compilation from bytecode
FAIL: multiple_finit -O execution from source compiled test
FAIL: multiple_finit -O compilation from bytecode
FAIL: inner3 execution from source compiled test
FAIL: inner3 compilation from bytecode
FAIL: inner3 -O execution from source compiled test
FAIL: inner3 -O compilation from bytecode
FAIL: anon execution from source compiled test
FAIL: anon compilation from bytecode
FAIL: anon -O execution from source compiled test
FAIL: anon -O compilation from bytecode
FAIL: pr179 execution from source compiled test
FAIL: pr179 compilation from bytecode
FAIL: pr179 -O execution from source compiled test
FAIL: pr179 -O compilation from bytecode
FAIL: pr109 execution from source compiled test
FAIL: pr109 execution from bytecode->native test
FAIL: pr109 -O execution from source compiled test
FAIL: pr109 -O execution from bytecode->native test
FAIL: final_static_and_friend execution from source compiled test
FAIL: final_static_and_friend execution from bytecode->native test
FAIL: final_static_and_friend -O execution from source compiled test
FAIL: final_static_and_friend -O execution from bytecode->native test
FAIL: Thread_Wait_2 execution from source compiled test
FAIL: Thread_Wait_2 compilation from bytecode
FAIL: Thread_Wait_2 -O execution from source compiled test
FAIL: Thread_Wait_2 -O compilation from bytecode
FAIL: update_outer execution from source compiled test
FAIL: update_outer compilation from bytecode
FAIL: update_outer -O execution from source compiled test
FAIL: update_outer -O compilation from bytecode
FAIL: private_direct_read execution from source compiled test
FAIL: private_direct_read compilation from bytecode
FAIL: private_direct_read -O execution from source compiled test
FAIL: private_direct_read -O compilation from bytecode
FAIL: N19990310_5 execution from source compiled test
FAIL: N19990310_5 execution from bytecode->native test
FAIL: N19990310_5 -O execution from source compiled test
FAIL: N19990310_5 -O execution from bytecode->native test
FAIL: Thread_Monitor execution from source compiled test
FAIL: Thread_Monitor compilation from bytecode
FAIL: Thread_Monitor -O execution from source compiled test
FAIL: Thread_Monitor -O compilation from bytecode
FAIL: anonarray execution from source compiled test
FAIL: anonarray execution from bytecode->native test
FAIL: anonarray -O execution from source compiled test
FAIL: anonarray -O execution from bytecode->native test
FAIL: inner1 execution from source compiled test
FAIL: inner1 compilation from bytecode
FAIL: inner1 -O execution from source compiled test
FAIL: inner1 -O compilation from bytecode
FAIL: nested_with_ctor execution from source compiled test
FAIL: nested_with_ctor compilation from bytecode
FAIL: nested_with_ctor -O execution from source compiled test
FAIL: nested_with_ctor -O compilation from bytecode
FAIL: N19990310_4 execution from source compiled test
FAIL: N19990310_4 execution from bytecode->native test
FAIL: N19990310_4 -O execution from source compiled test
FAIL: N19990310_4 -O execution from bytecode->native test
FAIL: Thread_Join execution from source compiled test
FAIL: Thread_Join compilation from bytecode
FAIL: Thread_Join -O execution from source compiled test
FAIL: Thread_Join -O compilation from bytecode

		=== libjava Summary ===

# of expected passes		644
# of unexpected failures	457
# of unexpected successes	72
# of expected failures		547
		=== gcc tests ===


Running target unix/-fPIC
FAIL: gcc.c-torture/compile/20001226-1.c,  -O3 -g  
FAIL: gcc.c-torture/compile/20001226-1.c,  -Os  
FAIL: gcc.c-torture/compile/20000804-1.c,  -O0  
FAIL: gcc.c-torture/execute/20010114-2.c execution,  -O1 
FAIL: gcc.c-torture/execute/20010114-2.c execution,  -O2 
FAIL: gcc.c-torture/execute/20010114-2.c execution,  -O3 -fomit-frame-pointer 
FAIL: gcc.c-torture/execute/20010114-2.c execution,  -O3 -g 
FAIL: gcc.c-torture/execute/20010114-2.c execution,  -Os 
FAIL: gcc.c-torture/execute/990127-2.c execution,  -O3 -fomit-frame-pointer 
FAIL: gcc.c-torture/execute/990127-2.c execution,  -O3 -g 
FAIL: gcc.c-torture/execute/conversion.c execution,  -O3 -fomit-frame-pointer 
FAIL: gcc.c-torture/execute/conversion.c execution,  -O3 -g 
FAIL: gcc.dg/20000724-1.c execution test
FAIL: gcc.dg/asm-names.c (test for excess errors)

		=== gcc Summary for unix/-fPIC ===

# of expected passes		15091
# of unexpected failures	14
# of expected failures		93
# of unsupported tests		21

Running target unix/-fpic
FAIL: gcc.c-torture/compile/20001226-1.c,  -O3 -g  
FAIL: gcc.c-torture/compile/20000804-1.c,  -O0  
FAIL: gcc.c-torture/execute/20010114-2.c execution,  -O1 
FAIL: gcc.c-torture/execute/20010114-2.c execution,  -O2 
FAIL: gcc.c-torture/execute/20010114-2.c execution,  -O3 -fomit-frame-pointer 
FAIL: gcc.c-torture/execute/20010114-2.c execution,  -O3 -g 
FAIL: gcc.c-torture/execute/20010114-2.c execution,  -Os 
FAIL: gcc.c-torture/execute/990127-2.c execution,  -O3 -fomit-frame-pointer 
FAIL: gcc.c-torture/execute/990127-2.c execution,  -O3 -g 
FAIL: gcc.c-torture/execute/conversion.c execution,  -O3 -fomit-frame-pointer 
FAIL: gcc.c-torture/execute/conversion.c execution,  -O3 -g 
FAIL: gcc.dg/20000724-1.c execution test
FAIL: gcc.dg/asm-names.c (test for excess errors)

		=== gcc Summary for unix/-fpic ===

# of expected passes		15092
# of unexpected failures	13
# of expected failures		93
# of unsupported tests		21

Running target unix
FAIL: gcc.c-torture/compile/20001226-1.c,  -O3 -g  
FAIL: gcc.c-torture/compile/20001226-1.c,  -Os  
FAIL: gcc.c-torture/execute/20010114-2.c execution,  -O1 
FAIL: gcc.c-torture/execute/20010114-2.c execution,  -O2 
FAIL: gcc.c-torture/execute/20010114-2.c execution,  -Os 
FAIL: gcc.c-torture/execute/loop-2b.c execution,  -O2 
FAIL: gcc.dg/20000724-1.c execution test
FAIL: gcc.dg/special/weak-1.c execution test

		=== gcc Summary for unix ===

# of expected passes		15097
# of unexpected failures	8
# of expected failures		93
# of unsupported tests		21

		=== gcc Summary ===

# of expected passes		45280
# of unexpected failures	35
# of expected failures		279
# of unsupported tests		63
/home/ghazi/gcc-testing/build/gcc/xgcc version 3.1 20010315 (experimental)

		=== g++ tests ===


Running target unix/-fPIC
FAIL: g++.dg/vtgc1.C (test for excess errors)
FAIL: g++.dg/special/conpr-1.C execution test
FAIL: g++.dg/special/conpr-2.C execution test
FAIL: g++.dg/special/conpr-3.C execution test
FAIL: g++.dg/special/conpr-3.C execution test
FAIL: g++.ext/initp1.C  Execution test
FAIL: g++.ext/instantiate1.C not instantiated (test for errors, line 18)
FAIL: g++.ext/instantiate1.C not instantiated (test for errors, line 20)
FAIL: g++.other/crash18.C (test for excess errors)
FAIL: g++.other/eh4.C (test for excess errors)
FAIL: g++.pt/asm1.C (test for excess errors)
FAIL: g++.pt/asm2.C (test for excess errors)

		=== g++ Summary for unix/-fPIC ===

# of expected passes		6411
# of unexpected failures	12
# of expected failures		87
# of unresolved testcases	1
# of untested testcases		9

Running target unix/-fpic
FAIL: g++.dg/vtgc1.C (test for excess errors)
FAIL: g++.dg/special/conpr-1.C execution test
FAIL: g++.dg/special/conpr-2.C execution test
FAIL: g++.dg/special/conpr-3.C execution test
FAIL: g++.dg/special/conpr-3.C execution test
FAIL: g++.ext/initp1.C  Execution test
FAIL: g++.ext/instantiate1.C not instantiated (test for errors, line 18)
FAIL: g++.ext/instantiate1.C not instantiated (test for errors, line 20)
FAIL: g++.other/crash18.C (test for excess errors)
FAIL: g++.other/eh4.C (test for excess errors)
FAIL: g++.pt/asm1.C (test for excess errors)
FAIL: g++.pt/asm2.C (test for excess errors)

		=== g++ Summary for unix/-fpic ===

# of expected passes		6411
# of unexpected failures	12
# of expected failures		87
# of unresolved testcases	1
# of untested testcases		9

Running target unix
FAIL: g++.dg/special/conpr-1.C execution test
FAIL: g++.dg/special/conpr-2.C execution test
FAIL: g++.dg/special/conpr-3.C execution test
FAIL: g++.dg/special/conpr-3.C execution test
FAIL: g++.ext/initp1.C  Execution test
FAIL: g++.ext/instantiate1.C not instantiated (test for errors, line 18)
FAIL: g++.ext/instantiate1.C not instantiated (test for errors, line 20)
FAIL: g++.other/crash18.C (test for excess errors)
FAIL: g++.other/eh4.C (test for excess errors)

		=== g++ Summary for unix ===

# of expected passes		6427
# of unexpected failures	9
# of expected failures		87
# of untested testcases		9

		=== g++ Summary ===

# of expected passes		19249
# of unexpected failures	33
# of expected failures		261
# of unresolved testcases	2
# of untested testcases		27
/home/ghazi/gcc-testing/build/gcc/testsuite/../g++ version 3.1 20010315 (experimental)

		=== g77 tests ===


Running target unix/-fPIC
XPASS: g77.f-torture/execute/short.f execution,  -Os 

		=== g77 Summary for unix/-fPIC ===

# of expected passes		928
# of unexpected successes	1
# of expected failures		6

Running target unix/-fpic
XPASS: g77.f-torture/execute/short.f execution,  -Os 

		=== g77 Summary for unix/-fpic ===

# of expected passes		928
# of unexpected successes	1
# of expected failures		6

Running target unix

		=== g77 Summary for unix ===

# of expected passes		928
# of expected failures		7

		=== g77 Summary ===

# of expected passes		2784
# of unexpected successes	2
# of expected failures		19
		=== objc tests ===


Running target unix/-fPIC
FAIL: objc/execute/formal_protocol-5.m compilation,  -O 
FAIL: objc/execute/formal_protocol-6.m compilation,  -O 
FAIL: objc/execute/protocol.m compilation,  -O 

		=== objc Summary for unix/-fPIC ===

# of expected passes		140
# of unexpected failures	3
# of untested testcases		3

Running target unix/-fpic
FAIL: objc/execute/formal_protocol-5.m compilation,  -O 
FAIL: objc/execute/formal_protocol-6.m compilation,  -O 
FAIL: objc/execute/protocol.m compilation,  -O 

		=== objc Summary for unix/-fpic ===

# of expected passes		140
# of unexpected failures	3
# of untested testcases		3

Running target unix
FAIL: objc/execute/formal_protocol-5.m compilation,  -O 
FAIL: objc/execute/formal_protocol-6.m compilation,  -O 
FAIL: objc/execute/protocol.m compilation,  -O 

		=== objc Summary for unix ===

# of expected passes		140
# of unexpected failures	3
# of untested testcases		3

		=== objc Summary ===

# of expected passes		420
# of unexpected failures	9
# of untested testcases		9
/home/ghazi/gcc-testing/build/gcc/xgcc version 3.1 20010315 (experimental)


Compiler version: 3.1 20010315 (experimental) 
Platform: i686-pc-linux-gnu
configure flags: --host=i686-pc-linux-gnu --verbose --enable-checking=misc,tree,rtl,gc


Index Nav: [Date Index] [Subject Index] [Author Index] [Thread Index]
Message Nav: [Date Prev] [Date Next] [Thread Prev] [Thread Next]