This is the mail archive of the gcc-testresults@gcc.gnu.org mailing list for the GCC project.


Index Nav: [Date Index] [Subject Index] [Author Index] [Thread Index]
Message Nav: [Date Prev] [Date Next] [Thread Prev] [Thread Next]

Results for 3.1 20010313 (experimental) testsuite on sparc-sun-solaris2.7


Native configuration is sparc-sun-solaris2.7

		=== libjava tests ===


Running target unix
FAIL: comment compilation from source
FAIL: comment byte compilation
FAIL: comment -O compilation from source
FAIL: comment byte compilation
FAIL: Where byte compilation
FAIL: Where byte compilation
FAIL: iface compilation from source
FAIL: iface byte compilation
FAIL: iface -O compilation from source
FAIL: iface byte compilation
FAIL: abstr compilation from source
FAIL: abstr byte compilation
FAIL: abstr -O compilation from source
FAIL: abstr byte compilation
FAIL: G19990225_01 compilation from source
FAIL: G19990225_01 byte compilation
FAIL: G19990225_01 -O compilation from source
FAIL: G19990225_01 byte compilation
FAIL: G19990210_3 compilation from source
FAIL: G19990210_3 byte compilation
FAIL: G19990210_3 -O compilation from source
FAIL: G19990210_3 byte compilation
FAIL: G19990210_2 compilation from source
FAIL: G19990210_2 byte compilation
FAIL: G19990210_2 -O compilation from source
FAIL: G19990210_2 byte compilation
FAIL: G19990210_1 compilation from source
FAIL: G19990210_1 byte compilation
FAIL: G19990210_1 -O compilation from source
FAIL: G19990210_1 byte compilation
FAIL: Statics compilation from source
FAIL: Statics byte compilation
FAIL: Statics -O compilation from source
FAIL: Statics byte compilation
FAIL: plusplus compilation from source
FAIL: plusplus byte compilation
FAIL: plusplus -O compilation from source
FAIL: plusplus byte compilation
FAIL: N19990317 compilation from source
FAIL: N19990317 byte compilation
FAIL: N19990317 -O compilation from source
FAIL: N19990317 byte compilation
FAIL: OperatorBenchmark compilation from source
FAIL: OperatorBenchmark byte compilation
FAIL: OperatorBenchmark -O compilation from source
FAIL: OperatorBenchmark byte compilation
FAIL: inner_inherit compilation from source
FAIL: inner_inherit byte compilation
FAIL: inner_inherit -O compilation from source
FAIL: inner_inherit byte compilation
FAIL: not_a_redef compilation from source
FAIL: not_a_redef byte compilation
FAIL: not_a_redef -O compilation from source
FAIL: not_a_redef byte compilation
FAIL: PR129_B compilation from source
FAIL: PR129_B byte compilation
FAIL: PR129_B -O compilation from source
FAIL: PR129_B byte compilation
FAIL: inner_priv compilation from source
FAIL: inner_priv byte compilation
FAIL: inner_priv -O compilation from source
FAIL: inner_priv byte compilation
FAIL: inner_data compilation from source
FAIL: inner_data byte compilation
FAIL: inner_data -O compilation from source
FAIL: inner_data byte compilation
FAIL: static_3 compilation from source
FAIL: static_3 byte compilation
FAIL: static_3 -O compilation from source
FAIL: static_3 byte compilation
FAIL: static_2 compilation from source
FAIL: static_2 byte compilation
FAIL: static_2 -O compilation from source
FAIL: static_2 byte compilation
FAIL: SuperConstr compilation from source
FAIL: SuperConstr byte compilation
FAIL: SuperConstr -O compilation from source
FAIL: SuperConstr byte compilation
FAIL: inner_1 byte compilation
FAIL: inner_1 byte compilation
FAIL: G19990217_02 compilation from source
FAIL: G19990217_02 byte compilation
FAIL: G19990217_02 -O compilation from source
FAIL: G19990217_02 byte compilation
FAIL: G19990217_01 compilation from source
FAIL: G19990217_01 byte compilation
FAIL: G19990217_01 -O compilation from source
FAIL: G19990217_01 byte compilation
FAIL: Twice compilation from source
FAIL: Twice byte compilation
FAIL: Twice -O compilation from source
FAIL: Twice byte compilation
FAIL: N19990310_01 compilation from source
FAIL: N19990310_01 byte compilation
FAIL: N19990310_01 -O compilation from source
FAIL: N19990310_01 byte compilation
FAIL: ArrayClass compilation from source
FAIL: ArrayClass byte compilation
FAIL: ArrayClass -O compilation from source
FAIL: ArrayClass byte compilation
FAIL: perc compilation from source
FAIL: perc byte compilation
FAIL: perc -O compilation from source
FAIL: perc byte compilation
FAIL: pr172 compilation from source
FAIL: pr172 byte compilation
FAIL: pr172 -O compilation from source
FAIL: pr172 byte compilation
FAIL: pr176 compilation from source
FAIL: pr176 byte compilation
FAIL: pr176 -O compilation from source
FAIL: pr176 byte compilation
FAIL: pr174 compilation from source
FAIL: pr174 byte compilation
FAIL: pr174 -O compilation from source
FAIL: pr174 byte compilation
FAIL: static_init2 compilation from source
FAIL: static_init2 byte compilation
FAIL: static_init2 -O compilation from source
FAIL: static_init2 byte compilation
FAIL: static_inner compilation from source
FAIL: static_inner byte compilation
FAIL: static_inner -O compilation from source
FAIL: static_inner byte compilation
FAIL: Case compilation from source
FAIL: Case byte compilation
FAIL: Case -O compilation from source
FAIL: Case byte compilation
FAIL: Semi compilation from source
FAIL: Semi byte compilation
FAIL: Semi -O compilation from source
FAIL: Semi byte compilation
FAIL: PR295 compilation from source
FAIL: PR295 byte compilation
FAIL: PR295 -O compilation from source
FAIL: PR295 byte compilation
FAIL: PR238 compilation from source
FAIL: PR238 byte compilation
FAIL: PR238 -O compilation from source
FAIL: PR238 byte compilation
FAIL: PR232 compilation from source
FAIL: PR232 byte compilation
FAIL: PR232 -O compilation from source
FAIL: PR232 byte compilation
FAIL: PR235 compilation from source
FAIL: PR235 byte compilation
FAIL: PR235 -O compilation from source
FAIL: PR235 byte compilation
FAIL: PR234 compilation from source
FAIL: PR234 byte compilation
FAIL: PR234 -O compilation from source
FAIL: PR234 byte compilation
FAIL: PR209 compilation from source
FAIL: PR209 byte compilation
FAIL: PR209 -O compilation from source
FAIL: PR209 byte compilation
FAIL: PR208 compilation from source
FAIL: PR208 byte compilation
FAIL: PR208 -O compilation from source
FAIL: PR208 byte compilation
FAIL: PR207 compilation from source
FAIL: PR207 byte compilation
FAIL: PR207 -O compilation from source
FAIL: PR207 byte compilation
FAIL: PR206 compilation from source
FAIL: PR206 byte compilation
FAIL: PR206 -O compilation from source
FAIL: PR206 byte compilation
FAIL: PR375 byte compilation
FAIL: PR375 byte compilation
FAIL: PR232B compilation from source
FAIL: PR232B byte compilation
FAIL: PR232B -O compilation from source
FAIL: PR232B byte compilation
FAIL: BlankFinal compilation from source
FAIL: BlankFinal byte compilation
FAIL: BlankFinal -O compilation from source
FAIL: BlankFinal byte compilation
FAIL: inner_pub compilation from source
FAIL: inner_pub byte compilation
FAIL: inner_pub -O compilation from source
FAIL: inner_pub byte compilation
FAIL: indirect_write compilation from source
FAIL: indirect_write byte compilation
FAIL: indirect_write -O compilation from source
FAIL: indirect_write byte compilation
FAIL: stringconst compilation from source
FAIL: stringconst byte compilation
FAIL: stringconst -O compilation from source
FAIL: stringconst byte compilation
FAIL: Thread_Alive compilation from source
FAIL: Thread_Alive byte compilation
FAIL: Thread_Alive -O compilation from source
FAIL: Thread_Alive byte compilation
FAIL: inner_array compilation from source
FAIL: inner_array byte compilation
FAIL: inner_array -O compilation from source
FAIL: inner_array byte compilation
FAIL: tp compilation from source
FAIL: tp byte compilation
FAIL: tp -O compilation from source
FAIL: tp byte compilation
FAIL: err1 compilation from source
FAIL: err1 byte compilation
FAIL: err1 -O compilation from source
FAIL: err1 byte compilation
FAIL: tmi compilation from source
FAIL: tmi byte compilation
FAIL: tmi -O compilation from source
FAIL: tmi byte compilation
FAIL: anon4 compilation from source
FAIL: anon4 byte compilation
FAIL: anon4 -O compilation from source
FAIL: anon4 byte compilation
FAIL: err2 compilation from source
FAIL: err2 byte compilation
FAIL: err2 -O compilation from source
FAIL: err2 byte compilation
FAIL: indirect compilation from source
FAIL: indirect byte compilation
FAIL: indirect -O compilation from source
FAIL: indirect byte compilation
FAIL: StringBuffer_1 compilation from source
FAIL: StringBuffer_1 byte compilation
FAIL: StringBuffer_1 -O compilation from source
FAIL: StringBuffer_1 byte compilation
FAIL: test_long compilation from source
FAIL: test_long byte compilation
FAIL: test_long -O compilation from source
FAIL: test_long byte compilation
FAIL: inner_interface compilation from source
FAIL: inner_interface byte compilation
FAIL: inner_interface -O compilation from source
FAIL: inner_interface byte compilation
FAIL: err3 compilation from source
FAIL: err3 byte compilation
FAIL: err3 -O compilation from source
FAIL: err3 byte compilation
FAIL: direct_write compilation from source
FAIL: direct_write byte compilation
FAIL: direct_write -O compilation from source
FAIL: direct_write byte compilation
FAIL: pr83 compilation from source
FAIL: pr83 byte compilation
FAIL: pr83 -O compilation from source
FAIL: pr83 byte compilation
FAIL: pr184 compilation from source
FAIL: pr184 byte compilation
FAIL: pr184 -O compilation from source
FAIL: pr184 byte compilation
FAIL: Shazam compilation from source
FAIL: Shazam byte compilation
FAIL: Shazam -O compilation from source
FAIL: Shazam byte compilation
FAIL: err12 compilation from source
FAIL: err12 byte compilation
FAIL: err12 -O compilation from source
FAIL: err12 byte compilation
FAIL: Thread_Sleep compilation from source
FAIL: Thread_Sleep byte compilation
FAIL: Thread_Sleep -O compilation from source
FAIL: Thread_Sleep byte compilation
FAIL: anon2 compilation from source
FAIL: anon2 byte compilation
FAIL: anon2 -O compilation from source
FAIL: anon2 byte compilation
FAIL: err4 compilation from source
FAIL: err4 byte compilation
FAIL: err4 -O compilation from source
FAIL: err4 byte compilation
FAIL: pr133 compilation from source
FAIL: pr133 byte compilation
FAIL: pr133 -O compilation from source
FAIL: pr133 byte compilation
FAIL: PR141 compilation from source
FAIL: PR141 byte compilation
FAIL: PR141 -O compilation from source
FAIL: PR141 byte compilation
FAIL: Primes compilation from source
FAIL: Primes byte compilation
FAIL: Primes -O compilation from source
FAIL: Primes byte compilation
FAIL: Invoke_2 compilation from source
FAIL: Invoke_2 byte compilation
FAIL: Invoke_2 -O compilation from source
FAIL: Invoke_2 byte compilation
FAIL: instinit2 compilation from source
FAIL: instinit2 byte compilation
FAIL: instinit2 -O compilation from source
FAIL: instinit2 byte compilation
FAIL: err13 compilation from source
FAIL: err13 byte compilation
FAIL: err13 -O compilation from source
FAIL: err13 byte compilation
FAIL: anon3 compilation from source
FAIL: anon3 byte compilation
FAIL: anon3 -O compilation from source
FAIL: anon3 byte compilation
FAIL: err5 compilation from source
FAIL: err5 byte compilation
FAIL: err5 -O compilation from source
FAIL: err5 byte compilation
FAIL: direct_read compilation from source
FAIL: direct_read byte compilation
FAIL: direct_read -O compilation from source
FAIL: direct_read byte compilation
FAIL: PR55 compilation from source
FAIL: PR55 byte compilation
FAIL: PR55 -O compilation from source
FAIL: PR55 byte compilation
FAIL: indirect_read compilation from source
FAIL: indirect_read byte compilation
FAIL: indirect_read -O compilation from source
FAIL: indirect_read byte compilation
FAIL: PR260 compilation from source
FAIL: PR260 byte compilation
FAIL: PR260 -O compilation from source
FAIL: PR260 byte compilation
FAIL: PR160 compilation from source
FAIL: PR160 byte compilation
FAIL: PR160 -O compilation from source
FAIL: PR160 byte compilation
FAIL: Array_2 compilation from source
FAIL: Array_2 byte compilation
FAIL: Array_2 -O compilation from source
FAIL: Array_2 byte compilation
FAIL: InterfaceDispatch compilation from source
FAIL: InterfaceDispatch byte compilation
FAIL: InterfaceDispatch -O compilation from source
FAIL: InterfaceDispatch byte compilation
FAIL: stringconst2 compilation from source
FAIL: stringconst2 byte compilation
FAIL: stringconst2 -O compilation from source
FAIL: stringconst2 byte compilation
FAIL: Thread_Wait compilation from source
FAIL: Thread_Wait byte compilation
FAIL: Thread_Wait -O compilation from source
FAIL: Thread_Wait byte compilation
FAIL: klass compilation from source
FAIL: klass byte compilation
FAIL: klass -O compilation from source
FAIL: klass byte compilation
FAIL: G19990302_02 compilation from source
FAIL: G19990302_02 byte compilation
FAIL: G19990302_02 -O compilation from source
FAIL: G19990302_02 byte compilation
FAIL: G19990303_02 compilation from source
FAIL: G19990303_02 byte compilation
FAIL: G19990303_02 -O compilation from source
FAIL: G19990303_02 byte compilation
FAIL: N19990310_02 compilation from source
FAIL: N19990310_02 byte compilation
FAIL: N19990310_02 -O compilation from source
FAIL: N19990310_02 byte compilation
FAIL: err10 compilation from source
FAIL: err10 byte compilation
FAIL: err10 -O compilation from source
FAIL: err10 byte compilation
FAIL: err6 compilation from source
FAIL: err6 byte compilation
FAIL: err6 -O compilation from source
FAIL: err6 byte compilation
FAIL: PR56 compilation from source
FAIL: PR56 byte compilation
FAIL: PR56 -O compilation from source
FAIL: PR56 byte compilation
FAIL: Throw_1 compilation from source
FAIL: Throw_1 byte compilation
FAIL: Throw_1 -O compilation from source
FAIL: Throw_1 byte compilation
FAIL: Array_1 compilation from source
FAIL: Array_1 byte compilation
FAIL: Array_1 -O compilation from source
FAIL: Array_1 byte compilation
FAIL: Thread_Wait_Interrupt compilation from source
FAIL: Thread_Wait_Interrupt byte compilation
FAIL: Thread_Wait_Interrupt -O compilation from source
FAIL: Thread_Wait_Interrupt byte compilation
FAIL: G19990304_01 compilation from source
FAIL: G19990304_01 byte compilation
FAIL: G19990304_01 -O compilation from source
FAIL: G19990304_01 byte compilation
FAIL: G19990303_01 compilation from source
FAIL: G19990303_01 byte compilation
FAIL: G19990303_01 -O compilation from source
FAIL: G19990303_01 byte compilation
FAIL: G19990301_01 compilation from source
FAIL: G19990301_01 byte compilation
FAIL: G19990301_01 -O compilation from source
FAIL: G19990301_01 byte compilation
FAIL: G19990310_01 compilation from source
FAIL: G19990310_01 byte compilation
FAIL: G19990310_01 -O compilation from source
FAIL: G19990310_01 byte compilation
FAIL: err11 compilation from source
FAIL: err11 byte compilation
FAIL: err11 -O compilation from source
FAIL: err11 byte compilation
FAIL: Thread_Interrupt compilation from source
FAIL: Thread_Interrupt byte compilation
FAIL: Thread_Interrupt -O compilation from source
FAIL: Thread_Interrupt byte compilation
FAIL: Class_1 compilation from source
FAIL: Class_1 byte compilation
FAIL: Class_1 -O compilation from source
FAIL: Class_1 byte compilation
FAIL: err7 compilation from source
FAIL: err7 byte compilation
FAIL: err7 -O compilation from source
FAIL: err7 byte compilation
FAIL: PR242 compilation from source
FAIL: PR242 byte compilation
FAIL: PR242 -O compilation from source
FAIL: PR242 byte compilation
FAIL: PR162 compilation from source
FAIL: PR162 byte compilation
FAIL: PR162 -O compilation from source
FAIL: PR162 byte compilation
FAIL: Invoke_1 compilation from source
FAIL: Invoke_1 byte compilation
FAIL: Invoke_1 -O compilation from source
FAIL: Invoke_1 byte compilation
FAIL: Float_1 compilation from source
FAIL: Float_1 byte compilation
FAIL: Float_1 -O compilation from source
FAIL: Float_1 byte compilation
FAIL: Divide_1 compilation from source
FAIL: Divide_1 byte compilation
FAIL: Divide_1 -O compilation from source
FAIL: Divide_1 byte compilation
FAIL: final_inner compilation from source
FAIL: final_inner byte compilation
FAIL: final_inner -O compilation from source
FAIL: final_inner byte compilation
FAIL: Final compilation from source
FAIL: Final byte compilation
FAIL: Final -O compilation from source
FAIL: Final byte compilation
FAIL: err8 compilation from source
FAIL: err8 byte compilation
FAIL: err8 -O compilation from source
FAIL: err8 byte compilation
FAIL: N19990310_3 compilation from source
FAIL: N19990310_3 byte compilation
FAIL: N19990310_3 -O compilation from source
FAIL: N19990310_3 byte compilation
FAIL: err9 compilation from source
FAIL: err9 byte compilation
FAIL: err9 -O compilation from source
FAIL: err9 byte compilation
FAIL: anfi compilation from source
FAIL: anfi byte compilation
FAIL: anfi -O compilation from source
FAIL: anfi byte compilation
FAIL: instance compilation from source
FAIL: instance byte compilation
FAIL: instance -O compilation from source
FAIL: instance byte compilation
FAIL: inner4 compilation from source
FAIL: inner4 byte compilation
FAIL: inner4 -O compilation from source
FAIL: inner4 byte compilation
FAIL: final_int compilation from source
FAIL: final_int byte compilation
FAIL: final_int -O compilation from source
FAIL: final_int byte compilation
FAIL: instinit compilation from source
FAIL: instinit byte compilation
FAIL: instinit -O compilation from source
FAIL: instinit byte compilation
FAIL: search_outer compilation from source
FAIL: search_outer byte compilation
FAIL: search_outer -O compilation from source
FAIL: search_outer byte compilation
FAIL: anonarray3 compilation from source
FAIL: anonarray3 byte compilation
FAIL: anonarray3 -O compilation from source
FAIL: anonarray3 byte compilation
FAIL: inner2 compilation from source
FAIL: inner2 byte compilation
FAIL: inner2 -O compilation from source
FAIL: inner2 byte compilation
FAIL: PR218 compilation from source
FAIL: PR218 byte compilation
FAIL: PR218 -O compilation from source
FAIL: PR218 byte compilation
FAIL: Synch compilation from source
FAIL: Synch byte compilation
FAIL: Synch -O compilation from source
FAIL: Synch byte compilation
FAIL: anonarray2 compilation from source
FAIL: anonarray2 byte compilation
FAIL: anonarray2 -O compilation from source
FAIL: anonarray2 byte compilation
FAIL: multiple_finit compilation from source
FAIL: multiple_finit byte compilation
FAIL: multiple_finit -O compilation from source
FAIL: multiple_finit byte compilation
FAIL: inner3 compilation from source
FAIL: inner3 byte compilation
FAIL: inner3 -O compilation from source
FAIL: inner3 byte compilation
FAIL: anon compilation from source
FAIL: anon byte compilation
FAIL: anon -O compilation from source
FAIL: anon byte compilation
FAIL: pr179 compilation from source
FAIL: pr179 byte compilation
FAIL: pr179 -O compilation from source
FAIL: pr179 byte compilation
FAIL: pr109 compilation from source
FAIL: pr109 byte compilation
FAIL: pr109 -O compilation from source
FAIL: pr109 byte compilation
FAIL: final_static_and_friend compilation from source
FAIL: final_static_and_friend byte compilation
FAIL: final_static_and_friend -O compilation from source
FAIL: final_static_and_friend byte compilation
FAIL: Thread_Wait_2 compilation from source
FAIL: Thread_Wait_2 byte compilation
FAIL: Thread_Wait_2 -O compilation from source
FAIL: Thread_Wait_2 byte compilation
FAIL: update_outer compilation from source
FAIL: update_outer byte compilation
FAIL: update_outer -O compilation from source
FAIL: update_outer byte compilation
FAIL: private_direct_read compilation from source
FAIL: private_direct_read byte compilation
FAIL: private_direct_read -O compilation from source
FAIL: private_direct_read byte compilation
FAIL: N19990310_5 compilation from source
FAIL: N19990310_5 byte compilation
FAIL: N19990310_5 -O compilation from source
FAIL: N19990310_5 byte compilation
FAIL: Thread_Monitor compilation from source
FAIL: Thread_Monitor byte compilation
FAIL: Thread_Monitor -O compilation from source
FAIL: Thread_Monitor byte compilation
FAIL: anonarray compilation from source
FAIL: anonarray byte compilation
FAIL: anonarray -O compilation from source
FAIL: anonarray byte compilation
FAIL: inner1 compilation from source
FAIL: inner1 byte compilation
FAIL: inner1 -O compilation from source
FAIL: inner1 byte compilation
FAIL: nested_with_ctor compilation from source
FAIL: nested_with_ctor byte compilation
FAIL: nested_with_ctor -O compilation from source
FAIL: nested_with_ctor byte compilation
FAIL: N19990310_4 compilation from source
FAIL: N19990310_4 byte compilation
FAIL: N19990310_4 -O compilation from source
FAIL: N19990310_4 byte compilation
FAIL: Thread_Join compilation from source
FAIL: Thread_Join byte compilation
FAIL: Thread_Join -O compilation from source
FAIL: Thread_Join byte compilation

		=== libjava Summary ===

# of expected passes		68
# of unexpected failures	558
# of expected failures		1106
		=== gcc tests ===


Running target unix/-fPIC
FAIL: gcc.c-torture/execute/950511-1.c execution,  -O1 
FAIL: gcc.c-torture/execute/960215-1.c execution,  -O1 
FAIL: gcc.c-torture/execute/960215-1.c execution,  -O2 
FAIL: gcc.c-torture/execute/960215-1.c execution,  -O3 -fomit-frame-pointer 
FAIL: gcc.c-torture/execute/960215-1.c execution,  -O3 -g 
FAIL: gcc.c-torture/execute/960215-1.c execution,  -Os 
FAIL: gcc.c-torture/execute/builtin-abs-1.c compilation,  -O1 
FAIL: gcc.c-torture/execute/builtin-abs-2.c compilation,  -O1 
FAIL: gcc.c-torture/execute/loop-8.c execution,  -O3 -fomit-frame-pointer 
FAIL: gcc.c-torture/execute/loop-8.c execution,  -O3 -fomit-frame-pointer -funroll-loops 
FAIL: gcc.c-torture/execute/loop-8.c execution,  -O3 -fomit-frame-pointer -funroll-all-loops -finline-functions 
FAIL: gcc.c-torture/execute/loop-8.c execution,  -O3 -g 
FAIL: gcc.c-torture/execute/regstack-1.c execution,  -O1 
FAIL: gcc.c-torture/execute/regstack-1.c execution,  -O2 
FAIL: gcc.c-torture/execute/regstack-1.c execution,  -O3 -fomit-frame-pointer 
FAIL: gcc.c-torture/execute/regstack-1.c execution,  -O3 -g 
FAIL: gcc.c-torture/execute/regstack-1.c execution,  -Os 
FAIL: gcc.dg/20001013-1.c (test for excess errors)
FAIL: gcc.dg/c99-float-1.c (test for excess errors)
FAIL: gcc.dg/ultrasp2.c (test for excess errors)
FAIL: gcc.misc-tests/gcov-1.c (test for excess errors)
FAIL: gcc.misc-tests/gcov-1.c execution test
FAIL: gcov-1.c:1:is 4:should be 11
FAIL: gcov-1.c:1:is 5:should be 10
FAIL: gcov-1.c:1:is 7:should be 1
FAIL: gcc.misc-tests/gcov-2.c (test for excess errors) (PRMS 8294)
FAIL: gcc.misc-tests/gcov-2.c execution test (PRMS 8294)

		=== gcc Summary for unix/-fPIC ===

# of expected passes		15026
# of unexpected failures	27
# of expected failures		87
# of unresolved testcases	5
# of unsupported tests		48

Running target unix/-fpic
FAIL: gcc.c-torture/execute/950511-1.c execution,  -O1 
FAIL: gcc.c-torture/execute/960215-1.c execution,  -O1 
FAIL: gcc.c-torture/execute/960215-1.c execution,  -O2 
FAIL: gcc.c-torture/execute/960215-1.c execution,  -O3 -fomit-frame-pointer 
FAIL: gcc.c-torture/execute/960215-1.c execution,  -O3 -g 
FAIL: gcc.c-torture/execute/960215-1.c execution,  -Os 
FAIL: gcc.c-torture/execute/builtin-abs-1.c compilation,  -O1 
FAIL: gcc.c-torture/execute/builtin-abs-2.c compilation,  -O1 
FAIL: gcc.c-torture/execute/regstack-1.c execution,  -O1 
FAIL: gcc.c-torture/execute/regstack-1.c execution,  -O2 
FAIL: gcc.c-torture/execute/regstack-1.c execution,  -O3 -fomit-frame-pointer 
FAIL: gcc.c-torture/execute/regstack-1.c execution,  -O3 -g 
FAIL: gcc.c-torture/execute/regstack-1.c execution,  -Os 
FAIL: gcc.dg/20001013-1.c (test for excess errors)
FAIL: gcc.dg/c99-float-1.c (test for excess errors)
FAIL: gcc.dg/ultrasp2.c (test for excess errors)
FAIL: gcc.misc-tests/gcov-1.c (test for excess errors)
FAIL: gcc.misc-tests/gcov-1.c execution test
FAIL: gcov-1.c:1:is 4:should be 11
FAIL: gcov-1.c:1:is 5:should be 10
FAIL: gcov-1.c:1:is 7:should be 1
FAIL: gcc.misc-tests/gcov-2.c (test for excess errors) (PRMS 8294)
FAIL: gcc.misc-tests/gcov-2.c execution test (PRMS 8294)

		=== gcc Summary for unix/-fpic ===

# of expected passes		15030
# of unexpected failures	23
# of expected failures		87
# of unresolved testcases	5
# of unsupported tests		48

Running target unix
FAIL: gcc.c-torture/execute/20010122-1.c execution,  -O3 -fomit-frame-pointer 
FAIL: gcc.c-torture/execute/20010122-1.c execution,  -O3 -fomit-frame-pointer -funroll-loops 
FAIL: gcc.c-torture/execute/20010122-1.c execution,  -O3 -fomit-frame-pointer -funroll-all-loops -finline-functions 
FAIL: gcc.c-torture/execute/20010122-1.c execution,  -O3 -g 
FAIL: gcc.c-torture/execute/950511-1.c execution,  -O1 
FAIL: gcc.c-torture/execute/960215-1.c execution,  -O1 
FAIL: gcc.c-torture/execute/960215-1.c execution,  -O2 
FAIL: gcc.c-torture/execute/960215-1.c execution,  -O3 -fomit-frame-pointer 
FAIL: gcc.c-torture/execute/960215-1.c execution,  -O3 -g 
FAIL: gcc.c-torture/execute/960215-1.c execution,  -Os 
FAIL: gcc.c-torture/execute/builtin-abs-1.c compilation,  -O1 
FAIL: gcc.c-torture/execute/builtin-abs-2.c compilation,  -O1 
FAIL: gcc.c-torture/execute/regstack-1.c execution,  -O1 
FAIL: gcc.c-torture/execute/regstack-1.c execution,  -O2 
FAIL: gcc.c-torture/execute/regstack-1.c execution,  -O3 -fomit-frame-pointer 
FAIL: gcc.c-torture/execute/regstack-1.c execution,  -O3 -g 
FAIL: gcc.c-torture/execute/regstack-1.c execution,  -Os 
FAIL: gcc.dg/20001013-1.c (test for excess errors)
FAIL: gcc.dg/c99-float-1.c (test for excess errors)
FAIL: gcc.dg/ultrasp2.c (test for excess errors)

		=== gcc Summary for unix ===

# of expected passes		15031
# of unexpected failures	20
# of expected failures		87
# of unresolved testcases	5
# of unsupported tests		48

		=== gcc Summary ===

# of expected passes		45087
# of unexpected failures	70
# of expected failures		261
# of unresolved testcases	15
# of unsupported tests		144
/teal/caip5/ghazi/gcc-testing/test/gcc/xgcc version 3.1 20010313 (experimental)

		=== g++ tests ===


Running target unix/-fPIC
FAIL: g++.dg/special/conpr-1.C execution test
FAIL: g++.dg/special/conpr-2.C execution test
FAIL: g++.dg/special/conpr-3.C execution test
FAIL: g++.dg/special/conpr-3.C execution test
FAIL: g++.ext/initp1.C  Execution test
FAIL: g++.ext/instantiate1.C not instantiated (test for errors, line 18)
FAIL: g++.ext/instantiate1.C not instantiated (test for errors, line 20)
FAIL: g++.ext/instantiate2.C not instantiated (test for errors, line 16)
FAIL: g++.ext/instantiate3.C not instantiated (test for errors, line 13)
FAIL: g++.law/cvt2.C (test for excess errors)
FAIL: g++.law/profile1.C (test for excess errors)
FAIL: g++.law/profile1.C  Execution test
FAIL: g++.other/crash18.C (test for excess errors)
FAIL: g++.other/op2.C (test for excess errors)
FAIL: g++.other/op3.C (test for excess errors)
FAIL: g++.pt/static11.C  Execution test
FAIL: g++.robertl/eb39.C (test for excess errors)
FAIL: g++.robertl/eb83.C (test for excess errors)
FAIL: g++.robertl/eb83.C  Execution test
FAIL: g++.robertl/eb91.C (test for excess errors)

		=== g++ Summary for unix/-fPIC ===

# of expected passes		6397
# of unexpected failures	20
# of expected failures		89
# of untested testcases		17

Running target unix/-fpic
FAIL: g++.dg/special/conpr-1.C execution test
FAIL: g++.dg/special/conpr-2.C execution test
FAIL: g++.dg/special/conpr-3.C execution test
FAIL: g++.dg/special/conpr-3.C execution test
FAIL: g++.ext/initp1.C  Execution test
FAIL: g++.ext/instantiate1.C not instantiated (test for errors, line 18)
FAIL: g++.ext/instantiate1.C not instantiated (test for errors, line 20)
FAIL: g++.ext/instantiate2.C not instantiated (test for errors, line 16)
FAIL: g++.ext/instantiate3.C not instantiated (test for errors, line 13)
FAIL: g++.law/cvt2.C (test for excess errors)
FAIL: g++.law/profile1.C (test for excess errors)
FAIL: g++.law/profile1.C  Execution test
FAIL: g++.other/crash18.C (test for excess errors)
FAIL: g++.other/op2.C (test for excess errors)
FAIL: g++.other/op3.C (test for excess errors)
FAIL: g++.pt/static11.C  Execution test
FAIL: g++.robertl/eb39.C (test for excess errors)
FAIL: g++.robertl/eb83.C (test for excess errors)
FAIL: g++.robertl/eb83.C  Execution test
FAIL: g++.robertl/eb91.C (test for excess errors)

		=== g++ Summary for unix/-fpic ===

# of expected passes		6397
# of unexpected failures	20
# of expected failures		89
# of untested testcases		17

Running target unix
FAIL: g++.dg/special/conpr-1.C execution test
FAIL: g++.dg/special/conpr-2.C execution test
FAIL: g++.dg/special/conpr-3.C execution test
FAIL: g++.dg/special/conpr-3.C execution test
FAIL: g++.ext/initp1.C  Execution test
FAIL: g++.ext/instantiate1.C not instantiated (test for errors, line 18)
FAIL: g++.ext/instantiate1.C not instantiated (test for errors, line 20)
FAIL: g++.ext/instantiate2.C not instantiated (test for errors, line 16)
FAIL: g++.ext/instantiate3.C not instantiated (test for errors, line 13)
FAIL: g++.law/cvt2.C (test for excess errors)
FAIL: g++.other/crash18.C (test for excess errors)
FAIL: g++.other/op2.C (test for excess errors)
FAIL: g++.other/op3.C (test for excess errors)
FAIL: g++.pt/static11.C  Execution test
FAIL: g++.robertl/eb39.C (test for excess errors)
FAIL: g++.robertl/eb91.C (test for excess errors)

		=== g++ Summary for unix ===

# of expected passes		6401
# of unexpected failures	16
# of expected failures		89
# of untested testcases		17

		=== g++ Summary ===

# of expected passes		19195
# of unexpected failures	56
# of expected failures		267
# of untested testcases		51
/teal/caip5/ghazi/gcc-testing/test/gcc/testsuite/../g++ version 3.1 20010313 (experimental)

		=== g77 tests ===


Running target unix/-fPIC

		=== g77 Summary for unix/-fPIC ===

# of expected passes		919
# of unsupported tests		8

Running target unix/-fpic

		=== g77 Summary for unix/-fpic ===

# of expected passes		919
# of unsupported tests		8

Running target unix

		=== g77 Summary for unix ===

# of expected passes		919
# of unsupported tests		8

		=== g77 Summary ===

# of expected passes		2757
# of unsupported tests		24
		=== objc tests ===


Running target unix/-fPIC
FAIL: objc/execute/IMP.m compilation,  -O 
FAIL: objc/execute/_cmd.m compilation,  -O 
FAIL: objc/execute/accessing_ivars.m compilation,  -O 
FAIL: objc/execute/bf-1.m compilation,  -O 
FAIL: objc/execute/bf-10.m compilation,  -O 
FAIL: objc/execute/bf-11.m compilation,  -O 
FAIL: objc/execute/bf-12.m compilation,  -O 
FAIL: objc/execute/bf-13.m compilation,  -O 
FAIL: objc/execute/bf-14.m compilation,  -O 
FAIL: objc/execute/bf-15.m compilation,  -O 
FAIL: objc/execute/bf-16.m compilation,  -O 
FAIL: objc/execute/bf-17.m compilation,  -O 
FAIL: objc/execute/bf-18.m compilation,  -O 
FAIL: objc/execute/bf-19.m compilation,  -O 
FAIL: objc/execute/bf-2.m compilation,  -O 
FAIL: objc/execute/bf-20.m compilation,  -O 
FAIL: objc/execute/bf-3.m compilation,  -O 
FAIL: objc/execute/bf-4.m compilation,  -O 
FAIL: objc/execute/bf-5.m compilation,  -O 
FAIL: objc/execute/bf-6.m compilation,  -O 
FAIL: objc/execute/bf-7.m compilation,  -O 
FAIL: objc/execute/bf-8.m compilation,  -O 
FAIL: objc/execute/bf-9.m compilation,  -O 
FAIL: objc/execute/bycopy-1.m compilation,  -O 
FAIL: objc/execute/bycopy-2.m compilation,  -O 
FAIL: objc/execute/bycopy-3.m compilation,  -O 
FAIL: objc/execute/class-1.m compilation,  -O 
FAIL: objc/execute/class-10.m compilation,  -O 
FAIL: objc/execute/class-11.m compilation,  -O 
FAIL: objc/execute/class-12.m compilation,  -O 
FAIL: objc/execute/class-13.m compilation,  -O 
FAIL: objc/execute/class-14.m compilation,  -O 
FAIL: objc/execute/class-2.m compilation,  -O 
FAIL: objc/execute/class-3.m compilation,  -O 
FAIL: objc/execute/class-4.m compilation,  -O 
FAIL: objc/execute/class-5.m compilation,  -O 
FAIL: objc/execute/class-6.m compilation,  -O 
FAIL: objc/execute/class-7.m compilation,  -O 
FAIL: objc/execute/class-8.m compilation,  -O 
FAIL: objc/execute/class-9.m compilation,  -O 
FAIL: objc/execute/compatibility_alias.m compilation,  -O 
FAIL: objc/execute/fdecl.m compilation,  -O 
FAIL: objc/execute/formal_protocol-1.m compilation,  -O 
FAIL: objc/execute/formal_protocol-2.m compilation,  -O 
FAIL: objc/execute/formal_protocol-3.m compilation,  -O 
FAIL: objc/execute/formal_protocol-4.m compilation,  -O 
FAIL: objc/execute/formal_protocol-5.m compilation,  -O 
FAIL: objc/execute/formal_protocol-6.m compilation,  -O 
FAIL: objc/execute/formal_protocol-7.m compilation,  -O 
FAIL: objc/execute/initialize.m compilation,  -O 
FAIL: objc/execute/load.m compilation,  -O 
FAIL: objc/execute/many_args_method.m compilation,  -O 
FAIL: objc/execute/nested-3.m compilation,  -O 
FAIL: objc/execute/no_clash.m compilation,  -O 
FAIL: objc/execute/np-1.m compilation,  -O 
FAIL: objc/execute/np-2.m compilation,  -O 
FAIL: objc/execute/private.m compilation,  -O 
FAIL: objc/execute/protocol.m compilation,  -O 
FAIL: objc/execute/redefining_self.m compilation,  -O 
FAIL: objc/execute/root_methods.m compilation,  -O 
FAIL: objc/execute/selector-1.m compilation,  -O 
FAIL: objc/execute/static-1.m compilation,  -O 
FAIL: objc/execute/static-2.m compilation,  -O 
FAIL: objc/execute/string1.m compilation,  -O 
FAIL: objc/execute/string2.m compilation,  -O 
FAIL: objc/execute/string3.m compilation,  -O 
FAIL: objc/execute/string4.m compilation,  -O 
FAIL: objc/execute/va_method.m compilation,  -O 

		=== objc Summary for unix/-fPIC ===

# of expected passes		10
# of unexpected failures	68
# of untested testcases		68

Running target unix/-fpic
FAIL: objc/execute/IMP.m compilation,  -O 
FAIL: objc/execute/_cmd.m compilation,  -O 
FAIL: objc/execute/accessing_ivars.m compilation,  -O 
FAIL: objc/execute/bf-1.m compilation,  -O 
FAIL: objc/execute/bf-10.m compilation,  -O 
FAIL: objc/execute/bf-11.m compilation,  -O 
FAIL: objc/execute/bf-12.m compilation,  -O 
FAIL: objc/execute/bf-13.m compilation,  -O 
FAIL: objc/execute/bf-14.m compilation,  -O 
FAIL: objc/execute/bf-15.m compilation,  -O 
FAIL: objc/execute/bf-16.m compilation,  -O 
FAIL: objc/execute/bf-17.m compilation,  -O 
FAIL: objc/execute/bf-18.m compilation,  -O 
FAIL: objc/execute/bf-19.m compilation,  -O 
FAIL: objc/execute/bf-2.m compilation,  -O 
FAIL: objc/execute/bf-20.m compilation,  -O 
FAIL: objc/execute/bf-3.m compilation,  -O 
FAIL: objc/execute/bf-4.m compilation,  -O 
FAIL: objc/execute/bf-5.m compilation,  -O 
FAIL: objc/execute/bf-6.m compilation,  -O 
FAIL: objc/execute/bf-7.m compilation,  -O 
FAIL: objc/execute/bf-8.m compilation,  -O 
FAIL: objc/execute/bf-9.m compilation,  -O 
FAIL: objc/execute/bycopy-1.m compilation,  -O 
FAIL: objc/execute/bycopy-2.m compilation,  -O 
FAIL: objc/execute/bycopy-3.m compilation,  -O 
FAIL: objc/execute/class-1.m compilation,  -O 
FAIL: objc/execute/class-10.m compilation,  -O 
FAIL: objc/execute/class-11.m compilation,  -O 
FAIL: objc/execute/class-12.m compilation,  -O 
FAIL: objc/execute/class-13.m compilation,  -O 
FAIL: objc/execute/class-14.m compilation,  -O 
FAIL: objc/execute/class-2.m compilation,  -O 
FAIL: objc/execute/class-3.m compilation,  -O 
FAIL: objc/execute/class-4.m compilation,  -O 
FAIL: objc/execute/class-5.m compilation,  -O 
FAIL: objc/execute/class-6.m compilation,  -O 
FAIL: objc/execute/class-7.m compilation,  -O 
FAIL: objc/execute/class-8.m compilation,  -O 
FAIL: objc/execute/class-9.m compilation,  -O 
FAIL: objc/execute/compatibility_alias.m compilation,  -O 
FAIL: objc/execute/fdecl.m compilation,  -O 
FAIL: objc/execute/formal_protocol-1.m compilation,  -O 
FAIL: objc/execute/formal_protocol-2.m compilation,  -O 
FAIL: objc/execute/formal_protocol-3.m compilation,  -O 
FAIL: objc/execute/formal_protocol-4.m compilation,  -O 
FAIL: objc/execute/formal_protocol-5.m compilation,  -O 
FAIL: objc/execute/formal_protocol-6.m compilation,  -O 
FAIL: objc/execute/formal_protocol-7.m compilation,  -O 
FAIL: objc/execute/initialize.m compilation,  -O 
FAIL: objc/execute/load.m compilation,  -O 
FAIL: objc/execute/many_args_method.m compilation,  -O 
FAIL: objc/execute/nested-3.m compilation,  -O 
FAIL: objc/execute/no_clash.m compilation,  -O 
FAIL: objc/execute/np-1.m compilation,  -O 
FAIL: objc/execute/np-2.m compilation,  -O 
FAIL: objc/execute/private.m compilation,  -O 
FAIL: objc/execute/protocol.m compilation,  -O 
FAIL: objc/execute/redefining_self.m compilation,  -O 
FAIL: objc/execute/root_methods.m compilation,  -O 
FAIL: objc/execute/selector-1.m compilation,  -O 
FAIL: objc/execute/static-1.m compilation,  -O 
FAIL: objc/execute/static-2.m compilation,  -O 
FAIL: objc/execute/string1.m compilation,  -O 
FAIL: objc/execute/string2.m compilation,  -O 
FAIL: objc/execute/string3.m compilation,  -O 
FAIL: objc/execute/string4.m compilation,  -O 
FAIL: objc/execute/va_method.m compilation,  -O 

		=== objc Summary for unix/-fpic ===

# of expected passes		10
# of unexpected failures	68
# of untested testcases		68

Running target unix
FAIL: objc/execute/IMP.m compilation,  -O 
FAIL: objc/execute/_cmd.m compilation,  -O 
FAIL: objc/execute/accessing_ivars.m compilation,  -O 
FAIL: objc/execute/bf-1.m compilation,  -O 
FAIL: objc/execute/bf-10.m compilation,  -O 
FAIL: objc/execute/bf-11.m compilation,  -O 
FAIL: objc/execute/bf-12.m compilation,  -O 
FAIL: objc/execute/bf-13.m compilation,  -O 
FAIL: objc/execute/bf-14.m compilation,  -O 
FAIL: objc/execute/bf-15.m compilation,  -O 
FAIL: objc/execute/bf-16.m compilation,  -O 
FAIL: objc/execute/bf-17.m compilation,  -O 
FAIL: objc/execute/bf-18.m compilation,  -O 
FAIL: objc/execute/bf-19.m compilation,  -O 
FAIL: objc/execute/bf-2.m compilation,  -O 
FAIL: objc/execute/bf-20.m compilation,  -O 
FAIL: objc/execute/bf-3.m compilation,  -O 
FAIL: objc/execute/bf-4.m compilation,  -O 
FAIL: objc/execute/bf-5.m compilation,  -O 
FAIL: objc/execute/bf-6.m compilation,  -O 
FAIL: objc/execute/bf-7.m compilation,  -O 
FAIL: objc/execute/bf-8.m compilation,  -O 
FAIL: objc/execute/bf-9.m compilation,  -O 
FAIL: objc/execute/bycopy-1.m compilation,  -O 
FAIL: objc/execute/bycopy-2.m compilation,  -O 
FAIL: objc/execute/bycopy-3.m compilation,  -O 
FAIL: objc/execute/class-1.m compilation,  -O 
FAIL: objc/execute/class-10.m compilation,  -O 
FAIL: objc/execute/class-11.m compilation,  -O 
FAIL: objc/execute/class-12.m compilation,  -O 
FAIL: objc/execute/class-13.m compilation,  -O 
FAIL: objc/execute/class-14.m compilation,  -O 
FAIL: objc/execute/class-2.m compilation,  -O 
FAIL: objc/execute/class-3.m compilation,  -O 
FAIL: objc/execute/class-4.m compilation,  -O 
FAIL: objc/execute/class-5.m compilation,  -O 
FAIL: objc/execute/class-6.m compilation,  -O 
FAIL: objc/execute/class-7.m compilation,  -O 
FAIL: objc/execute/class-8.m compilation,  -O 
FAIL: objc/execute/class-9.m compilation,  -O 
FAIL: objc/execute/compatibility_alias.m compilation,  -O 
FAIL: objc/execute/fdecl.m compilation,  -O 
FAIL: objc/execute/formal_protocol-1.m compilation,  -O 
FAIL: objc/execute/formal_protocol-2.m compilation,  -O 
FAIL: objc/execute/formal_protocol-3.m compilation,  -O 
FAIL: objc/execute/formal_protocol-4.m compilation,  -O 
FAIL: objc/execute/formal_protocol-5.m compilation,  -O 
FAIL: objc/execute/formal_protocol-6.m compilation,  -O 
FAIL: objc/execute/formal_protocol-7.m compilation,  -O 
FAIL: objc/execute/initialize.m compilation,  -O 
FAIL: objc/execute/load.m compilation,  -O 
FAIL: objc/execute/many_args_method.m compilation,  -O 
FAIL: objc/execute/nested-3.m compilation,  -O 
FAIL: objc/execute/no_clash.m compilation,  -O 
FAIL: objc/execute/np-1.m compilation,  -O 
FAIL: objc/execute/np-2.m compilation,  -O 
FAIL: objc/execute/private.m compilation,  -O 
FAIL: objc/execute/protocol.m compilation,  -O 
FAIL: objc/execute/redefining_self.m compilation,  -O 
FAIL: objc/execute/root_methods.m compilation,  -O 
FAIL: objc/execute/selector-1.m compilation,  -O 
FAIL: objc/execute/static-1.m compilation,  -O 
FAIL: objc/execute/static-2.m compilation,  -O 
FAIL: objc/execute/string1.m compilation,  -O 
FAIL: objc/execute/string2.m compilation,  -O 
FAIL: objc/execute/string3.m compilation,  -O 
FAIL: objc/execute/string4.m compilation,  -O 
FAIL: objc/execute/va_method.m compilation,  -O 

		=== objc Summary for unix ===

# of expected passes		10
# of unexpected failures	68
# of untested testcases		68

		=== objc Summary ===

# of expected passes		30
# of unexpected failures	204
# of untested testcases		204
/teal/caip5/ghazi/gcc-testing/test/gcc/xgcc version 3.1 20010313 (experimental)


Compiler version: 3.1 20010313 (experimental) 
Platform: sparc-sun-solaris2.7
configure flags: --host=sparc-sun-solaris2.7 --verbose
BOOT_CFLAGS=-g -O2 -W -Wall -Wstrict-prototypes -Wmissing-prototypes -Wmissing-declarations -Wwrite-strings -Wmissing-noreturn -Wcast-qual -Wbad-function-cast -Wpointer-arith -Wfloat-equal -Wformat=2 -Wmissing-format-attribute


Index Nav: [Date Index] [Subject Index] [Author Index] [Thread Index]
Message Nav: [Date Prev] [Date Next] [Thread Prev] [Thread Next]