This is the mail archive of the gcc-testresults@gcc.gnu.org mailing list for the GCC project.


Index Nav: [Date Index] [Subject Index] [Author Index] [Thread Index]
Message Nav: [Date Prev] [Date Next] [Thread Prev] [Thread Next]

Results for 3.0 20010312 (prerelease) testsuite on sparc-sun-solaris2.6


Native configuration is sparc-sun-solaris2.6

		=== binutils tests ===


Running target unix

		=== binutils Summary ===

# of expected passes		26
		=== g++ tests ===


Running target unix
FAIL: conpr-1.C
FAIL: g++.ext/instantiate1.C not instantiated (test for errors, line 18)
FAIL: g++.ext/instantiate1.C not instantiated (test for errors, line 20)
FAIL: g++.other/crash31.C parse error (test for errors, line 11)
FAIL: g++.other/crash31.C (test for excess errors)
FAIL: g++.pt/static11.C  Execution test
FAIL: g++.robertl/eb132.C (test for excess errors)
FAIL: g++.robertl/eb39.C (test for excess errors)
FAIL: g++.robertl/eb73.C (test for excess errors)
FAIL: g++.robertl/eb91.C (test for excess errors)

		=== g++ Summary ===

# of expected passes		6403
# of unexpected failures	10
# of expected failures		87
# of untested testcases		17
/tmp/egcs/gcc/testsuite/../g++ version 3.0 20010312 (prerelease)

		=== g77 tests ===


Running target unix

		=== g77 Summary ===

# of expected passes		919
# of unsupported tests		8
		=== gas tests ===


Running target unix

		=== gas Summary ===

# of expected passes		73
		=== gcc tests ===


Running target unix
FAIL: gcc.c-torture/execute/20010122-1.c execution,  -O3 -fomit-frame-pointer 
FAIL: gcc.c-torture/execute/20010122-1.c execution,  -O3 -fomit-frame-pointer -funroll-loops 
FAIL: gcc.c-torture/execute/20010122-1.c execution,  -O3 -fomit-frame-pointer -funroll-all-loops -finline-functions 
FAIL: gcc.c-torture/execute/20010122-1.c execution,  -O3 -g 
FAIL: gcc.c-torture/execute/20010123-1.c execution,  -O0 
FAIL: gcc.c-torture/execute/20010123-1.c execution,  -O1 
FAIL: gcc.c-torture/execute/20010123-1.c execution,  -O2 
FAIL: gcc.c-torture/execute/20010123-1.c execution,  -O3 -fomit-frame-pointer 
FAIL: gcc.c-torture/execute/20010123-1.c execution,  -O3 -fomit-frame-pointer -funroll-loops 
FAIL: gcc.c-torture/execute/20010123-1.c execution,  -O3 -fomit-frame-pointer -funroll-all-loops -finline-functions 
FAIL: gcc.c-torture/execute/20010123-1.c execution,  -O3 -g 
FAIL: gcc.c-torture/execute/20010123-1.c execution,  -Os 
FAIL: gcc.c-torture/execute/20010124-1.c execution,  -O0 
FAIL: gcc.c-torture/execute/20010124-1.c execution,  -O1 
FAIL: gcc.c-torture/execute/20010124-1.c execution,  -O2 
FAIL: gcc.c-torture/execute/20010124-1.c execution,  -O3 -fomit-frame-pointer 
FAIL: gcc.c-torture/execute/20010124-1.c execution,  -O3 -g 
FAIL: gcc.c-torture/execute/20010124-1.c execution,  -Os 
FAIL: gcc.c-torture/execute/950511-1.c execution,  -O1 
FAIL: gcc.c-torture/execute/960215-1.c execution,  -O1 
FAIL: gcc.c-torture/execute/960215-1.c execution,  -O2 
FAIL: gcc.c-torture/execute/960215-1.c execution,  -O3 -fomit-frame-pointer 
FAIL: gcc.c-torture/execute/960215-1.c execution,  -O3 -g 
FAIL: gcc.c-torture/execute/960215-1.c execution,  -Os 
FAIL: gcc.c-torture/execute/builtin-abs-1.c compilation,  -O1 
FAIL: gcc.c-torture/execute/builtin-abs-2.c compilation,  -O1 
FAIL: gcc.c-torture/execute/regstack-1.c execution,  -O1 
FAIL: gcc.c-torture/execute/regstack-1.c execution,  -O2 
FAIL: gcc.c-torture/execute/regstack-1.c execution,  -O3 -fomit-frame-pointer 
FAIL: gcc.c-torture/execute/regstack-1.c execution,  -O3 -g 
FAIL: gcc.c-torture/execute/regstack-1.c execution,  -Os 
FAIL: gcc.dg/20001013-1.c (test for excess errors)
FAIL: gcc.dg/c99-float-1.c (test for excess errors)
FAIL: gcc.dg/sequence-pt-1.c sequence point warning (test for warnings, line 59)

		=== gcc Summary ===

# of expected passes		14964
# of unexpected failures	34
# of expected failures		72
# of unresolved testcases	2
# of unsupported tests		47
/tmp/egcs/gcc/xgcc version 3.0 20010312 (prerelease)

		=== ld tests ===


Running target unix
FAIL: cdtest
FAIL: cdtest with -Ur
FAIL: selective4
XPASS: selective6
FAIL: shared (non PIC, load offset)

		=== ld Summary ===

# of expected passes		51
# of unexpected failures	4
# of unexpected successes	1
		=== objc tests ===


Running target unix
FAIL: objc/execute/IMP.m compilation,  -O 
FAIL: objc/execute/_cmd.m compilation,  -O 
FAIL: objc/execute/accessing_ivars.m compilation,  -O 
FAIL: objc/execute/bf-1.m compilation,  -O 
FAIL: objc/execute/bf-10.m compilation,  -O 
FAIL: objc/execute/bf-11.m compilation,  -O 
FAIL: objc/execute/bf-12.m compilation,  -O 
FAIL: objc/execute/bf-13.m compilation,  -O 
FAIL: objc/execute/bf-14.m compilation,  -O 
FAIL: objc/execute/bf-15.m compilation,  -O 
FAIL: objc/execute/bf-16.m compilation,  -O 
FAIL: objc/execute/bf-17.m compilation,  -O 
FAIL: objc/execute/bf-18.m compilation,  -O 
FAIL: objc/execute/bf-19.m compilation,  -O 
FAIL: objc/execute/bf-2.m compilation,  -O 
FAIL: objc/execute/bf-20.m compilation,  -O 
FAIL: objc/execute/bf-3.m compilation,  -O 
FAIL: objc/execute/bf-4.m compilation,  -O 
FAIL: objc/execute/bf-5.m compilation,  -O 
FAIL: objc/execute/bf-6.m compilation,  -O 
FAIL: objc/execute/bf-7.m compilation,  -O 
FAIL: objc/execute/bf-8.m compilation,  -O 
FAIL: objc/execute/bf-9.m compilation,  -O 
FAIL: objc/execute/bycopy-1.m compilation,  -O 
FAIL: objc/execute/bycopy-2.m compilation,  -O 
FAIL: objc/execute/bycopy-3.m compilation,  -O 
FAIL: objc/execute/class-1.m compilation,  -O 
FAIL: objc/execute/class-10.m compilation,  -O 
FAIL: objc/execute/class-11.m compilation,  -O 
FAIL: objc/execute/class-12.m compilation,  -O 
FAIL: objc/execute/class-13.m compilation,  -O 
FAIL: objc/execute/class-14.m compilation,  -O 
FAIL: objc/execute/class-2.m compilation,  -O 
FAIL: objc/execute/class-3.m compilation,  -O 
FAIL: objc/execute/class-4.m compilation,  -O 
FAIL: objc/execute/class-5.m compilation,  -O 
FAIL: objc/execute/class-6.m compilation,  -O 
FAIL: objc/execute/class-7.m compilation,  -O 
FAIL: objc/execute/class-8.m compilation,  -O 
FAIL: objc/execute/class-9.m compilation,  -O 
FAIL: objc/execute/compatibility_alias.m compilation,  -O 
FAIL: objc/execute/encode-1.m compilation,  -O 
FAIL: objc/execute/fdecl.m compilation,  -O 
FAIL: objc/execute/formal_protocol-1.m compilation,  -O 
FAIL: objc/execute/formal_protocol-2.m compilation,  -O 
FAIL: objc/execute/formal_protocol-3.m compilation,  -O 
FAIL: objc/execute/formal_protocol-4.m compilation,  -O 
FAIL: objc/execute/formal_protocol-5.m compilation,  -O 
FAIL: objc/execute/formal_protocol-6.m compilation,  -O 
FAIL: objc/execute/formal_protocol-7.m compilation,  -O 
FAIL: objc/execute/informal_protocol.m compilation,  -O 
FAIL: objc/execute/initialize.m compilation,  -O 
FAIL: objc/execute/load.m compilation,  -O 
FAIL: objc/execute/many_args_method.m compilation,  -O 
FAIL: objc/execute/nested-1.m compilation,  -O 
FAIL: objc/execute/nested-2.m compilation,  -O 
FAIL: objc/execute/nested-3.m compilation,  -O 
FAIL: objc/execute/no_clash.m compilation,  -O 
FAIL: objc/execute/np-1.m compilation,  -O 
FAIL: objc/execute/np-2.m compilation,  -O 
FAIL: objc/execute/paste.m compilation,  -O 
FAIL: objc/execute/private.m compilation,  -O 
FAIL: objc/execute/protocol.m compilation,  -O 
FAIL: objc/execute/redefining_self.m compilation,  -O 
FAIL: objc/execute/root_methods.m compilation,  -O 
FAIL: objc/execute/selector-1.m compilation,  -O 
FAIL: objc/execute/static-1.m compilation,  -O 
FAIL: objc/execute/static-2.m compilation,  -O 
FAIL: objc/execute/string1.m compilation,  -O 
FAIL: objc/execute/string2.m compilation,  -O 
FAIL: objc/execute/string3.m compilation,  -O 
FAIL: objc/execute/string4.m compilation,  -O 
FAIL: objc/execute/va_method.m compilation,  -O 

		=== objc Summary ===

# of unexpected failures	73
# of untested testcases		73
/tmp/egcs/gcc/xgcc version 3.0 20010312 (prerelease)


Compiler version: 3.0 20010312 (prerelease) 
Platform: sparc-sun-solaris2.6

BOOT_CFLAGS: -g -O9 -W -Wall

Counting all warnings,
there are 225 warnings in stage3 of this bootstrap.

Number of warnings per file:
     82	gcc/gcc.c
     29	gcc/combine.c
     23	gcc/f/lang-specs.h
     17	gcc/cp/lang-specs.h
      9	gcc/objc/lang-specs.h
      6	gcc/frame-dwarf2.c
      6	gcc/cse.c
      6	gcc/cp/pt.c
      5	gcc/reload1.c
      5	gcc/libgcc2.c
      5	gcc/expr.c
      5	gcc/cp/error.c
      4	gcc/cp/call.c
      4	gcc/config/sparc/sparc.c
      2	hashtab.c
      2	gcc/reload.c
      2	gcc/function.c
      2	gcc/fold-const.c
      2	gcc/alias.c
      1	gcc/sched-deps.c
      1	gcc/regmove.c
      1	gcc/flow.c
      1	gcc/final.c
      1	gcc/expmed.c
      1	gcc/dwarfout.c
      1	gcc/cp/init.c
      1	gcc/cp/errfn.c
      1	gcc/cp/decl.c

Number of warning types:
     67	(near initialization for `???')
     64	missing initializer
     52	comparison between signed and unsigned
     11	signed and unsigned type in conditional expression
      9	`???' might be used uninitialized in this function
      7	string length `???' is greater than the length `???' ISO C89 compilers are required to support
      5	initialization from incompatible pointer type
      3	missing braces around initializer
      2	function declaration isn't a prototype
      1	pointer targets in passing arg ??? of `???' differ in signedness
      1	passing arg ??? of `???' discards qualifiers from pointer target type
      1	integer constant is unsigned in ISO C, signed with -traditional
      1	implicit declaration of function `???'
      1	decimal constant is so large that it is unsigned


Index Nav: [Date Index] [Subject Index] [Author Index] [Thread Index]
Message Nav: [Date Prev] [Date Next] [Thread Prev] [Thread Next]