This is the mail archive of the gcc-testresults@gcc.gnu.org mailing list for the GCC project.


Index Nav: [Date Index] [Subject Index] [Author Index] [Thread Index]
Message Nav: [Date Prev] [Date Next] [Thread Prev] [Thread Next]

Results for 2.95.3 20010312 (prerelease) testsuite on i686-UnixWare7.1.0-sysv5


Native configuration is i686-UnixWare7.1.0-sysv5

		=== libio tests ===


Running target unix

		=== libio Summary for unix ===

# of expected passes		40

Running target unix/-march=i486

		=== libio Summary for unix/-march=i486 ===

# of expected passes		40

Running target unix/-march=i386

		=== libio Summary for unix/-march=i386 ===

# of expected passes		40

		=== libio Summary ===

# of expected passes		120
		=== libstdc++ tests ===


Running target unix

		=== libstdc++ Summary for unix ===

# of expected passes		30

Running target unix/-march=i486

		=== libstdc++ Summary for unix/-march=i486 ===

# of expected passes		30

Running target unix/-march=i386

		=== libstdc++ Summary for unix/-march=i386 ===

# of expected passes		30

		=== libstdc++ Summary ===

# of expected passes		90
		=== gcc tests ===


Running target unix
FAIL: gcc.c-torture/compile/20000105-1.c,  -O1  
FAIL: gcc.c-torture/compile/20000314-2.c,  -O0  
FAIL: gcc.c-torture/compile/20000314-2.c,  -O1  
FAIL: gcc.c-torture/compile/20000314-2.c,  -O2  
FAIL: gcc.c-torture/compile/20000314-2.c,  -O3 -fomit-frame-pointer  
FAIL: gcc.c-torture/compile/20000314-2.c,  -O3 -g  
FAIL: gcc.c-torture/compile/20000314-2.c,  -Os  
FAIL: gcc.c-torture/compile/20000329-1.c,  -O3 -fomit-frame-pointer -funroll-loops  
FAIL: gcc.c-torture/compile/20000329-1.c,  -O3 -fomit-frame-pointer -funroll-all-loops -finline-functions  
FAIL: gcc.c-torture/compile/20000804-1.c,  -O1  
FAIL: gcc.c-torture/compile/20000804-1.c,  -O2  
FAIL: gcc.c-torture/compile/20000804-1.c,  -O3 -fomit-frame-pointer  
FAIL: gcc.c-torture/compile/20000804-1.c,  -O3 -g  
FAIL: gcc.c-torture/compile/20000804-1.c,  -Os  
FAIL: gcc.c-torture/compile/20000818-1.c,  -O0  
FAIL: gcc.c-torture/compile/20000818-1.c,  -O1  
FAIL: gcc.c-torture/compile/20000818-1.c,  -O2  
FAIL: gcc.c-torture/compile/20000818-1.c,  -O3 -fomit-frame-pointer  
FAIL: gcc.c-torture/compile/20000818-1.c,  -O3 -g  
FAIL: gcc.c-torture/compile/20000818-1.c,  -Os  
FAIL: gcc.c-torture/compile/20001109-1.c,  -O0  
FAIL: gcc.c-torture/compile/20001109-1.c,  -O1  
FAIL: gcc.c-torture/compile/20001109-1.c,  -O2  
FAIL: gcc.c-torture/compile/20001109-1.c,  -O3 -fomit-frame-pointer  
FAIL: gcc.c-torture/compile/20001109-1.c,  -O3 -g  
FAIL: gcc.c-torture/compile/20001109-1.c,  -Os  
FAIL: gcc.c-torture/compile/20001123-1.c,  -O0  
FAIL: gcc.c-torture/compile/20001123-1.c,  -O1  
FAIL: gcc.c-torture/compile/20001123-1.c,  -O2  
FAIL: gcc.c-torture/compile/20001123-1.c,  -O3 -fomit-frame-pointer  
FAIL: gcc.c-torture/compile/20001123-1.c,  -O3 -g  
FAIL: gcc.c-torture/compile/20001123-1.c,  -Os  
FAIL: gcc.c-torture/compile/990928-1.c,  -O3 -g  
FAIL: gcc.c-torture/compile/991229-3.c,  -O3 -fomit-frame-pointer -funroll-loops  
FAIL: gcc.c-torture/compile/991229-3.c,  -O3 -fomit-frame-pointer -funroll-all-loops -finline-functions  
FAIL: gcc.c-torture/execute/20000402-1.c execution,  -O0 
FAIL: gcc.c-torture/execute/20000402-1.c execution,  -O1 
FAIL: gcc.c-torture/execute/20000402-1.c execution,  -O2 
FAIL: gcc.c-torture/execute/20000402-1.c execution,  -O3 -fomit-frame-pointer 
FAIL: gcc.c-torture/execute/20000402-1.c execution,  -O3 -g 
FAIL: gcc.c-torture/execute/20000402-1.c execution,  -Os 
FAIL: gcc.c-torture/execute/20000412-2.c execution,  -O1 
FAIL: gcc.c-torture/execute/20000412-2.c execution,  -O2 
FAIL: gcc.c-torture/execute/20000412-2.c execution,  -O3 -fomit-frame-pointer 
FAIL: gcc.c-torture/execute/20000412-2.c execution,  -O3 -g 
FAIL: gcc.c-torture/execute/20000412-2.c execution,  -Os 
FAIL: gcc.c-torture/execute/20000412-5.c execution,  -O1 
FAIL: gcc.c-torture/execute/20000412-5.c execution,  -O2 
FAIL: gcc.c-torture/execute/20000412-5.c execution,  -O3 -fomit-frame-pointer 
FAIL: gcc.c-torture/execute/20000412-5.c execution,  -O3 -g 
FAIL: gcc.c-torture/execute/20000412-5.c execution,  -Os 
FAIL: gcc.c-torture/execute/20000731-2.c execution,  -O2 
FAIL: gcc.c-torture/execute/20000731-2.c execution,  -O3 -fomit-frame-pointer 
FAIL: gcc.c-torture/execute/20000731-2.c execution,  -O3 -fomit-frame-pointer -funroll-loops 
FAIL: gcc.c-torture/execute/20000731-2.c execution,  -O3 -fomit-frame-pointer -funroll-all-loops -finline-functions 
FAIL: gcc.c-torture/execute/20000731-2.c execution,  -O3 -g 
FAIL: gcc.c-torture/execute/20000731-2.c execution,  -Os 
FAIL: gcc.c-torture/execute/20000917-1.c execution,  -O0 
FAIL: gcc.c-torture/execute/20000917-1.c execution,  -O1 
FAIL: gcc.c-torture/execute/20000917-1.c execution,  -O2 
FAIL: gcc.c-torture/execute/20000917-1.c execution,  -O3 -fomit-frame-pointer 
FAIL: gcc.c-torture/execute/20000917-1.c execution,  -O3 -g 
FAIL: gcc.c-torture/execute/20000917-1.c execution,  -Os 
FAIL: gcc.c-torture/execute/991014-1.c execution,  -O0 
FAIL: gcc.c-torture/execute/991014-1.c execution,  -O1 
FAIL: gcc.c-torture/execute/991014-1.c execution,  -O2 
FAIL: gcc.c-torture/execute/991014-1.c execution,  -O3 -fomit-frame-pointer 
FAIL: gcc.c-torture/execute/991014-1.c execution,  -O3 -g 
FAIL: gcc.c-torture/execute/991014-1.c execution,  -Os 
FAIL: gcc.c-torture/execute/991030-1.c compilation,  -O0 
FAIL: gcc.c-torture/execute/991030-1.c compilation,  -O1 
FAIL: gcc.c-torture/execute/991030-1.c compilation,  -O2 
FAIL: gcc.c-torture/execute/991030-1.c compilation,  -O3 -fomit-frame-pointer 
FAIL: gcc.c-torture/execute/991030-1.c compilation,  -O3 -g 
FAIL: gcc.c-torture/execute/991030-1.c compilation,  -Os 
FAIL: gcc.c-torture/execute/991118-1.c execution,  -O0 
FAIL: gcc.c-torture/execute/991118-1.c execution,  -O1 
FAIL: gcc.c-torture/execute/991118-1.c execution,  -O2 
FAIL: gcc.c-torture/execute/991118-1.c execution,  -O3 -fomit-frame-pointer 
FAIL: gcc.c-torture/execute/991118-1.c execution,  -O3 -g 
FAIL: gcc.c-torture/execute/991118-1.c execution,  -Os 
FAIL: gcc.c-torture/execute/991202-3.c execution,  -O0 
FAIL: gcc.c-torture/execute/991202-3.c execution,  -O1 
FAIL: gcc.c-torture/execute/991202-3.c execution,  -O2 
FAIL: gcc.c-torture/execute/991202-3.c execution,  -O3 -fomit-frame-pointer 
FAIL: gcc.c-torture/execute/991202-3.c execution,  -O3 -g 
FAIL: gcc.c-torture/execute/991202-3.c execution,  -Os 
FAIL: gcc.c-torture/execute/align-1.c execution,  -O0 
FAIL: gcc.c-torture/execute/align-1.c execution,  -O1 
FAIL: gcc.c-torture/execute/align-1.c execution,  -O2 
FAIL: gcc.c-torture/execute/align-1.c execution,  -O3 -fomit-frame-pointer 
FAIL: gcc.c-torture/execute/align-1.c execution,  -O3 -g 
FAIL: gcc.c-torture/execute/align-1.c execution,  -Os 
FAIL: gcc.c-torture/execute/loop-2b.c execution,  -O2 
FAIL: gcc.c-torture/execute/loop-2b.c execution,  -O3 -fomit-frame-pointer 
FAIL: gcc.c-torture/execute/loop-2b.c execution,  -O3 -fomit-frame-pointer -funroll-loops 
FAIL: gcc.c-torture/execute/loop-2b.c execution,  -O3 -fomit-frame-pointer -funroll-all-loops -finline-functions 
FAIL: gcc.c-torture/execute/loop-2b.c execution,  -O3 -g 
FAIL: gcc.c-torture/execute/loop-7.c execution,  -O3 -fomit-frame-pointer -funroll-loops 
FAIL: gcc.c-torture/execute/loop-7.c execution,  -O3 -fomit-frame-pointer -funroll-all-loops -finline-functions 
FAIL: gcc.c-torture/execute/string-opt-1.c execution,  -O1 
FAIL: gcc.c-torture/execute/string-opt-1.c execution,  -O2 
FAIL: gcc.c-torture/execute/string-opt-1.c execution,  -O3 -fomit-frame-pointer 
FAIL: gcc.c-torture/execute/string-opt-1.c execution,  -O3 -g 
FAIL: gcc.c-torture/execute/string-opt-1.c execution,  -Os 
FAIL: gcc.c-torture/execute/string-opt-2.c execution,  -O1 
FAIL: gcc.c-torture/execute/string-opt-2.c execution,  -O2 
FAIL: gcc.c-torture/execute/string-opt-2.c execution,  -O3 -fomit-frame-pointer 
FAIL: gcc.c-torture/execute/string-opt-2.c execution,  -O3 -g 
FAIL: gcc.c-torture/execute/string-opt-2.c execution,  -Os 
FAIL: gcc.c-torture/execute/string-opt-3.c compilation,  -O0 
FAIL: gcc.c-torture/execute/string-opt-3.c compilation,  -O1 
FAIL: gcc.c-torture/execute/string-opt-3.c compilation,  -O2 
FAIL: gcc.c-torture/execute/string-opt-3.c compilation,  -O3 -fomit-frame-pointer 
FAIL: gcc.c-torture/execute/string-opt-3.c compilation,  -O3 -g 
FAIL: gcc.c-torture/execute/string-opt-3.c compilation,  -Os 
FAIL: gcc.c-torture/execute/string-opt-4.c compilation,  -O0 
FAIL: gcc.c-torture/execute/string-opt-4.c compilation,  -O1 
FAIL: gcc.c-torture/execute/string-opt-4.c compilation,  -O2 
FAIL: gcc.c-torture/execute/string-opt-4.c compilation,  -O3 -fomit-frame-pointer 
FAIL: gcc.c-torture/execute/string-opt-4.c compilation,  -O3 -g 
FAIL: gcc.c-torture/execute/string-opt-4.c compilation,  -Os 
FAIL: gcc.c-torture/execute/string-opt-7.c execution,  -O1 
FAIL: gcc.c-torture/execute/string-opt-7.c execution,  -O2 
FAIL: gcc.c-torture/execute/string-opt-7.c execution,  -O3 -fomit-frame-pointer 
FAIL: gcc.c-torture/execute/string-opt-7.c execution,  -O3 -g 
FAIL: gcc.c-torture/execute/string-opt-7.c execution,  -Os 
FAIL: gcc.c-torture/execute/string-opt-8.c compilation,  -O1 
FAIL: gcc.c-torture/execute/string-opt-8.c compilation,  -O2 
FAIL: gcc.c-torture/execute/string-opt-8.c compilation,  -O3 -fomit-frame-pointer 
FAIL: gcc.c-torture/execute/string-opt-8.c compilation,  -O3 -g 
FAIL: gcc.c-torture/execute/string-opt-8.c compilation,  -Os 
FAIL: gcc.c-torture/execute/va-arg-14.c compilation,  -O0 
FAIL: gcc.c-torture/execute/va-arg-14.c compilation,  -O1 
FAIL: gcc.c-torture/execute/va-arg-14.c compilation,  -O2 
FAIL: gcc.c-torture/execute/va-arg-14.c compilation,  -O3 -fomit-frame-pointer 
FAIL: gcc.c-torture/execute/va-arg-14.c compilation,  -O3 -g 
FAIL: gcc.c-torture/execute/va-arg-14.c compilation,  -Os 
FAIL: gcc.c-torture/execute/va-arg-21.c execution,  -O0 
FAIL: gcc.c-torture/execute/va-arg-21.c execution,  -O1 
FAIL: gcc.c-torture/execute/va-arg-21.c execution,  -O2 
FAIL: gcc.c-torture/execute/va-arg-21.c execution,  -O3 -fomit-frame-pointer 
FAIL: gcc.c-torture/execute/va-arg-21.c execution,  -O3 -fomit-frame-pointer -funroll-loops 
FAIL: gcc.c-torture/execute/va-arg-21.c execution,  -O3 -fomit-frame-pointer -funroll-all-loops -finline-functions 
FAIL: gcc.c-torture/execute/va-arg-21.c execution,  -O3 -g 
FAIL: gcc.c-torture/execute/va-arg-21.c execution,  -Os 
FAIL: gcc.c-torture/execute/widechar-2.c execution,  -O1 
FAIL: gcc.c-torture/execute/widechar-2.c execution,  -O2 
FAIL: gcc.c-torture/execute/widechar-2.c execution,  -O3 -fomit-frame-pointer 
FAIL: gcc.c-torture/execute/widechar-2.c execution,  -O3 -g 
FAIL: gcc.c-torture/execute/widechar-2.c execution,  -Os 
FAIL: gcc.c-torture/execute/ieee/fp-cmp-4.c compilation,  -O0 
FAIL: gcc.c-torture/execute/ieee/fp-cmp-4.c compilation,  -O1 
FAIL: gcc.c-torture/execute/ieee/fp-cmp-4.c compilation,  -O2 
FAIL: gcc.c-torture/execute/ieee/fp-cmp-4.c compilation,  -O3 -fomit-frame-pointer 
FAIL: gcc.c-torture/execute/ieee/fp-cmp-4.c compilation,  -O3 -fomit-frame-pointer -funroll-loops 
FAIL: gcc.c-torture/execute/ieee/fp-cmp-4.c compilation,  -O3 -fomit-frame-pointer -funroll-all-loops -finline-functions 
FAIL: gcc.c-torture/execute/ieee/fp-cmp-4.c compilation,  -O3 -g 
FAIL: gcc.c-torture/execute/ieee/fp-cmp-4.c compilation,  -Os 
FAIL: gcc.dg/cpp/19951025-1.c  (test for errors, line 4)
FAIL: gcc.dg/cpp/19951025-1.c  (test for errors, line 4)
FAIL: gcc.dg/cpp/19951025-1.c (test for excess errors)
FAIL: gcc.dg/cpp/19951227-1.c  (test for errors, line 2)
FAIL: gcc.dg/cpp/19951227-1.c (test for excess errors)
FAIL: gcc.dg/cpp/19960224-2.c extra tokens after #endif (test for warnings, line 5)
FAIL: gcc.dg/cpp/19960224-2.c (test for excess errors)
FAIL: gcc.dg/cpp/19990119-1.c (test for excess errors)
FAIL: gcc.dg/cpp/19990703-1.c  (test for warnings, line 17)
FAIL: gcc.dg/cpp/20000129-1.c trigraph encountered (test for warnings, line 15)
FAIL: gcc.dg/cpp/20000625-1.c  (test for warnings, line 14)
FAIL: gcc.dg/cpp/20000625-2.c  (test for warnings, line 11)
FAIL: gcc.dg/cpp/Wtrigraphs.c  (test for warnings, line 7)
FAIL: gcc.dg/cpp/Wtrigraphs.c  (test for warnings, line 8)
FAIL: gcc.dg/cpp/Wtrigraphs.c  (test for warnings, line 9)
FAIL: gcc.dg/cpp/_Pragma1.c  (test for errors, line 10)
FAIL: gcc.dg/cpp/_Pragma1.c  (test for errors, line 14)
FAIL: gcc.dg/cpp/_Pragma1.c  (test for errors, line 18)
FAIL: gcc.dg/cpp/_Pragma1.c  (test for errors, line 27)
FAIL: gcc.dg/cpp/_Pragma1.c  (test for errors, line 28)
FAIL: gcc.dg/cpp/_Pragma1.c (test for excess errors)
FAIL: gcc.dg/cpp/assembler.S spurious warning (test for bogus messages, line 7)
FAIL: gcc.dg/cpp/assert2.c assert w/o predicate (test for errors, line 5)
FAIL: gcc.dg/cpp/assert2.c assert punctuation (test for errors, line 6)
FAIL: gcc.dg/cpp/assert2.c assert number (test for errors, line 7)
FAIL: gcc.dg/cpp/assert2.c test w/o predicate (test for errors, line 10)
FAIL: gcc.dg/cpp/assert2.c test punctuation (test for errors, line 13)
FAIL: gcc.dg/cpp/assert2.c test number (test for errors, line 16)
FAIL: gcc.dg/cpp/assert2.c test with malformed answer (test for errors, line 23)
FAIL: gcc.dg/cpp/assert2.c (test for excess errors)
FAIL: gcc.dg/cpp/assert3.c (test for excess errors)
FAIL: gcc.dg/cpp/backslash.c space (test for warnings, line 9)
FAIL: gcc.dg/cpp/backslash.c tab (test for warnings, line 10)
FAIL: gcc.dg/cpp/backslash.c space and tab (test for warnings, line 11)
FAIL: gcc.dg/cpp/backslash.c (test for excess errors)
FAIL: gcc.dg/cpp/cmdlne-C.c (test for excess errors)
FAIL: gcc.dg/cpp/cxxcom1.c good warning (test for warnings, line 5)
FAIL: gcc.dg/cpp/cxxcom2.c #line extension (test for warnings, line 5)
FAIL: gcc.dg/cpp/cxxcom2.c (test for excess errors)
FAIL: gcc.dg/cpp/defined.c  (test for warnings, line 20)
FAIL: gcc.dg/cpp/defined.c  (test for warnings, line 25)
FAIL: gcc.dg/cpp/defined.c (test for excess errors)
FAIL: gcc.dg/cpp/digraph2.c  (test for errors, line 12)
FAIL: gcc.dg/cpp/digraph2.c (test for excess errors)
FAIL: gcc.dg/cpp/digraphs.c (test for excess errors)
FAIL: gcc.dg/cpp/directiv.c  (test for errors, line 11)
FAIL: gcc.dg/cpp/directiv.c  (test for warnings, line 21)
FAIL: gcc.dg/cpp/directiv.c  (test for errors, line 32)
FAIL: gcc.dg/cpp/directiv.c  (test for errors, line 32)
FAIL: gcc.dg/cpp/directiv.c  (test for errors, line 46)
FAIL: gcc.dg/cpp/directiv.c (test for excess errors)
FAIL: gcc.dg/cpp/endif.c good warning (test for warnings, line 7)
FAIL: gcc.dg/cpp/endif.c #line extension (test for warnings, line 10)
FAIL: gcc.dg/cpp/endif.c (test for excess errors)
FAIL: gcc.dg/cpp/if-1.c invalid number (test for errors, line 12)
FAIL: gcc.dg/cpp/if-1.c invalid number (test for errors, line 15)
FAIL: gcc.dg/cpp/if-1.c invalid number (test for errors, line 18)
FAIL: gcc.dg/cpp/if-1.c too many suffixes (test for errors, line 28)
FAIL: gcc.dg/cpp/if-1.c too many suffixes (test for errors, line 31)
FAIL: gcc.dg/cpp/if-1.c u between ls (test for errors, line 34)
FAIL: gcc.dg/cpp/if-1.c (test for excess errors)
FAIL: gcc.dg/cpp/if-4.c += in if (test for errors, line 5)
FAIL: gcc.dg/cpp/if-4.c (test for excess errors)
FAIL: gcc.dg/cpp/if-5.c  (test for errors, line 5)
FAIL: gcc.dg/cpp/if-5.c  (test for errors, line 8)
FAIL: gcc.dg/cpp/if-5.c (test for excess errors)
FAIL: gcc.dg/cpp/if-mop.c empty #if (test for errors, line 9)
FAIL: gcc.dg/cpp/if-mop.c no unary operand (test for errors, line 12)
FAIL: gcc.dg/cpp/if-mop.c no left operand (test for errors, line 15)
FAIL: gcc.dg/cpp/if-mop.c no binary operator (test for errors, line 18)
FAIL: gcc.dg/cpp/if-mop.c immediate then open paren (test for errors, line 21)
FAIL: gcc.dg/cpp/if-mop.c close paren then immediate (test for errors, line 24)
FAIL: gcc.dg/cpp/if-mop.c (test for excess errors)
FAIL: gcc.dg/cpp/if-mpar.c missing ')' no. 1 (test for errors, line 8)
FAIL: gcc.dg/cpp/if-mpar.c missing ')' no. 2 (test for errors, line 11)
FAIL: gcc.dg/cpp/if-mpar.c missing '(' no. 1 (test for errors, line 14)
FAIL: gcc.dg/cpp/if-mpar.c missing '(' no. 2 (test for errors, line 17)
FAIL: gcc.dg/cpp/if-mpar.c missing '(' no. 3 (test for errors, line 20)
FAIL: gcc.dg/cpp/if-mpar.c (test for excess errors)
FAIL: gcc.dg/cpp/if-oppr.c ? higher precedence than , (test for errors, line 23)
FAIL: gcc.dg/cpp/if-oppr.c (test for excess errors)
FAIL: gcc.dg/cpp/if-paren.c empty paren (test for errors, line 14)
FAIL: gcc.dg/cpp/if-paren.c (test for excess errors)
FAIL: gcc.dg/cpp/include2.c  (test for warnings, line 10)
FAIL: gcc.dg/cpp/include2.c  (test for errors, line 11)
FAIL: gcc.dg/cpp/include2.c  (test for errors, line 10)
FAIL: gcc.dg/cpp/include2.c  (test for errors, line 11)
FAIL: gcc.dg/cpp/include2.c  (test for warnings, line 11)
FAIL: gcc.dg/cpp/include2.c (test for excess errors)
FAIL: gcc.dg/cpp/line2.c line # too high (test for errors, line 2)
FAIL: gcc.dg/cpp/macro3.c (test for excess errors)
FAIL: gcc.dg/cpp/macro4.c execution test
FAIL: gcc.dg/cpp/macsyntx.c  (test for errors, line 22)
FAIL: gcc.dg/cpp/macsyntx.c  (test for errors, line 24)
FAIL: gcc.dg/cpp/macsyntx.c  (test for errors, line 26)
FAIL: gcc.dg/cpp/macsyntx.c  (test for errors, line 29)
FAIL: gcc.dg/cpp/macsyntx.c  (test for errors, line 30)
FAIL: gcc.dg/cpp/macsyntx.c  (test for errors, line 31)
FAIL: gcc.dg/cpp/macsyntx.c  (test for warnings, line 33)
FAIL: gcc.dg/cpp/macsyntx.c  (test for warnings, line 36)
FAIL: gcc.dg/cpp/macsyntx.c  (test for warnings, line 37)
FAIL: gcc.dg/cpp/macsyntx.c  (test for errors, line 46)
FAIL: gcc.dg/cpp/macsyntx.c  (test for errors, line 50)
FAIL: gcc.dg/cpp/macsyntx.c  (test for errors, line 51)
FAIL: gcc.dg/cpp/macsyntx.c  (test for warnings, line 54)
FAIL: gcc.dg/cpp/macsyntx.c  (test for warnings, line 55)
FAIL: gcc.dg/cpp/macsyntx.c  (test for warnings, line 60)
FAIL: gcc.dg/cpp/macsyntx.c  (test for warnings, line 62)
FAIL: gcc.dg/cpp/macsyntx.c  (test for errors, line 72)
FAIL: gcc.dg/cpp/macsyntx.c (test for excess errors)
FAIL: gcc.dg/cpp/mi1.c redundant include check (test for errors, line )
FAIL: gcc.dg/cpp/mi1.c (test for excess errors)
FAIL: gcc.dg/cpp/mi3.c (test for excess errors)
FAIL: gcc.dg/cpp/paste1.c ## at objlike start (test for errors, line 7)
FAIL: gcc.dg/cpp/paste1.c ## at objlike end (test for errors, line 8)
FAIL: gcc.dg/cpp/paste1.c ## at funlike start (test for errors, line 9)
FAIL: gcc.dg/cpp/paste1.c ## at funlike end (test for errors, line 10)
FAIL: gcc.dg/cpp/paste1.c (test for excess errors)
FAIL: gcc.dg/cpp/paste11.c  (test for warnings, line 12)
FAIL: gcc.dg/cpp/paste11.c  (test for warnings, line 13)
FAIL: gcc.dg/cpp/paste11.c  (test for warnings, line 14)
FAIL: gcc.dg/cpp/paste11.c  (test for warnings, line 15)
FAIL: gcc.dg/cpp/paste2.c (test for excess errors)
FAIL: gcc.dg/cpp/paste4.c  (test for errors, line 12)
FAIL: gcc.dg/cpp/paste5.c  (test for warnings, line 21)
FAIL: gcc.dg/cpp/paste6.c  (test for warnings, line 12)
FAIL: gcc.dg/cpp/paste8.c  (test for warnings, line 10)
FAIL: gcc.dg/cpp/paste8.c  (test for warnings, line 15)
FAIL: gcc.dg/cpp/paste9.c execution test
FAIL: gcc.dg/cpp/poison.c use of foo (test for errors, line 5)
FAIL: gcc.dg/cpp/poison.c use of foo2 (test for errors, line 7)
FAIL: gcc.dg/cpp/poison.c use of foo3 (test for errors, line 8)
FAIL: gcc.dg/cpp/poison.c use of foo4 (test for errors, line 10)
FAIL: gcc.dg/cpp/poison.c use of foo5 (test for errors, line 11)
FAIL: gcc.dg/cpp/poison.c poison non-identifier (test for errors, line 12)
FAIL: gcc.dg/cpp/poison.c poison defined macro (test for warnings, line 14)
FAIL: gcc.dg/cpp/poison.c #ifdef foo6 (test for errors, line 17)
FAIL: gcc.dg/cpp/poison.c #if defined foo6 (test for errors, line 20)
FAIL: gcc.dg/cpp/poison.c use of foo6 (test for errors, line 23)
FAIL: gcc.dg/cpp/poison.c (test for excess errors)
FAIL: gcc.dg/cpp/redef2.c redef va (test for warnings, line 15)
FAIL: gcc.dg/cpp/redef2.c prev def va (test for warnings, line 14)
FAIL: gcc.dg/cpp/redef2.c named (test for warnings, line 14)
FAIL: gcc.dg/cpp/redef2.c anon (test for warnings, line 15)
FAIL: gcc.dg/cpp/redef2.c (test for excess errors)
FAIL: gcc.dg/cpp/strify1.c #1 (test for errors, line 9)
FAIL: gcc.dg/cpp/strify1.c #2 (test for errors, line 10)
FAIL: gcc.dg/cpp/strify1.c (test for excess errors)
FAIL: gcc.dg/cpp/strify2.c str(\) (test for warnings, line 23)
FAIL: gcc.dg/cpp/strify2.c str(\\\) (test for warnings, line 25)
FAIL: gcc.dg/cpp/strify2.c (test for excess errors)
FAIL: gcc.dg/cpp/strp1.c execution test
FAIL: gcc.dg/cpp/syshdr.c (test for excess errors)
FAIL: gcc.dg/cpp/tr-direct.c  (test for bogus messages, line 8)
FAIL: gcc.dg/cpp/tr-warn1.c ^ #kandr (test for warnings, line 9)
FAIL: gcc.dg/cpp/tr-warn1.c ^ # kandr (test for warnings, line 10)
FAIL: gcc.dg/cpp/tr-warn1.c ^#c89 (test for warnings, line 14)
FAIL: gcc.dg/cpp/tr-warn1.c ^# c89 (test for warnings, line 15)
FAIL: gcc.dg/cpp/tr-warn1.c ^#ext (test for warnings, line 22)
FAIL: gcc.dg/cpp/tr-warn1.c ^# ext (test for warnings, line 23)
FAIL: gcc.dg/cpp/tr-warn1.c extension warning (test for warnings, line 22)
FAIL: gcc.dg/cpp/tr-warn1.c extension warning (test for warnings, line 23)
FAIL: gcc.dg/cpp/tr-warn1.c extension warning (test for warnings, line 24)
FAIL: gcc.dg/cpp/tr-warn1.c extension warning (test for warnings, line 25)
FAIL: gcc.dg/cpp/tr-warn1.c (test for excess errors)
FAIL: gcc.dg/cpp/tr-warn2.c  (test for warnings, line 13)
FAIL: gcc.dg/cpp/tr-warn3.c ^ #kandr (test for warnings, line 14)
FAIL: gcc.dg/cpp/tr-warn3.c ^ # kandr (test for warnings, line 15)
FAIL: gcc.dg/cpp/tr-warn3.c ^#c89 (test for warnings, line 19)
FAIL: gcc.dg/cpp/tr-warn3.c ^# c89 (test for warnings, line 20)
FAIL: gcc.dg/cpp/tr-warn3.c ^#ext (test for warnings, line 27)
FAIL: gcc.dg/cpp/tr-warn3.c ^# ext (test for warnings, line 28)
FAIL: gcc.dg/cpp/tr-warn3.c ^ #kandr (test for warnings, line 38)
FAIL: gcc.dg/cpp/tr-warn3.c ^ # kandr (test for warnings, line 39)
FAIL: gcc.dg/cpp/tr-warn3.c ^#c89 (test for warnings, line 43)
FAIL: gcc.dg/cpp/tr-warn3.c ^# c89 (test for warnings, line 44)
FAIL: gcc.dg/cpp/tr-warn3.c ^#ext (test for warnings, line 51)
FAIL: gcc.dg/cpp/tr-warn3.c ^# ext (test for warnings, line 52)
FAIL: gcc.dg/cpp/tr-warn3.c extension warning (test for warnings, line 27)
FAIL: gcc.dg/cpp/tr-warn3.c extension warning (test for warnings, line 28)
FAIL: gcc.dg/cpp/tr-warn3.c extension warning (test for warnings, line 29)
FAIL: gcc.dg/cpp/tr-warn3.c extension warning (test for warnings, line 30)
FAIL: gcc.dg/cpp/tr-warn3.c (test for excess errors)
FAIL: gcc.dg/cpp/tr-warn4.c numeric constant suffix (test for warnings, line 7)
FAIL: gcc.dg/cpp/tr-warn4.c numeric constant suffix (test for warnings, line 9)
FAIL: gcc.dg/cpp/tr-warn5.c unary plus operator (test for warnings, line 7)
FAIL: gcc.dg/cpp/tr-warn6.c traditional stringification (test for warnings, line 7)
FAIL: gcc.dg/cpp/tr-warn6.c traditional stringification (test for warnings, line 8)
FAIL: gcc.dg/cpp/tr-warn6.c traditional stringification (test for warnings, line 9)
FAIL: gcc.dg/cpp/tr-warn6.c traditional stringification (test for warnings, line 10)
FAIL: gcc.dg/cpp/tr-warn6.c traditional stringification (test for warnings, line 11)
FAIL: gcc.dg/cpp/tr-warn6.c traditional stringification (test for warnings, line 12)
FAIL: gcc.dg/cpp/tr-warn6.c traditional stringification (test for warnings, line 13)
FAIL: gcc.dg/cpp/tr-warn6.c traditional stringification (test for warnings, line 13)
FAIL: gcc.dg/cpp/tr-warn6.c (test for excess errors)
FAIL: gcc.dg/cpp/undef1.c  (test for errors, line 13)
FAIL: gcc.dg/cpp/undef1.c foo(#undef foo) (test for errors, line 13)
FAIL: gcc.dg/cpp/undef1.c (test for excess errors)
FAIL: gcc.dg/cpp/vararg1.c execution test
FAIL: gcc.dg/cpp/widestr1.c wide string in #line (test for errors, line 7)
FAIL: gcc.dg/cpp/widestr1.c wide string in #pragma implementation (test for errors, line 9)
FAIL: gcc.dg/cpp/widestr1.c (test for excess errors)
FAIL: gcc.dg/20000419-2.c (test for excess errors)
FAIL: gcc.dg/20000623-1.c execution test
FAIL: gcc.dg/20000906-1.c (test for excess errors)
FAIL: gcc.dg/20001117-1.c (test for excess errors)
FAIL: gcc.dg/940510-1.c (test for excess errors)
FAIL: gcc.dg/c90-complex-1.c _Complex not in C90 (test for errors, line 6)
FAIL: gcc.dg/c90-complex-1.c (test for excess errors)
FAIL: gcc.dg/c90-digraph-1.c execution test
FAIL: gcc.dg/c90-fordecl-1.c (test for excess errors)
FAIL: gcc.dg/c90-printf-1.c C90 bad use of %l (test for warnings, line 104)
FAIL: gcc.dg/c90-printf-1.c C90 bad use of %l (test for warnings, line 105)
FAIL: gcc.dg/c90-printf-1.c bad argument types (test for warnings, line 211)
FAIL: gcc.dg/c90-printf-1.c bad argument types (test for warnings, line 212)
FAIL: gcc.dg/c90-printf-1.c bad argument types (test for warnings, line 213)
FAIL: gcc.dg/c90-printf-1.c wide string (test for warnings, line 246)
FAIL: gcc.dg/c90-printf-1.c %n with NULL (test for warnings, line 247)
FAIL: gcc.dg/c90-printf-1.c (test for excess errors)
FAIL: gcc.dg/c90-printf-2.c %j in C90 (test for warnings, line 43)
FAIL: gcc.dg/c90-printf-2.c %z in C90 (test for warnings, line 44)
FAIL: gcc.dg/c90-printf-2.c %t in C90 (test for warnings, line 45)
FAIL: gcc.dg/c90-printf-2.c %F in C90 (test for warnings, line 47)
FAIL: gcc.dg/c90-printf-2.c (test for excess errors)
FAIL: gcc.dg/c90-printf-3.c fprintf (test for warnings, line 37)
FAIL: gcc.dg/c90-printf-3.c printf (test for warnings, line 39)
FAIL: gcc.dg/c90-printf-3.c sprintf (test for warnings, line 41)
FAIL: gcc.dg/c90-printf-3.c (test for excess errors)
FAIL: gcc.dg/c90-scanf-1.c warning for zero width (test for warnings, line 52)
FAIL: gcc.dg/c90-scanf-1.c width with %n (test for warnings, line 53)
FAIL: gcc.dg/c90-scanf-1.c bad use of %l (test for warnings, line 71)
FAIL: gcc.dg/c90-scanf-1.c bad use of %l (test for warnings, line 73)
FAIL: gcc.dg/c90-scanf-1.c bad argument types (test for warnings, line 102)
FAIL: gcc.dg/c90-scanf-1.c bad argument types (test for warnings, line 104)
FAIL: gcc.dg/c90-scanf-1.c bad argument types (test for warnings, line 109)
FAIL: gcc.dg/c90-scanf-1.c %p writing into const (test for warnings, line 114)
FAIL: gcc.dg/c90-scanf-1.c writing into NULL (test for warnings, line 125)
FAIL: gcc.dg/c90-scanf-1.c (test for excess errors)
FAIL: gcc.dg/c90-scanf-2.c %j in C90 (test for warnings, line 44)
FAIL: gcc.dg/c90-scanf-2.c %z in C90 (test for warnings, line 45)
FAIL: gcc.dg/c90-scanf-2.c %t in C90 (test for warnings, line 46)
FAIL: gcc.dg/c90-scanf-2.c %F in C90 (test for warnings, line 48)
FAIL: gcc.dg/c90-scanf-2.c (test for excess errors)
FAIL: gcc.dg/c90-scanf-4.c fscanf (test for warnings, line 34)
FAIL: gcc.dg/c90-scanf-4.c scanf (test for warnings, line 36)
FAIL: gcc.dg/c90-scanf-4.c sscanf (test for warnings, line 38)
FAIL: gcc.dg/c90-scanf-4.c (test for excess errors)
FAIL: gcc.dg/c90-strftime-2.c %C not in C90 (test for warnings, line 16)
FAIL: gcc.dg/c90-strftime-2.c %D not in C90 (test for warnings, line 17)
FAIL: gcc.dg/c90-strftime-2.c %e not in C90 (test for warnings, line 19)
FAIL: gcc.dg/c90-strftime-2.c %F not in C90 (test for warnings, line 20)
FAIL: gcc.dg/c90-strftime-2.c %g not in C90 (test for warnings, line 21)
FAIL: gcc.dg/c90-strftime-2.c %h not in C90 (test for warnings, line 24)
FAIL: gcc.dg/c90-strftime-2.c %n not in C90 (test for warnings, line 25)
FAIL: gcc.dg/c90-strftime-2.c %r not in C90 (test for warnings, line 26)
FAIL: gcc.dg/c90-strftime-2.c %R not in C90 (test for warnings, line 27)
FAIL: gcc.dg/c90-strftime-2.c %t not in C90 (test for warnings, line 28)
FAIL: gcc.dg/c90-strftime-2.c %T not in C90 (test for warnings, line 29)
FAIL: gcc.dg/c90-strftime-2.c %u not in C90 (test for warnings, line 30)
FAIL: gcc.dg/c90-strftime-2.c %V not in C90 (test for warnings, line 31)
FAIL: gcc.dg/c90-strftime-2.c %E not in C90 (test for warnings, line 33)
FAIL: gcc.dg/c90-strftime-2.c %O not in C90 (test for warnings, line 34)
FAIL: gcc.dg/c90-strftime-2.c (test for excess errors)
FAIL: gcc.dg/c94-printf-1.c (test for excess errors)
FAIL: gcc.dg/c94-scanf-1.c (test for excess errors)
FAIL: gcc.dg/c99-array-lval-1.c array not decaying to lvalue (test for bogus messages, line 14)
FAIL: gcc.dg/c99-array-lval-1.c (test for excess errors)
FAIL: gcc.dg/c99-array-lval-2.c (test for excess errors)
FAIL: gcc.dg/c99-array-nonobj-1.c warning in place of error (test for bogus messages, line 26)
FAIL: gcc.dg/c99-array-nonobj-1.c (test for excess errors)
FAIL: gcc.dg/c99-bool-1.c bad stdbool.h (test for bogus messages, line 17)
FAIL: gcc.dg/c99-complex-1.c plain _Complex (test for errors, line 16)
FAIL: gcc.dg/c99-complex-1.c _Complex int (test for errors, line 20)
FAIL: gcc.dg/c99-complex-1.c _Complex long (test for errors, line 22)
FAIL: gcc.dg/c99-complex-1.c ~ for conjugation (test for errors, line 31)
FAIL: gcc.dg/c99-complex-1.c (test for excess errors)
FAIL: gcc.dg/c99-complex-2.c postinc (test for errors, line 13)
FAIL: gcc.dg/c99-complex-2.c preinc (test for errors, line 15)
FAIL: gcc.dg/c99-complex-2.c postdec (test for errors, line 17)
FAIL: gcc.dg/c99-complex-2.c predec (test for errors, line 19)
FAIL: gcc.dg/c99-complex-2.c (test for excess errors)
FAIL: gcc.dg/c99-condexpr-1.c (test for excess errors)
FAIL: gcc.dg/c99-const-expr-1.c (test for excess errors)
FAIL: gcc.dg/c99-const-expr-2.c (test for excess errors)
FAIL: gcc.dg/c99-digraph-1.c (test for excess errors)
FAIL: gcc.dg/c99-enum-comma-1.c (test for excess errors)
FAIL: gcc.dg/c99-fordecl-1.c (test for excess errors)
FAIL: gcc.dg/c99-fordecl-2.c function in for loop (test for errors, line 12)
FAIL: gcc.dg/c99-fordecl-2.c enum value in for loop (test for errors, line 21)
FAIL: gcc.dg/c99-fordecl-2.c enum value in for loop (test for errors, line 24)
FAIL: gcc.dg/c99-fordecl-2.c enum tag in for loop (test for errors, line 24)
FAIL: gcc.dg/c99-fordecl-2.c (test for excess errors)
FAIL: gcc.dg/c99-func-1.c (test for excess errors)
FAIL: gcc.dg/c99-func-2.c (test for excess errors)
FAIL: gcc.dg/c99-func-3.c (test for excess errors)
FAIL: gcc.dg/c99-func-4.c (test for excess errors)
FAIL: gcc.dg/c99-hexfloat-1.c bogus C99 hex float error (test for bogus messages, line 6)
FAIL: gcc.dg/c99-hexfloat-1.c (test for excess errors)
FAIL: gcc.dg/c99-hexfloat-2.c (test for excess errors)
FAIL: gcc.dg/c99-idem-qual-1.c duplicate type qualifier error (test for bogus messages, line 7)
FAIL: gcc.dg/c99-idem-qual-1.c (test for excess errors)
FAIL: gcc.dg/c99-impl-decl-1.c C99 implicit declaration error (test for errors, line 9)
FAIL: gcc.dg/c99-impl-decl-1.c C99 implicit declaration error (test for errors, line 19)
FAIL: gcc.dg/c99-impl-decl-1.c (test for excess errors)
FAIL: gcc.dg/c99-impl-int-1.c C99 implicit int error (test for errors, line 6)
FAIL: gcc.dg/c99-impl-int-1.c C99 implicit int error (test for errors, line 8)
FAIL: gcc.dg/c99-impl-int-1.c (test for excess errors)
FAIL: gcc.dg/c99-impl-int-2.c C99 implicit int parameter error (test for errors, line 8)
FAIL: gcc.dg/c99-impl-int-2.c (test for excess errors)
FAIL: gcc.dg/c99-longlong-1.c bogus long long error (test for bogus messages, line 6)
FAIL: gcc.dg/c99-longlong-1.c (test for excess errors)
FAIL: gcc.dg/c99-main-1.c missing implicit return (test for bogus messages, line 9)
FAIL: gcc.dg/c99-main-1.c (test for excess errors)
FAIL: gcc.dg/c99-mixdecl-1.c (test for excess errors)
FAIL: gcc.dg/c99-printf-1.c bad use of %h (test for warnings, line 56)
FAIL: gcc.dg/c99-printf-1.c bad use of %j (test for warnings, line 98)
FAIL: gcc.dg/c99-printf-1.c bad use of %j (test for warnings, line 99)
FAIL: gcc.dg/c99-printf-1.c bad use of %j (test for warnings, line 100)
FAIL: gcc.dg/c99-printf-1.c bad use of %j (test for warnings, line 101)
FAIL: gcc.dg/c99-printf-1.c bad use of %j (test for warnings, line 102)
FAIL: gcc.dg/c99-printf-1.c bad use of %j (test for warnings, line 103)
FAIL: gcc.dg/c99-printf-1.c bad use of %j (test for warnings, line 104)
FAIL: gcc.dg/c99-printf-1.c bad use of %j (test for warnings, line 105)
FAIL: gcc.dg/c99-printf-1.c bad use of %j (test for warnings, line 106)
FAIL: gcc.dg/c99-printf-1.c bad use of %j (test for warnings, line 107)
FAIL: gcc.dg/c99-printf-1.c bad use of %j (test for warnings, line 108)
FAIL: gcc.dg/c99-printf-1.c bad use of %z (test for warnings, line 111)
FAIL: gcc.dg/c99-printf-1.c bad use of %z (test for warnings, line 112)
FAIL: gcc.dg/c99-printf-1.c bad use of %z (test for warnings, line 113)
FAIL: gcc.dg/c99-printf-1.c bad use of %z (test for warnings, line 114)
FAIL: gcc.dg/c99-printf-1.c bad use of %z (test for warnings, line 115)
FAIL: gcc.dg/c99-printf-1.c bad use of %z (test for warnings, line 116)
FAIL: gcc.dg/c99-printf-1.c bad use of %z (test for warnings, line 117)
FAIL: gcc.dg/c99-printf-1.c bad use of %z (test for warnings, line 118)
FAIL: gcc.dg/c99-printf-1.c bad use of %z (test for warnings, line 119)
FAIL: gcc.dg/c99-printf-1.c bad use of %z (test for warnings, line 120)
FAIL: gcc.dg/c99-printf-1.c bad use of %z (test for warnings, line 121)
FAIL: gcc.dg/c99-printf-1.c bad use of %t (test for warnings, line 124)
FAIL: gcc.dg/c99-printf-1.c bad use of %t (test for warnings, line 125)
FAIL: gcc.dg/c99-printf-1.c bad use of %t (test for warnings, line 126)
FAIL: gcc.dg/c99-printf-1.c bad use of %t (test for warnings, line 127)
FAIL: gcc.dg/c99-printf-1.c bad use of %t (test for warnings, line 128)
FAIL: gcc.dg/c99-printf-1.c bad use of %t (test for warnings, line 129)
FAIL: gcc.dg/c99-printf-1.c bad use of %t (test for warnings, line 130)
FAIL: gcc.dg/c99-printf-1.c bad use of %t (test for warnings, line 131)
FAIL: gcc.dg/c99-printf-1.c bad use of %t (test for warnings, line 132)
FAIL: gcc.dg/c99-printf-1.c bad use of %t (test for warnings, line 133)
FAIL: gcc.dg/c99-printf-1.c bad use of %t (test for warnings, line 134)
FAIL: gcc.dg/c99-printf-1.c %hhn plain char (test for warnings, line 226)
FAIL: gcc.dg/c99-printf-1.c %hhn unsigned char (test for warnings, line 227)
FAIL: gcc.dg/c99-printf-1.c (test for excess errors)
FAIL: gcc.dg/c99-printf-2.c printf ' flag (test for warnings, line 32)
FAIL: gcc.dg/c99-printf-2.c printf $ format (test for warnings, line 33)
FAIL: gcc.dg/c99-printf-2.c printf I flag (test for warnings, line 35)
FAIL: gcc.dg/c99-printf-2.c (test for excess errors)
FAIL: gcc.dg/c99-printf-3.c fprintf (test for warnings, line 35)
FAIL: gcc.dg/c99-printf-3.c printf (test for warnings, line 37)
FAIL: gcc.dg/c99-printf-3.c sprintf (test for warnings, line 39)
FAIL: gcc.dg/c99-printf-3.c snprintf (test for warnings, line 41)
FAIL: gcc.dg/c99-printf-3.c vsnprintf (test for warnings, line 49)
FAIL: gcc.dg/c99-printf-3.c (test for excess errors)
FAIL: gcc.dg/c99-restrict-1.c restrict constraint violation (test for errors, line 10)
FAIL: gcc.dg/c99-restrict-1.c restrict constraint violation (test for errors, line 15)
FAIL: gcc.dg/c99-restrict-1.c restrict constraint violation (test for errors, line 18)
FAIL: gcc.dg/c99-restrict-1.c (test for excess errors)
FAIL: gcc.dg/c99-return-1.c return constraint violation (test for errors, line 9)
FAIL: gcc.dg/c99-return-1.c (test for excess errors)
FAIL: gcc.dg/c99-scanf-1.c warning for zero width (test for warnings, line 66)
FAIL: gcc.dg/c99-scanf-1.c width with %n (test for warnings, line 67)
FAIL: gcc.dg/c99-scanf-1.c bad use of %h (test for warnings, line 75)
FAIL: gcc.dg/c99-scanf-1.c bad use of %j (test for warnings, line 117)
FAIL: gcc.dg/c99-scanf-1.c bad use of %j (test for warnings, line 118)
FAIL: gcc.dg/c99-scanf-1.c bad use of %j (test for warnings, line 119)
FAIL: gcc.dg/c99-scanf-1.c bad use of %j (test for warnings, line 120)
FAIL: gcc.dg/c99-scanf-1.c bad use of %j (test for warnings, line 121)
FAIL: gcc.dg/c99-scanf-1.c bad use of %j (test for warnings, line 122)
FAIL: gcc.dg/c99-scanf-1.c bad use of %j (test for warnings, line 123)
FAIL: gcc.dg/c99-scanf-1.c bad use of %j (test for warnings, line 124)
FAIL: gcc.dg/c99-scanf-1.c bad use of %j (test for warnings, line 125)
FAIL: gcc.dg/c99-scanf-1.c bad use of %j (test for warnings, line 126)
FAIL: gcc.dg/c99-scanf-1.c bad use of %j (test for warnings, line 127)
FAIL: gcc.dg/c99-scanf-1.c bad use of %j (test for warnings, line 128)
FAIL: gcc.dg/c99-scanf-1.c bad use of %z (test for warnings, line 130)
FAIL: gcc.dg/c99-scanf-1.c bad use of %z (test for warnings, line 131)
FAIL: gcc.dg/c99-scanf-1.c bad use of %z (test for warnings, line 132)
FAIL: gcc.dg/c99-scanf-1.c bad use of %z (test for warnings, line 133)
FAIL: gcc.dg/c99-scanf-1.c bad use of %z (test for warnings, line 134)
FAIL: gcc.dg/c99-scanf-1.c bad use of %z (test for warnings, line 135)
FAIL: gcc.dg/c99-scanf-1.c bad use of %z (test for warnings, line 136)
FAIL: gcc.dg/c99-scanf-1.c bad use of %z (test for warnings, line 137)
FAIL: gcc.dg/c99-scanf-1.c bad use of %z (test for warnings, line 138)
FAIL: gcc.dg/c99-scanf-1.c bad use of %z (test for warnings, line 139)
FAIL: gcc.dg/c99-scanf-1.c bad use of %z (test for warnings, line 140)
FAIL: gcc.dg/c99-scanf-1.c bad use of %z (test for warnings, line 141)
FAIL: gcc.dg/c99-scanf-1.c bad use of %t (test for warnings, line 143)
FAIL: gcc.dg/c99-scanf-1.c bad use of %t (test for warnings, line 144)
FAIL: gcc.dg/c99-scanf-1.c bad use of %t (test for warnings, line 145)
FAIL: gcc.dg/c99-scanf-1.c bad use of %t (test for warnings, line 146)
FAIL: gcc.dg/c99-scanf-1.c bad use of %t (test for warnings, line 147)
FAIL: gcc.dg/c99-scanf-1.c bad use of %t (test for warnings, line 148)
FAIL: gcc.dg/c99-scanf-1.c bad use of %t (test for warnings, line 149)
FAIL: gcc.dg/c99-scanf-1.c bad use of %t (test for warnings, line 150)
FAIL: gcc.dg/c99-scanf-1.c bad use of %t (test for warnings, line 151)
FAIL: gcc.dg/c99-scanf-1.c bad use of %t (test for warnings, line 152)
FAIL: gcc.dg/c99-scanf-1.c bad use of %t (test for warnings, line 153)
FAIL: gcc.dg/c99-scanf-1.c bad use of %t (test for warnings, line 154)
FAIL: gcc.dg/c99-scanf-1.c %hhd sign (test for warnings, line 174)
FAIL: gcc.dg/c99-scanf-1.c %hhu sign (test for warnings, line 175)
FAIL: gcc.dg/c99-scanf-1.c (test for excess errors)
FAIL: gcc.dg/c99-scanf-2.c scanf $ format (test for warnings, line 24)
FAIL: gcc.dg/c99-scanf-2.c scanf ' flag (test for warnings, line 26)
FAIL: gcc.dg/c99-scanf-2.c scanf I flag (test for warnings, line 27)
FAIL: gcc.dg/c99-scanf-2.c (test for excess errors)
FAIL: gcc.dg/c99-scanf-3.c fscanf (test for warnings, line 32)
FAIL: gcc.dg/c99-scanf-3.c scanf (test for warnings, line 34)
FAIL: gcc.dg/c99-scanf-3.c sscanf (test for warnings, line 36)
FAIL: gcc.dg/c99-scanf-3.c vfscanf (test for warnings, line 38)
FAIL: gcc.dg/c99-scanf-3.c vscanf (test for warnings, line 40)
FAIL: gcc.dg/c99-scanf-3.c vsscanf (test for warnings, line 42)
FAIL: gcc.dg/c99-scanf-3.c (test for excess errors)
FAIL: gcc.dg/c99-scope-1.c (test for excess errors)
FAIL: gcc.dg/c99-scope-2.c (test for excess errors)
FAIL: gcc.dg/c99-strftime-1.c 2-digit year (test for warnings, line 32)
FAIL: gcc.dg/c99-strftime-1.c bad %EF (test for warnings, line 48)
FAIL: gcc.dg/c99-strftime-1.c bad %OC (test for warnings, line 79)
FAIL: gcc.dg/c99-strftime-1.c bad %OF (test for warnings, line 82)
FAIL: gcc.dg/c99-strftime-1.c bad %Og (test for warnings, line 83)
FAIL: gcc.dg/c99-strftime-1.c bad %OY (test for warnings, line 97)
FAIL: gcc.dg/c99-strftime-1.c (test for excess errors)
FAIL: gcc.dg/c99-strftime-2.c (test for excess errors)
FAIL: gcc.dg/cast-qual-1.c discarding `const' warning (test for bogus messages, line 11)
FAIL: gcc.dg/cast-qual-1.c discarding `const' warning (test for warnings, line 17)
FAIL: gcc.dg/compare1.c case 3 (test for bogus messages, line 33)
FAIL: gcc.dg/compare2.c case 2 (test for bogus messages, line 13)
FAIL: gcc.dg/compare2.c case 4 (test for bogus messages, line 17)
FAIL: gcc.dg/compare2.c case 20 (test for warnings, line 49)
FAIL: gcc.dg/compare2.c case 24 (test for warnings, line 57)
FAIL: gcc.dg/format-array-1.c wrong type with array (test for warnings, line 25)
FAIL: gcc.dg/format-array-1.c unterminated array (test for warnings, line 26)
FAIL: gcc.dg/format-array-1.c wrong type with array (test for warnings, line 29)
FAIL: gcc.dg/format-array-1.c wrong type with array (test for warnings, line 32)
FAIL: gcc.dg/format-array-1.c wrong type with array (test for warnings, line 35)
FAIL: gcc.dg/format-array-1.c non-const (test for warnings, line 37)
FAIL: gcc.dg/format-array-1.c volatile (test for warnings, line 38)
FAIL: gcc.dg/format-array-1.c (test for excess errors)
FAIL: gcc.dg/format-attr-1.c strftime first_arg_num != 0 (test for errors, line 7)
FAIL: gcc.dg/format-attr-1.c (test for excess errors)
FAIL: gcc.dg/format-branch-1.c wrong type in conditional expr (test for warnings, line 14)
FAIL: gcc.dg/format-branch-1.c wrong type in conditional expr (test for warnings, line 15)
FAIL: gcc.dg/format-branch-1.c wrong type in conditional expr (test for warnings, line 16)
FAIL: gcc.dg/format-branch-1.c too many args in all branches (test for warnings, line 19)
FAIL: gcc.dg/format-branch-1.c wrong type (test for warnings, line 23)
FAIL: gcc.dg/format-branch-1.c wrong type (test for warnings, line 24)
FAIL: gcc.dg/format-branch-1.c wrong type (test for warnings, line 25)
FAIL: gcc.dg/format-branch-1.c NULL extra args (test for warnings, line 27)
FAIL: gcc.dg/format-branch-1.c (test for excess errors)
FAIL: gcc.dg/format-diag-1.c %hhf warning (test for warnings, line 12)
FAIL: gcc.dg/format-diag-1.c %llf warning (test for warnings, line 14)
FAIL: gcc.dg/format-diag-1.c size_t format warning (test for warnings, line 17)
FAIL: gcc.dg/format-diag-1.c (test for excess errors)
FAIL: gcc.dg/format-errmk-1.c (test for excess errors)
FAIL: gcc.dg/format-ext-1.c bad use of %q (test for warnings, line 28)
FAIL: gcc.dg/format-ext-1.c bad use of %Z (test for warnings, line 52)
FAIL: gcc.dg/format-ext-1.c bad %'m (test for warnings, line 85)
FAIL: gcc.dg/format-ext-1.c bad %jm (test for warnings, line 90)
FAIL: gcc.dg/format-ext-1.c bad %zm (test for warnings, line 91)
FAIL: gcc.dg/format-ext-1.c bad %tm (test for warnings, line 92)
FAIL: gcc.dg/format-ext-1.c printf %1$m (test for warnings, line 102)
FAIL: gcc.dg/format-ext-1.c bad use of I flag (test for warnings, line 109)
FAIL: gcc.dg/format-ext-1.c bad use of I flag (test for warnings, line 110)
FAIL: gcc.dg/format-ext-1.c bad use of I flag (test for warnings, line 111)
FAIL: gcc.dg/format-ext-1.c bad use of I flag (test for warnings, line 112)
FAIL: gcc.dg/format-ext-1.c bad use of I flag (test for warnings, line 113)
FAIL: gcc.dg/format-ext-1.c bad use of I flag (test for warnings, line 114)
FAIL: gcc.dg/format-ext-1.c bad use of I flag (test for warnings, line 115)
FAIL: gcc.dg/format-ext-1.c bad use of I flag (test for warnings, line 116)
FAIL: gcc.dg/format-ext-1.c bad use of I flag (test for warnings, line 117)
FAIL: gcc.dg/format-ext-1.c bad use of I flag (test for warnings, line 118)
FAIL: gcc.dg/format-ext-1.c bad use of I flag (test for warnings, line 119)
FAIL: gcc.dg/format-ext-1.c bad use of I flag (test for warnings, line 120)
FAIL: gcc.dg/format-ext-1.c bad use of I flag (test for warnings, line 121)
FAIL: gcc.dg/format-ext-1.c bad use of I flag (test for warnings, line 122)
FAIL: gcc.dg/format-ext-1.c bad use of I flag (test for warnings, line 123)
FAIL: gcc.dg/format-ext-1.c bad use of I flag (test for warnings, line 124)
FAIL: gcc.dg/format-ext-1.c bad use of I flag (test for warnings, line 125)
FAIL: gcc.dg/format-ext-1.c bad use of I flag (test for warnings, line 126)
FAIL: gcc.dg/format-ext-1.c (test for excess errors)
FAIL: gcc.dg/format-ext-2.c bad use of %q (test for warnings, line 26)
FAIL: gcc.dg/format-ext-2.c bad use of ' flag (test for warnings, line 50)
FAIL: gcc.dg/format-ext-2.c bad use of ' flag (test for warnings, line 51)
FAIL: gcc.dg/format-ext-2.c bad use of ' flag (test for warnings, line 52)
FAIL: gcc.dg/format-ext-2.c bad use of ' flag (test for warnings, line 53)
FAIL: gcc.dg/format-ext-2.c bad use of ' flag (test for warnings, line 54)
FAIL: gcc.dg/format-ext-2.c bad use of ' flag (test for warnings, line 55)
FAIL: gcc.dg/format-ext-2.c bad use of ' flag (test for warnings, line 56)
FAIL: gcc.dg/format-ext-2.c bad use of ' flag (test for warnings, line 57)
FAIL: gcc.dg/format-ext-2.c bad use of ' flag (test for warnings, line 58)
FAIL: gcc.dg/format-ext-2.c bad use of ' flag (test for warnings, line 59)
FAIL: gcc.dg/format-ext-2.c bad use of I flag (test for warnings, line 61)
FAIL: gcc.dg/format-ext-2.c bad use of I flag (test for warnings, line 62)
FAIL: gcc.dg/format-ext-2.c bad use of I flag (test for warnings, line 63)
FAIL: gcc.dg/format-ext-2.c bad use of I flag (test for warnings, line 64)
FAIL: gcc.dg/format-ext-2.c bad use of I flag (test for warnings, line 65)
FAIL: gcc.dg/format-ext-2.c bad use of I flag (test for warnings, line 66)
FAIL: gcc.dg/format-ext-2.c bad use of I flag (test for warnings, line 67)
FAIL: gcc.dg/format-ext-2.c bad use of I flag (test for warnings, line 68)
FAIL: gcc.dg/format-ext-2.c bad use of I flag (test for warnings, line 69)
FAIL: gcc.dg/format-ext-2.c bad use of I flag (test for warnings, line 70)
FAIL: gcc.dg/format-ext-2.c bad use of I flag (test for warnings, line 71)
FAIL: gcc.dg/format-ext-2.c bad use of I flag (test for warnings, line 72)
FAIL: gcc.dg/format-ext-2.c bad use of I flag (test for warnings, line 73)
FAIL: gcc.dg/format-ext-2.c bad use of I flag (test for warnings, line 74)
FAIL: gcc.dg/format-ext-2.c bad use of I flag (test for warnings, line 75)
FAIL: gcc.dg/format-ext-2.c bad use of I flag (test for warnings, line 76)
FAIL: gcc.dg/format-ext-2.c bad use of I flag (test for warnings, line 77)
FAIL: gcc.dg/format-ext-2.c bad use of I flag (test for warnings, line 78)
FAIL: gcc.dg/format-ext-2.c (test for excess errors)
FAIL: gcc.dg/format-ext-3.c bad %F (test for warnings, line 48)
FAIL: gcc.dg/format-ext-3.c bad %F (test for warnings, line 49)
FAIL: gcc.dg/format-ext-3.c bad %F (test for warnings, line 50)
FAIL: gcc.dg/format-ext-3.c bad %F (test for warnings, line 51)
FAIL: gcc.dg/format-ext-3.c bad %z (test for warnings, line 84)
FAIL: gcc.dg/format-ext-3.c bad %z (test for warnings, line 85)
FAIL: gcc.dg/format-ext-3.c bad %z (test for warnings, line 86)
FAIL: gcc.dg/format-ext-3.c bad %z (test for warnings, line 87)
FAIL: gcc.dg/format-ext-3.c bad %F (test for warnings, line 134)
FAIL: gcc.dg/format-ext-3.c bad %F (test for warnings, line 135)
FAIL: gcc.dg/format-ext-3.c bad %-_ (test for warnings, line 215)
FAIL: gcc.dg/format-ext-3.c bad %-0 (test for warnings, line 216)
FAIL: gcc.dg/format-ext-3.c bad %_0 (test for warnings, line 217)
FAIL: gcc.dg/format-ext-3.c bad %^# (test for warnings, line 219)
FAIL: gcc.dg/format-ext-3.c (test for excess errors)
FAIL: gcc.dg/format-ext-5.c (test for excess errors)
FAIL: gcc.dg/format-miss-1.c printf attribute warning (test for warnings, line 16)
FAIL: gcc.dg/format-miss-1.c scanf attribute warning (test for warnings, line 25)
FAIL: gcc.dg/format-miss-1.c printf attribute warning 2 (test for warnings, line 41)
FAIL: gcc.dg/format-miss-1.c (test for excess errors)
FAIL: gcc.dg/format-xopen-1.c bad %jC (test for warnings, line 32)
FAIL: gcc.dg/format-xopen-1.c bad %zC (test for warnings, line 33)
FAIL: gcc.dg/format-xopen-1.c bad %tC (test for warnings, line 34)
FAIL: gcc.dg/format-xopen-1.c bad %'C (test for warnings, line 41)
FAIL: gcc.dg/format-xopen-1.c bad %jS (test for warnings, line 49)
FAIL: gcc.dg/format-xopen-1.c bad %zS (test for warnings, line 50)
FAIL: gcc.dg/format-xopen-1.c bad %tS (test for warnings, line 51)
FAIL: gcc.dg/format-xopen-1.c bad %'S (test for warnings, line 58)
FAIL: gcc.dg/format-xopen-1.c bad %jC (test for warnings, line 67)
FAIL: gcc.dg/format-xopen-1.c bad %zC (test for warnings, line 68)
FAIL: gcc.dg/format-xopen-1.c bad %tC (test for warnings, line 69)
FAIL: gcc.dg/format-xopen-1.c bad %jS (test for warnings, line 75)
FAIL: gcc.dg/format-xopen-1.c bad %zS (test for warnings, line 76)
FAIL: gcc.dg/format-xopen-1.c bad %tS (test for warnings, line 77)
FAIL: gcc.dg/format-xopen-1.c bad use of ' flag (test for warnings, line 85)
FAIL: gcc.dg/format-xopen-1.c bad use of ' flag (test for warnings, line 86)
FAIL: gcc.dg/format-xopen-1.c bad use of ' flag (test for warnings, line 87)
FAIL: gcc.dg/format-xopen-1.c bad use of ' flag (test for warnings, line 88)
FAIL: gcc.dg/format-xopen-1.c bad use of ' flag (test for warnings, line 89)
FAIL: gcc.dg/format-xopen-1.c bad use of ' flag (test for warnings, line 90)
FAIL: gcc.dg/format-xopen-1.c bad use of ' flag (test for warnings, line 91)
FAIL: gcc.dg/format-xopen-1.c bad use of ' flag (test for warnings, line 92)
FAIL: gcc.dg/format-xopen-1.c bad use of ' flag (test for warnings, line 93)
FAIL: gcc.dg/format-xopen-1.c bad use of ' flag (test for warnings, line 94)
FAIL: gcc.dg/format-xopen-1.c bad use of ' flag (test for warnings, line 95)
FAIL: gcc.dg/format-xopen-1.c mismatched args with $ format (test for warnings, line 103)
FAIL: gcc.dg/format-xopen-1.c mixing $ and non-$ formats (test for warnings, line 107)
FAIL: gcc.dg/format-xopen-1.c mixing $ and non-$ formats (test for warnings, line 109)
FAIL: gcc.dg/format-xopen-1.c mixing $ and non-$ formats (test for warnings, line 110)
FAIL: gcc.dg/format-xopen-1.c mixing $ and non-$ formats (test for warnings, line 111)
FAIL: gcc.dg/format-xopen-1.c mixing $ and non-$ formats (test for warnings, line 112)
FAIL: gcc.dg/format-xopen-1.c unused $ operand (test for warnings, line 116)
FAIL: gcc.dg/format-xopen-1.c unused $ operand (test for warnings, line 117)
FAIL: gcc.dg/format-xopen-1.c unused $ operand (test for warnings, line 118)
FAIL: gcc.dg/format-xopen-1.c operand number with suppression (test for warnings, line 119)
FAIL: gcc.dg/format-xopen-1.c multiple use of scanf argument (test for warnings, line 121)
FAIL: gcc.dg/format-xopen-1.c (test for excess errors)
FAIL: gcc.dg/formatz-1.c bogus scanf warning (test for bogus messages, line 15)
FAIL: gcc.dg/formatz-1.c bogus printf warning (test for bogus messages, line 22)
FAIL: gcc.dg/qual-return-1.c int decl (test for warnings, line 8)
FAIL: gcc.dg/qual-return-1.c int ptr (test for warnings, line 9)
FAIL: gcc.dg/qual-return-1.c int defn (test for warnings, line 10)
FAIL: gcc.dg/qual-return-1.c void decl (test for warnings, line 12)
FAIL: gcc.dg/qual-return-1.c void ptr (test for warnings, line 13)
FAIL: gcc.dg/qual-return-1.c void defn (test for warnings, line 14)
FAIL: gcc.dg/qual-return-1.c restrict decl (test for warnings, line 22)
FAIL: gcc.dg/qual-return-1.c restrict ptr (test for warnings, line 23)
FAIL: gcc.dg/qual-return-1.c restrict defn (test for warnings, line 24)
FAIL: gcc.dg/qual-return-1.c (test for excess errors)
FAIL: gcc.dg/qual-return-2.c volatile ptr (test for warnings, line 13)
FAIL: gcc.dg/sequence-pt-1.c sequence point warning (test for warnings, line 26)
FAIL: gcc.dg/sequence-pt-1.c sequence point warning (test for warnings, line 27)
FAIL: gcc.dg/sequence-pt-1.c sequence point warning (test for warnings, line 28)
FAIL: gcc.dg/sequence-pt-1.c sequence point warning (test for warnings, line 29)
FAIL: gcc.dg/sequence-pt-1.c sequence point warning (test for warnings, line 30)
FAIL: gcc.dg/sequence-pt-1.c sequence point warning (test for warnings, line 31)
FAIL: gcc.dg/sequence-pt-1.c sequence point warning (test for warnings, line 32)
FAIL: gcc.dg/sequence-pt-1.c sequence point warning (test for warnings, line 34)
FAIL: gcc.dg/sequence-pt-1.c sequence point warning (test for warnings, line 35)
FAIL: gcc.dg/sequence-pt-1.c sequence point warning (test for warnings, line 37)
FAIL: gcc.dg/sequence-pt-1.c sequence point warning (test for warnings, line 38)
FAIL: gcc.dg/sequence-pt-1.c sequence point warning (test for warnings, line 39)
FAIL: gcc.dg/sequence-pt-1.c sequence point warning (test for warnings, line 40)
FAIL: gcc.dg/sequence-pt-1.c sequence point warning (test for warnings, line 41)
FAIL: gcc.dg/sequence-pt-1.c sequence point warning (test for warnings, line 42)
FAIL: gcc.dg/sequence-pt-1.c sequence point warning (test for warnings, line 43)
FAIL: gcc.dg/sequence-pt-1.c sequence point warning (test for warnings, line 44)
FAIL: gcc.dg/sequence-pt-1.c sequence point warning (test for warnings, line 45)
FAIL: gcc.dg/sequence-pt-1.c sequence point warning (test for warnings, line 46)
FAIL: gcc.dg/sequence-pt-1.c sequence point warning (test for warnings, line 47)
FAIL: gcc.dg/sequence-pt-1.c sequence point warning (test for warnings, line 48)
FAIL: gcc.dg/sequence-pt-1.c sequence point warning (test for warnings, line 49)
FAIL: gcc.dg/sequence-pt-1.c sequence point warning (test for warnings, line 50)
FAIL: gcc.dg/sequence-pt-1.c sequence point warning (test for warnings, line 51)
FAIL: gcc.dg/sequence-pt-1.c sequence point warning (test for warnings, line 52)
FAIL: gcc.dg/sequence-pt-1.c sequence point warning (test for warnings, line 53)
FAIL: gcc.dg/sequence-pt-1.c sequence point warning (test for warnings, line 54)
FAIL: gcc.dg/sequence-pt-1.c sequence point warning (test for warnings, line 55)
FAIL: gcc.dg/sequence-pt-1.c sequence point warning (test for warnings, line 56)
FAIL: gcc.dg/sequence-pt-1.c sequence point warning (test for warnings, line 57)
FAIL: gcc.dg/sequence-pt-1.c sequence point warning (test for warnings, line 58)
FAIL: gcc.dg/sequence-pt-1.c sequence point warning (test for warnings, line 59)
FAIL: gcc.dg/sequence-pt-1.c sequence point warning (test for warnings, line 60)
FAIL: gcc.dg/sequence-pt-1.c sequence point warning (test for warnings, line 61)
FAIL: gcc.dg/sequence-pt-1.c sequence point warning (test for warnings, line 62)
FAIL: gcc.dg/sequence-pt-1.c sequence point warning (test for warnings, line 63)
FAIL: gcc.dg/sequence-pt-1.c sequence point warning (test for warnings, line 64)
FAIL: gcc.dg/sequence-pt-1.c sequence point warning (test for warnings, line 65)
FAIL: gcc.dg/sequence-pt-1.c sequence point warning (test for warnings, line 66)
FAIL: gcc.dg/sequence-pt-1.c (test for excess errors)
FAIL: gcc.dg/unused-3.c unused variable warning (test for warnings, line 8)
FAIL: gcc.dg/va-arg-1.c char (test for errors, line 10)
FAIL: gcc.dg/va-arg-1.c short (test for errors, line 11)
FAIL: gcc.dg/va-arg-1.c float (test for errors, line 12)
FAIL: gcc.dg/wtr-aggr-init-1.c automatic aggregate initialization (test for warnings, line 19)
FAIL: gcc.dg/wtr-escape-1.c (test for excess errors)
FAIL: gcc.dg/wtr-int-type-1.c (test for excess errors)
FAIL: gcc.dg/wtr-label-1.c label conflicts with identifier (test for warnings, line 21)
FAIL: gcc.dg/wtr-label-1.c label conflicts with identifier (test for warnings, line 22)
FAIL: gcc.dg/wtr-label-1.c label conflicts with identifier (test for warnings, line 23)
FAIL: gcc.dg/wtr-label-1.c label conflicts with identifier (test for warnings, line 24)
FAIL: gcc.dg/wtr-label-1.c label conflicts with identifier (test for warnings, line 25)
FAIL: gcc.dg/wtr-label-1.c label conflicts with identifier (test for warnings, line 26)
FAIL: gcc.dg/wtr-strcat-1.c string concatenation (test for warnings, line 12)
FAIL: gcc.dg/wtr-suffix-1.c numeric constant suffix (test for warnings, line 15)
FAIL: gcc.dg/wtr-suffix-1.c numeric constant suffix (test for warnings, line 16)
FAIL: gcc.dg/wtr-suffix-1.c numeric constant suffix (test for warnings, line 18)
FAIL: gcc.dg/wtr-suffix-1.c numeric constant suffix (test for warnings, line 19)
FAIL: gcc.dg/wtr-suffix-1.c numeric constant suffix (test for warnings, line 20)
FAIL: gcc.dg/wtr-suffix-1.c numeric constant suffix (test for warnings, line 21)
FAIL: gcc.dg/wtr-switch-1.c (test for excess errors)
FAIL: gcc.dg/wtr-unary-plus-1.c unary plus operator (test for warnings, line 12)
FAIL: gcc.dg/wtr-unary-plus-1.c unary plus operator (test for warnings, line 13)
FAIL: gcc.dg/wtr-union-init-1.c initialization of unions (test for warnings, line 18)
FAIL: gcc.dg/wtr-union-init-2.c initialization of unions (test for warnings, line 27)
FAIL: gcc.dg/wtr-union-init-2.c initialization of unions (test for warnings, line 28)
FAIL: gcc.dg/wtr-union-init-2.c initialization of unions (test for warnings, line 31)
FAIL: gcc.dg/wtr-union-init-2.c initialization of unions (test for warnings, line 32)
XPASS: gcc.dg/wtr-union-init-3.c initialization of unions (test for bogus messages, line 44)
FAIL: gcc.dg/wtr-union-init-3.c initialization of unions (test for warnings, line 45)
XPASS: gcc.dg/wtr-union-init-3.c initialization of unions (test for bogus messages, line 47)
FAIL: gcc.dg/wtr-union-init-3.c initialization of unions (test for warnings, line 48)
FAIL: gcc.dg/wtr-union-init-3.c initialization of unions (test for warnings, line 51)
FAIL: gcc.dg/noncompile/920616-2.c  (test for errors, line 1)
FAIL: gcc.dg/noncompile/920616-2.c (test for excess errors)
FAIL: gcc.dg/noncompile/920616-2.c  (test for errors, line 1)
FAIL: gcc.dg/noncompile/920616-2.c (test for excess errors)
FAIL: gcc.dg/noncompile/920616-2.c  (test for errors, line 1)
FAIL: gcc.dg/noncompile/920616-2.c (test for excess errors)
FAIL: gcc.dg/noncompile/920616-2.c  (test for errors, line 1)
FAIL: gcc.dg/noncompile/920616-2.c (test for excess errors)
FAIL: gcc.dg/noncompile/920616-2.c  (test for errors, line 1)
FAIL: gcc.dg/noncompile/920616-2.c (test for excess errors)
FAIL: gcc.dg/noncompile/920616-2.c  (test for errors, line 1)
FAIL: gcc.dg/noncompile/920616-2.c (test for excess errors)
FAIL: gcc.dg/noncompile/920923-1.c (test for excess errors)
FAIL: gcc.dg/noncompile/920923-1.c (test for excess errors)
FAIL: gcc.dg/noncompile/920923-1.c (test for excess errors)
FAIL: gcc.dg/noncompile/920923-1.c (test for excess errors)
FAIL: gcc.dg/noncompile/920923-1.c (test for excess errors)
FAIL: gcc.dg/noncompile/920923-1.c (test for excess errors)
FAIL: gcc.dg/noncompile/920923-1.c (test for excess errors)
FAIL: gcc.dg/noncompile/920923-1.c (test for excess errors)
FAIL: gcc.dg/noncompile/921116-1.c  (test for errors, line 1)
FAIL: gcc.dg/noncompile/921116-1.c (test for excess errors)
FAIL: gcc.dg/noncompile/921116-1.c  (test for errors, line 1)
FAIL: gcc.dg/noncompile/921116-1.c (test for excess errors)
FAIL: gcc.dg/noncompile/921116-1.c  (test for errors, line 1)
FAIL: gcc.dg/noncompile/921116-1.c (test for excess errors)
FAIL: gcc.dg/noncompile/921116-1.c  (test for errors, line 1)
FAIL: gcc.dg/noncompile/921116-1.c (test for excess errors)
FAIL: gcc.dg/noncompile/921116-1.c  (test for errors, line 1)
FAIL: gcc.dg/noncompile/921116-1.c (test for excess errors)
FAIL: gcc.dg/noncompile/921116-1.c  (test for errors, line 1)
FAIL: gcc.dg/noncompile/921116-1.c (test for excess errors)
FAIL: gcc.dg/noncompile/930622-2.c  (test for errors, line 4)
FAIL: gcc.dg/noncompile/930622-2.c (test for excess errors)
FAIL: gcc.dg/noncompile/930622-2.c  (test for errors, line 4)
FAIL: gcc.dg/noncompile/930622-2.c (test for excess errors)
FAIL: gcc.dg/noncompile/930622-2.c  (test for errors, line 4)
FAIL: gcc.dg/noncompile/930622-2.c (test for excess errors)
FAIL: gcc.dg/noncompile/930622-2.c  (test for errors, line 4)
FAIL: gcc.dg/noncompile/930622-2.c (test for excess errors)
FAIL: gcc.dg/noncompile/930622-2.c  (test for errors, line 4)
FAIL: gcc.dg/noncompile/930622-2.c (test for excess errors)
FAIL: gcc.dg/noncompile/930622-2.c  (test for errors, line 4)
FAIL: gcc.dg/noncompile/930622-2.c (test for excess errors)
FAIL: gcc.dg/noncompile/930622-2.c  (test for errors, line 4)
FAIL: gcc.dg/noncompile/930622-2.c (test for excess errors)
FAIL: gcc.dg/noncompile/930622-2.c  (test for errors, line 4)
FAIL: gcc.dg/noncompile/930622-2.c (test for excess errors)
FAIL: gcc.dg/noncompile/950825-1.c (test for excess errors)
FAIL: gcc.dg/noncompile/971104-1.c (test for excess errors)
FAIL: gcc.dg/noncompile/971104-1.c (test for excess errors)
FAIL: gcc.dg/noncompile/971104-1.c (test for excess errors)
FAIL: gcc.dg/noncompile/990416-1.c (test for excess errors)
FAIL: gcc.dg/noncompile/990416-1.c (test for excess errors)
FAIL: gcc.dg/noncompile/990416-1.c (test for excess errors)
FAIL: gcc.dg/noncompile/990416-1.c (test for excess errors)
FAIL: gcc.dg/noncompile/990416-1.c (test for excess errors)
FAIL: gcc.dg/noncompile/const-ll-1.c error for LUL suffix (test for errors, line 23)
FAIL: gcc.dg/noncompile/const-ll-1.c error for Ll suffix (test for errors, line 24)
FAIL: gcc.dg/noncompile/const-ll-1.c error for LUL suffix (test for errors, line 23)
FAIL: gcc.dg/noncompile/const-ll-1.c error for Ll suffix (test for errors, line 24)
FAIL: gcc.dg/noncompile/const-ll-1.c error for LUL suffix (test for errors, line 23)
FAIL: gcc.dg/noncompile/const-ll-1.c error for Ll suffix (test for errors, line 24)
FAIL: gcc.dg/noncompile/const-ll-1.c error for LUL suffix (test for errors, line 23)
FAIL: gcc.dg/noncompile/const-ll-1.c error for Ll suffix (test for errors, line 24)
FAIL: gcc.dg/noncompile/const-ll-1.c error for LUL suffix (test for errors, line 23)
FAIL: gcc.dg/noncompile/const-ll-1.c error for Ll suffix (test for errors, line 24)
FAIL: gcc.dg/noncompile/const-ll-1.c error for LUL suffix (test for errors, line 23)
FAIL: gcc.dg/noncompile/const-ll-1.c error for Ll suffix (test for errors, line 24)
FAIL: gcc.dg/noncompile/label-lineno-1.c label lineno (test for errors, line 11)
FAIL: gcc.dg/noncompile/label-lineno-1.c (test for excess errors)
FAIL: gcc.dg/noncompile/label-lineno-1.c label lineno (test for errors, line 11)
FAIL: gcc.dg/noncompile/label-lineno-1.c (test for excess errors)
FAIL: gcc.dg/noncompile/label-lineno-1.c label lineno (test for errors, line 11)
FAIL: gcc.dg/noncompile/label-lineno-1.c (test for excess errors)
FAIL: gcc.dg/noncompile/label-lineno-1.c label lineno (test for errors, line 11)
FAIL: gcc.dg/noncompile/label-lineno-1.c (test for excess errors)
FAIL: gcc.dg/noncompile/label-lineno-1.c label lineno (test for errors, line 11)
FAIL: gcc.dg/noncompile/label-lineno-1.c (test for excess errors)
FAIL: gcc.dg/noncompile/label-lineno-1.c label lineno (test for errors, line 11)
FAIL: gcc.dg/noncompile/label-lineno-1.c (test for excess errors)
FAIL: gcc.dg/noncompile/redecl-1.c (test for excess errors)
FAIL: gcc.dg/noncompile/redecl-1.c (test for excess errors)
FAIL: gcc.dg/noncompile/redecl-1.c (test for excess errors)
FAIL: gcc.dg/noncompile/redecl-1.c (test for excess errors)
FAIL: gcc.dg/noncompile/redecl-1.c (test for excess errors)
FAIL: gcc.dg/noncompile/voidparam-1.c const void decl (test for errors, line 7)
FAIL: gcc.dg/noncompile/voidparam-1.c const void decl (test for errors, line 8)
FAIL: gcc.dg/noncompile/voidparam-1.c volatile void decl (test for errors, line 9)
FAIL: gcc.dg/noncompile/voidparam-1.c volatile void decl (test for errors, line 10)
FAIL: gcc.dg/noncompile/voidparam-1.c register void decl (test for errors, line 11)
FAIL: gcc.dg/noncompile/voidparam-1.c const void defn (test for errors, line 13)
FAIL: gcc.dg/noncompile/voidparam-1.c const void defn (test for errors, line 14)
FAIL: gcc.dg/noncompile/voidparam-1.c volatile void defn (test for errors, line 15)
FAIL: gcc.dg/noncompile/voidparam-1.c volatile void defn (test for errors, line 16)
FAIL: gcc.dg/noncompile/voidparam-1.c register void defn (test for errors, line 17)
FAIL: gcc.dg/noncompile/voidparam-1.c const void decl (test for errors, line 7)
FAIL: gcc.dg/noncompile/voidparam-1.c const void decl (test for errors, line 8)
FAIL: gcc.dg/noncompile/voidparam-1.c volatile void decl (test for errors, line 9)
FAIL: gcc.dg/noncompile/voidparam-1.c volatile void decl (test for errors, line 10)
FAIL: gcc.dg/noncompile/voidparam-1.c register void decl (test for errors, line 11)
FAIL: gcc.dg/noncompile/voidparam-1.c const void defn (test for errors, line 13)
FAIL: gcc.dg/noncompile/voidparam-1.c const void defn (test for errors, line 14)
FAIL: gcc.dg/noncompile/voidparam-1.c volatile void defn (test for errors, line 15)
FAIL: gcc.dg/noncompile/voidparam-1.c volatile void defn (test for errors, line 16)
FAIL: gcc.dg/noncompile/voidparam-1.c register void defn (test for errors, line 17)
FAIL: gcc.dg/noncompile/voidparam-1.c const void decl (test for errors, line 7)
FAIL: gcc.dg/noncompile/voidparam-1.c const void decl (test for errors, line 8)
FAIL: gcc.dg/noncompile/voidparam-1.c volatile void decl (test for errors, line 9)
FAIL: gcc.dg/noncompile/voidparam-1.c volatile void decl (test for errors, line 10)
FAIL: gcc.dg/noncompile/voidparam-1.c register void decl (test for errors, line 11)
FAIL: gcc.dg/noncompile/voidparam-1.c const void defn (test for errors, line 13)
FAIL: gcc.dg/noncompile/voidparam-1.c const void defn (test for errors, line 14)
FAIL: gcc.dg/noncompile/voidparam-1.c volatile void defn (test for errors, line 15)
FAIL: gcc.dg/noncompile/voidparam-1.c volatile void defn (test for errors, line 16)
FAIL: gcc.dg/noncompile/voidparam-1.c register void defn (test for errors, line 17)
FAIL: gcc.dg/noncompile/voidparam-1.c const void decl (test for errors, line 7)
FAIL: gcc.dg/noncompile/voidparam-1.c const void decl (test for errors, line 8)
FAIL: gcc.dg/noncompile/voidparam-1.c volatile void decl (test for errors, line 9)
FAIL: gcc.dg/noncompile/voidparam-1.c volatile void decl (test for errors, line 10)
FAIL: gcc.dg/noncompile/voidparam-1.c register void decl (test for errors, line 11)
FAIL: gcc.dg/noncompile/voidparam-1.c const void defn (test for errors, line 13)
FAIL: gcc.dg/noncompile/voidparam-1.c const void defn (test for errors, line 14)
FAIL: gcc.dg/noncompile/voidparam-1.c volatile void defn (test for errors, line 15)
FAIL: gcc.dg/noncompile/voidparam-1.c volatile void defn (test for errors, line 16)
FAIL: gcc.dg/noncompile/voidparam-1.c register void defn (test for errors, line 17)
FAIL: gcc.dg/noncompile/voidparam-1.c const void decl (test for errors, line 7)
FAIL: gcc.dg/noncompile/voidparam-1.c const void decl (test for errors, line 8)
FAIL: gcc.dg/noncompile/voidparam-1.c volatile void decl (test for errors, line 9)
FAIL: gcc.dg/noncompile/voidparam-1.c volatile void decl (test for errors, line 10)
FAIL: gcc.dg/noncompile/voidparam-1.c register void decl (test for errors, line 11)
FAIL: gcc.dg/noncompile/voidparam-1.c const void defn (test for errors, line 13)
FAIL: gcc.dg/noncompile/voidparam-1.c const void defn (test for errors, line 14)
FAIL: gcc.dg/noncompile/voidparam-1.c volatile void defn (test for errors, line 15)
FAIL: gcc.dg/noncompile/voidparam-1.c volatile void defn (test for errors, line 16)
FAIL: gcc.dg/noncompile/voidparam-1.c register void defn (test for errors, line 17)
FAIL: gcc.dg/noncompile/voidparam-1.c const void decl (test for errors, line 7)
FAIL: gcc.dg/noncompile/voidparam-1.c const void decl (test for errors, line 8)
FAIL: gcc.dg/noncompile/voidparam-1.c volatile void decl (test for errors, line 9)
FAIL: gcc.dg/noncompile/voidparam-1.c volatile void decl (test for errors, line 10)
FAIL: gcc.dg/noncompile/voidparam-1.c register void decl (test for errors, line 11)
FAIL: gcc.dg/noncompile/voidparam-1.c const void defn (test for errors, line 13)
FAIL: gcc.dg/noncompile/voidparam-1.c const void defn (test for errors, line 14)
FAIL: gcc.dg/noncompile/voidparam-1.c volatile void defn (test for errors, line 15)
FAIL: gcc.dg/noncompile/voidparam-1.c volatile void defn (test for errors, line 16)
FAIL: gcc.dg/noncompile/voidparam-1.c register void defn (test for errors, line 17)

		=== gcc Summary ===

# of expected passes		12052
# of unexpected failures	963
# of unexpected successes	2
# of expected failures		78
# of unresolved testcases	37
# of unsupported tests		25
/devel/src/gcc-2.95.3-test5.obj/gcc/xgcc version 2.95.3 20010312 (prerelease)

		=== g++ tests ===


Running target unix
FAIL: g++.benjamin/13478.C candidate (test for errors, line 22)
FAIL: g++.benjamin/14687.C (test for excess errors)
FAIL: g++.benjamin/scope01.C L is ambiguous base (test for errors, line 22)
FAIL: g++.benjamin/scope01.C L is ambiguous base (test for errors, line 23)
FAIL: g++.brendan/crash63.C cannot pass non-pod (test for warnings, line 15)
FAIL: g++.brendan/crash64.C cannot pass non-pod (test for warnings, line 19)
FAIL: g++.brendan/crash8.C in template.* (test for errors, line 4)
FAIL: g++.brendan/crash8.C (test for excess errors)
FAIL: g++.brendan/crash9.C (test for excess errors)
FAIL: g++.brendan/enum6.C within this context (test for errors, line 14)
FAIL: g++.brendan/misc15.C conversion to A is ambiguous (test for errors, line 12)
FAIL: g++.brendan/overload8.C cannot pass non pod (test for warnings, line 9)
FAIL: g++.brendan/parse4.C - referenced below (test for bogus messages, line 15)
XPASS: g++.brendan/parse4.C - treated as decl (test for bogus messages, line 22)
FAIL: g++.brendan/scope1.C (test for excess errors)
XPASS: g++.bugs/900205_03.C  (test for errors, line 28)
XPASS: g++.bugs/900205_03.C  (test for errors, line 31)
FAIL: g++.bugs/900215_01.C (test for excess errors)
FAIL: g++.bugs/900227_01.C small integer (test for warnings, line 35)
FAIL: g++.bugs/900227_01.C small integer (test for warnings, line 36)
FAIL: g++.bugs/900428_01.C reference not accessed (test for warnings, line 49)
FAIL: g++.bugs/900428_01.C reference not accessed (test for warnings, line 50)
FAIL: g++.bugs/900428_01.C reference not accessed (test for warnings, line 51)
FAIL: g++.bugs/900428_01.C reference not accessed (test for warnings, line 52)
FAIL: g++.bugs/900428_01.C reference not accessed (test for warnings, line 53)
FAIL: g++.bugs/900428_01.C reference not accessed (test for warnings, line 58)
FAIL: g++.bugs/900428_01.C reference not accessed (test for warnings, line 99)
FAIL: g++.bugs/900428_01.C reference not accessed (test for warnings, line 131)
FAIL: g++.bugs/900428_01.C reference not accessed (test for warnings, line 132)
FAIL: g++.bugs/900428_01.C reference not accessed (test for warnings, line 133)
FAIL: g++.bugs/900428_01.C reference not accessed (test for warnings, line 134)
FAIL: g++.bugs/900428_01.C reference not accessed (test for warnings, line 135)
FAIL: g++.bugs/900428_01.C reference not accessed (test for warnings, line 140)
FAIL: g++.bugs/900428_01.C reference not accessed (test for warnings, line 163)
FAIL: g++.bugs/900428_01.C (test for excess errors)
FAIL: g++.eh/badalloc1.C  Execution test
FAIL: g++.eh/catch1.C forward decl (test for errors, line 8)
FAIL: g++.eh/catch1.C undefined type (test for errors, line 13)
FAIL: g++.eh/catch10.C ... followed by others (test for errors, line 11)
FAIL: g++.eh/catch10.C A* before B* (test for warnings, line 15)
FAIL: g++.eh/catch10.C A* before B* (test for warnings, line 16)
FAIL: g++.eh/catch10.C (test for excess errors)
FAIL: g++.eh/catch11.C  Execution test
FAIL: g++.eh/catch12.C  Execution test
FAIL: g++.eh/catch3.C  Execution test
FAIL: g++.eh/catch3p.C  Execution test
FAIL: g++.eh/catch4.C  Execution test
FAIL: g++.eh/catch4p.C  Execution test
FAIL: g++.eh/catch5.C  Execution test
FAIL: g++.eh/catch5p.C  Execution test
FAIL: g++.eh/catch6.C  Execution test
FAIL: g++.eh/catch6p.C  Execution test
FAIL: g++.eh/catch7.C  Execution test
FAIL: g++.eh/catch7p.C  Execution test
FAIL: g++.eh/catch8.C  Execution test
FAIL: g++.eh/catch8p.C  Execution test
FAIL: g++.eh/catch9.C  Execution test
FAIL: g++.eh/catch9p.C  Execution test
FAIL: g++.eh/catchptr1.C  Execution test
FAIL: g++.eh/cond1.C (test for excess errors)
FAIL: g++.eh/fntry1.C  Execution test
FAIL: g++.eh/rethrow6.C  Execution test
FAIL: g++.eh/spec6.C forward declaration.* (test for errors, line 10)
FAIL: g++.eh/spec6.C invalid use of undefined type (test for errors, line 11)
FAIL: g++.eh/spec6.C invalid use of undefined type (test for errors, line 12)
FAIL: g++.eh/spec6.C invalid use of undefined tyoe (test for errors, line 13)
FAIL: g++.eh/spec6.C invalid use of void expression (test for errors, line 14)
FAIL: g++.eh/spec6.C invalid use of void (test for errors, line 22)
FAIL: g++.eh/spec6.C invalid use of void expression (test for errors, line 24)
FAIL: g++.eh/spec6.C overriding (test for errors, line 83)
FAIL: g++.eh/spec6.C overriding (pedantically) (test for errors, line 87)
FAIL: g++.eh/spec6.C overriding (test for errors, line 88)
FAIL: g++.eh/spec6.C overriding (test for errors, line 89)
FAIL: g++.eh/spec6.C overriding (test for errors, line 90)
FAIL: g++.eh/spec6.C overriding (test for errors, line 91)
FAIL: g++.eh/spec6.C overriding (test for errors, line 92)
FAIL: g++.eh/spec6.C looser throw - A::foo (test for errors, line 100)
FAIL: g++.eh/spec6.C looser (pedantically) (test for errors, line 104)
FAIL: g++.eh/spec6.C looser throw - A::quux() (test for errors, line 105)
FAIL: g++.eh/spec6.C looser throw - A::quux(int) (test for errors, line 106)
FAIL: g++.eh/spec6.C looser throw - A::wibble (test for errors, line 107)
FAIL: g++.eh/spec6.C looser throw - A::wobble() (test for errors, line 108)
FAIL: g++.eh/spec6.C looser throw - A::wobble(int) (test for errors, line 109)
FAIL: g++.eh/spec6.C overriding (test for errors, line 117)
FAIL: g++.eh/spec6.C looser throw - A::foo (test for errors, line 127)
FAIL: g++.eh/spec6.C looser throw - A1::bar (test for errors, line 128)
FAIL: g++.eh/spec6.C ANSI C++ forbids (test for errors, line 142)
FAIL: g++.eh/spec6.C (test for excess errors)
FAIL: g++.ext/addrfunc1.C (test for excess errors)
FAIL: g++.ext/addrfunc2.C (test for excess errors)
FAIL: g++.ext/addrfunc4.C (test for excess errors)
FAIL: g++.ext/anon1.C (test for excess errors)
FAIL: g++.ext/anon2.C struct with constructor in union (test for errors, line 11)
FAIL: g++.ext/anon2.C (test for excess errors)
FAIL: g++.ext/array3.C caused compiler crash
FAIL: g++.ext/comint1.C (test for excess errors)
FAIL: g++.ext/instantiate1.C not instantiated (test for errors, line 20)
FAIL: g++.ext/instantiate3.C not instantiated (test for errors, line 13)
FAIL: g++.ext/label1.C  Execution test
FAIL: g++.ext/label2.C (test for excess errors)
FAIL: g++.ext/pretty2.C  Execution test
FAIL: g++.ext/pretty3.C  Execution test
FAIL: g++.ext/pretty4.C (test for excess errors)
FAIL: g++.ext/realpt1.C (test for excess errors)
FAIL: g++.ext/restrict1.C (test for excess errors)
FAIL: g++.ext/typename1.C (test for excess errors)
FAIL: g++.jason/ctor1.C (test for excess errors)
FAIL: g++.jason/new3.C (test for excess errors)
FAIL: g++.jason/report.C private (test for errors, line 43)
FAIL: g++.jason/report.C qualifiers (test for errors, line 47)
FAIL: g++.jason/report.C in this context (test for errors, line 50)
FAIL: g++.jason/report.C in this context (test for errors, line 51)
FAIL: g++.jason/report.C (test for excess errors)
FAIL: g++.jason/rfg20.C no conversion from pfn to void* (test for errors, line 9)
FAIL: g++.law/access5.C private (test for errors, line 16)
FAIL: g++.law/access5.C in this context (test for errors, line 22)
FAIL: g++.law/arm14.C within this context (test for errors, line 21)
XPASS: g++.law/operators17.C  (test for errors, line 11)
FAIL: g++.law/profile1.C (test for excess errors)
FAIL: g++.law/visibility26.C (test for excess errors)
FAIL: g++.martin/crash1.C caused compiler crash
FAIL: g++.martin/pmf1.C  Execution test
FAIL: g++.martin/pmf2.C (test for excess errors)
FAIL: g++.martin/pure1.C called in a destructor (test for errors, line 7)
FAIL: g++.mike/for3.C shadows parm (test for warnings, line 5)
FAIL: g++.mike/for3.C (test for excess errors)
FAIL: g++.mike/net36.C candidate (test for errors, line 14)
FAIL: g++.mike/net5.C mismatch (test for warnings, line 5)
FAIL: g++.mike/p11110.C (test for excess errors)
FAIL: g++.mike/p646.C control reaches end (test for warnings, line 145)
FAIL: g++.mike/warn8.C  (test for warnings, line 16)
FAIL: g++.ns/koenig9.C caused compiler crash
FAIL: g++.ns/new1.C (test for excess errors)
FAIL: g++.ns/ns18.C (test for excess errors)
FAIL: g++.ns/overload3.C (test for excess errors)
FAIL: g++.ns/template10.C caused compiler crash
FAIL: g++.ns/template11.C (test for excess errors)
FAIL: g++.ns/template13.C previous declaration (test for errors, line 8)
FAIL: g++.ns/template13.C does not match declaration (test for errors, line 23)
FAIL: g++.ns/template14.C (test for excess errors)
FAIL: g++.ns/type1.C (test for excess errors)
FAIL: g++.ns/using14.C (test for excess errors)
FAIL: g++.oliva/ctor1.C (test for excess errors)
FAIL: g++.oliva/delete2.C  Execution test
FAIL: g++.oliva/delete3.C  Execution test
FAIL: g++.oliva/delete4.C  Execution test
FAIL: g++.oliva/delete5.C  Execution test
FAIL: g++.oliva/new1.C  Execution test
FAIL: g++.oliva/ns1.C - parse error (test for bogus messages, line 11)
FAIL: g++.oliva/overload1.C (test for excess errors)
FAIL: g++.oliva/template2.C - C<T> not a class (test for bogus messages, line 14)
FAIL: g++.oliva/template4.C - using c as constant (test for bogus messages, line 20)
FAIL: g++.oliva/template6.C caused compiler crash
FAIL: g++.oliva/template7.C - conversion from int to non-scalar (test for bogus messages, line 11)
FAIL: g++.oliva/typename1.C caused compiler crash
FAIL: g++.oliva/typename2.C (test for excess errors)
FAIL: g++.other/access7.C private (test for errors, line 7)
FAIL: g++.other/access7.C private (test for errors, line 8)
FAIL: g++.other/access7.C within this context (test for errors, line 22)
FAIL: g++.other/access7.C within this context (test for errors, line 23)
FAIL: g++.other/access7.C within this context (test for errors, line 30)
FAIL: g++.other/access7.C within this context (test for errors, line 31)
FAIL: g++.other/access7.C within this context (test for errors, line 32)
FAIL: g++.other/access8.C (test for excess errors)
FAIL: g++.other/ambig2.C A is an ambiguous base (test for errors, line 17)
FAIL: g++.other/ambig3.C (test for excess errors)
FAIL: g++.other/base1.C cv qualified (test for errors, line 19)
FAIL: g++.other/bitfld1.C (test for excess errors)
FAIL: g++.other/bitfld2.C array type as bitfield (test for errors, line 7)
FAIL: g++.other/bitfld2.C (test for excess errors)
FAIL: g++.other/bitfld4.C (test for excess errors)
FAIL: g++.other/bitfld5.C (test for excess errors)
FAIL: g++.other/cast3.C lose const (test for errors, line 24)
FAIL: g++.other/cast3.C lose const (test for errors, line 26)
FAIL: g++.other/cast3.C lose const (test for errors, line 28)
FAIL: g++.other/cast3.C lose const (test for errors, line 29)
FAIL: g++.other/cast3.C (test for excess errors)
FAIL: g++.other/cond1.C (test for excess errors)
FAIL: g++.other/cond5.C mismatch (test for warnings, line 25)
FAIL: g++.other/cond5.C mismatch (test for warnings, line 26)
FAIL: g++.other/cond5.C mismatch (test for warnings, line 27)
FAIL: g++.other/cond5.C (test for excess errors)
FAIL: g++.other/conv5.C adding const (test for errors, line 8)
FAIL: g++.other/conv6.C - distinct types (test for bogus messages, line 14)
FAIL: g++.other/conv6.C - distinct types (test for bogus messages, line 20)
FAIL: g++.other/conv6.C - distinct types (test for bogus messages, line 26)
FAIL: g++.other/crash17.C invalid declaration (test for errors, line 5)
FAIL: g++.other/crash24.C (test for excess errors)
FAIL: g++.other/crash25.C (test for excess errors)
FAIL: g++.other/crash26.C (test for excess errors)
FAIL: g++.other/crash28.C (test for excess errors)
FAIL: g++.other/crash31.C parse error (test for errors, line 11)
FAIL: g++.other/crash31.C (test for excess errors)
FAIL: g++.other/crash32.C (test for excess errors)
FAIL: g++.other/crash35.C (test for excess errors)
FAIL: g++.other/crash36.C must take void * (test for errors, line 20)
FAIL: g++.other/crash36.C (test for excess errors)
FAIL: g++.other/crash37.C (test for excess errors)
FAIL: g++.other/decl4.C (test for excess errors)
FAIL: g++.other/decl5.C (test for excess errors)
FAIL: g++.other/defarg3.C (test for excess errors)
FAIL: g++.other/deref1.C not a pointer to object (test for errors, line 11)
FAIL: g++.other/deref1.C not a pointer to object (test for errors, line 12)
FAIL: g++.other/dtor11.C  Execution test
FAIL: g++.other/dtor5.C  Execution test
FAIL: g++.other/dtor6.C  Execution test
FAIL: g++.other/dyncast1.C  Execution test
FAIL: g++.other/dyncast2.C  Execution test
FAIL: g++.other/dyncast4.C  Execution test
FAIL: g++.other/dyncast5.C  Execution test
FAIL: g++.other/dyncast6.C  Execution test
FAIL: g++.other/enum2.C previous def (test for errors, line 9)
FAIL: g++.other/enum2.C multiple def (test for errors, line 14)
FAIL: g++.other/enum2.C (test for excess errors)
FAIL: g++.other/explicit1.C no suitable constructor (test for errors, line 11)
FAIL: g++.other/explicit1.C (test for excess errors)
FAIL: g++.other/externC3.C (test for excess errors)
FAIL: g++.other/for2.C caused compiler crash
FAIL: g++.other/friend6.C (test for excess errors)
FAIL: g++.other/friend7.C (test for excess errors)
FAIL: g++.other/friend8.C friend must use aggr tag (test for errors, line 14)
FAIL: g++.other/friend9.C is private (test for errors, line 10)
FAIL: g++.other/friend9.C in this context (test for errors, line 15)
FAIL: g++.other/goto1.C skips initialization (test for errors, line 13)
FAIL: g++.other/goto1.C jump to label (test for errors, line 15)
FAIL: g++.other/goto3.C jumps (test for errors, line 7)
FAIL: g++.other/goto3.C into try (test for errors, line 8)
FAIL: g++.other/goto3.C jumps (test for errors, line 9)
FAIL: g++.other/goto3.C into catch (test for errors, line 10)
FAIL: g++.other/goto3.C  (test for errors, line 14)
FAIL: g++.other/goto3.C  (test for errors, line 15)
FAIL: g++.other/goto3.C  (test for errors, line 16)
FAIL: g++.other/goto3.C  (test for errors, line 17)
FAIL: g++.other/goto3.C  (test for errors, line 18)
FAIL: g++.other/goto3.C  (test for errors, line 19)
FAIL: g++.other/incomplete.C forward ref (test for errors, line 7)
FAIL: g++.other/incomplete.C incomplete (test for errors, line 15)
FAIL: g++.other/incomplete.C incomplete (test for errors, line 16)
FAIL: g++.other/init15.C caused compiler crash
XPASS: g++.other/init16.C (test for excess errors)
FAIL: g++.other/instan1.C (test for excess errors)
FAIL: g++.other/linkage3.C previous declaration (test for errors, line 4)
FAIL: g++.other/linkage3.C extern redeclared static (test for errors, line 5)
FAIL: g++.other/linkage6.C (test for excess errors)
FAIL: g++.other/lookup18.C (test for excess errors)
FAIL: g++.other/lookup19.C mismatch (test for errors, line 51)
FAIL: g++.other/lookup19.C (test for excess errors)
FAIL: g++.other/nested4.C caused compiler crash
FAIL: g++.other/op1.C caused compiler crash
FAIL: g++.other/overload11.C not suitable for overload resolution (test for errors, line 44)
FAIL: g++.other/overload11.C not suitable for overload (test for errors, line 83)
FAIL: g++.other/overload11.C not suitable for overload (test for errors, line 84)
FAIL: g++.other/overload12.C (test for excess errors)
FAIL: g++.other/ptrmem5.C conversion from vbase (test for errors, line 15)
FAIL: g++.other/ptrmem5.C conversion from vbase (test for errors, line 16)
FAIL: g++.other/ptrmem6.C (test for excess errors)
FAIL: g++.other/ptrmem7.C not ptr mem (test for errors, line 37)
FAIL: g++.other/ptrmem7.C not ptr mem (test for errors, line 38)
FAIL: g++.other/ptrmem7.C (test for excess errors)
FAIL: g++.other/ptrmem8.C pointer to member (test for warnings, line 37)
FAIL: g++.other/ptrmem8.C pointer to member (test for warnings, line 38)
FAIL: g++.other/ptrmem8.C pointer to member (test for warnings, line 53)
FAIL: g++.other/ptrmem8.C pointer to member (test for warnings, line 54)
FAIL: g++.other/qual1.C caused compiler crash
FAIL: g++.other/refinit1.C requires two UDCs (test for errors, line 17)
FAIL: g++.other/refinit2.C caused compiler crash
FAIL: g++.other/sizeof2.C member (test for errors, line 6)
FAIL: g++.other/sizeof2.C non-static data member (test for errors, line 12)
FAIL: g++.other/sizeof3.C (test for excess errors)
FAIL: g++.other/sizeof4.C incomplete (test for errors, line 25)
FAIL: g++.other/sizeof4.C incomplete (test for errors, line 26)
FAIL: g++.other/sizeof4.C incomplete (test for errors, line 29)
FAIL: g++.other/sizeof4.C incomplete (test for errors, line 30)
FAIL: g++.other/sizeof4.C cannot take size of function (test for errors, line 33)
FAIL: g++.other/sizeof4.C cannot take size of function (test for errors, line 34)
FAIL: g++.other/sizeof5.C ISO forbids, ERROR - invalid quals (test for errors, line 16)
FAIL: g++.other/static14.C (test for excess errors)
FAIL: g++.other/static5.C implicit declaration (test for errors, line 12)
FAIL: g++.other/struct1.C previous definition (test for errors, line 10)
FAIL: g++.other/struct1.C previous definition (test for errors, line 17)
FAIL: g++.other/struct1.C redefinition (test for errors, line 20)
FAIL: g++.other/struct1.C previous definition (test for errors, line 24)
FAIL: g++.other/struct1.C redefinition (test for errors, line 27)
FAIL: g++.other/struct1.C previous definition (test for errors, line 31)
FAIL: g++.other/struct1.C redefinition (test for errors, line 34)
FAIL: g++.other/struct1.C previous definition (test for errors, line 38)
FAIL: g++.other/struct1.C redefinition (test for errors, line 41)
FAIL: g++.other/struct1.C (test for excess errors)
FAIL: g++.other/syntax3.C (test for excess errors)
FAIL: g++.other/syntax4.C (test for excess errors)
FAIL: g++.other/typedef7.C (test for excess errors)
FAIL: g++.other/typedef8.C (test for excess errors)
FAIL: g++.other/union2.C  Execution test
FAIL: g++.other/union3.C  Execution test
FAIL: g++.other/union4.C multiple initializations (test for errors, line 10)
FAIL: g++.other/union4.C multiple initializations (test for errors, line 20)
FAIL: g++.other/union4.C (test for excess errors)
FAIL: g++.other/using2.C (test for excess errors)
FAIL: g++.other/using4.C (test for excess errors)
FAIL: g++.other/using6.C (test for excess errors)
FAIL: g++.other/using7.C (test for excess errors)
FAIL: g++.other/vaarg3.C forward decl (test for errors, line 12)
FAIL: g++.other/vaarg3.C promote (test for errors, line 23)
FAIL: g++.other/vaarg3.C promote (test for errors, line 26)
FAIL: g++.other/vaarg3.C cannot receive (test for warnings, line 16)
FAIL: g++.other/vaarg3.C cannot receive (test for warnings, line 17)
FAIL: g++.other/vaarg4.C (test for excess errors)
FAIL: g++.other/vbase2.C  Execution test
FAIL: g++.other/volatile1.C candidates (test for errors, line 5)
FAIL: g++.other/warn4.C (test for excess errors)
FAIL: g++.pt/array5.C caused compiler crash
FAIL: g++.pt/builtin.C (test for excess errors)
FAIL: g++.pt/cond2.C (test for excess errors)
FAIL: g++.pt/conv3.C no conversion from int to A. (test for errors, line 10)
FAIL: g++.pt/crash15.C (test for excess errors)
FAIL: g++.pt/crash41.C (test for excess errors)
FAIL: g++.pt/crash43.C typename as friend (test for errors, line 13)
FAIL: g++.pt/crash43.C typename as friend (test for errors, line 18)
FAIL: g++.pt/crash43.C typename as friend (test for errors, line 23)
FAIL: g++.pt/crash44.C friend must use tag (test for errors, line 8)
FAIL: g++.pt/crash44.C (test for excess errors)
FAIL: g++.pt/crash46.C (test for excess errors)
FAIL: g++.pt/crash47.C (test for excess errors)
FAIL: g++.pt/crash5.C forward declaration (test for errors, line 4)
FAIL: g++.pt/crash5.C (test for excess errors)
FAIL: g++.pt/crash56.C caused compiler crash
FAIL: g++.pt/crash57.C caused compiler crash
FAIL: g++.pt/crash58.C caused compiler crash
FAIL: g++.pt/crash60.C no match (test for errors, line 17)
FAIL: g++.pt/crash60.C (test for excess errors)
FAIL: g++.pt/crash9.C forward declaration (test for errors, line 6)
XPASS: g++.pt/decl2.C ICE - (test for errors, line 8)
FAIL: g++.pt/deduct2.C (test for excess errors)
FAIL: g++.pt/defarg10.C caused compiler crash
FAIL: g++.pt/defarg12.C (test for excess errors)
FAIL: g++.pt/defarg13.C default argument uses local (test for errors, line 7)
FAIL: g++.pt/defarg13.C instantiated here (test for errors, line 9)
FAIL: g++.pt/defarg13.C instantiated here (test for errors, line 12)
FAIL: g++.pt/enum14.C private (test for errors, line 27)
FAIL: g++.pt/enum14.C private (test for errors, line 28)
FAIL: g++.pt/enum14.C within this context (test for errors, line 33)
FAIL: g++.pt/enum14.C within this context (test for errors, line 34)
FAIL: g++.pt/error2.C caused compiler crash
FAIL: g++.pt/explarg1.C (test for excess errors)
FAIL: g++.pt/explicit80.C (test for excess errors)
FAIL: g++.pt/explicit82.C (test for excess errors)
FAIL: g++.pt/explicit83.C (test for excess errors)
FAIL: g++.pt/expr6.C (test for excess errors)
FAIL: g++.pt/expr8.C (test for excess errors)
FAIL: g++.pt/fntry1.C  Execution test
FAIL: g++.pt/friend38.C template parameters cannot be friends (test for errors, line 7)
FAIL: g++.pt/friend38.C template parameters cannot be friends (test for errors, line 8)
FAIL: g++.pt/friend43.C caused compiler crash
FAIL: g++.pt/friend44.C caused compiler crash
FAIL: g++.pt/friend45.C friend must use aggr tag (test for errors, line 10)
FAIL: g++.pt/friend45.C (test for excess errors)
FAIL: g++.pt/friend46.C (test for excess errors)
FAIL: g++.pt/incomplete1.C forward decl (test for errors, line 9)
FAIL: g++.pt/inject1.C (test for excess errors)
FAIL: g++.pt/inject2.C caused compiler crash
FAIL: g++.pt/instantiate6.C (test for excess errors)
FAIL: g++.pt/instantiate7.C (test for excess errors)
FAIL: g++.pt/instantiate9.C caused compiler crash
FAIL: g++.pt/koenig1.C candiate (test for errors, line 15)
FAIL: g++.pt/koenig1.C (test for excess errors)
FAIL: g++.pt/mangle1.C caused compiler crash
FAIL: g++.pt/memclass21.C (test for excess errors)
FAIL: g++.pt/memtemp64.C original declaration. (test for errors, line 7)
FAIL: g++.pt/memtemp77.C  Execution test
FAIL: g++.pt/memtemp79.C - quals (test for bogus messages, line 5)
FAIL: g++.pt/memtemp89.C caused compiler crash
FAIL: g++.pt/memtemp90.C - B is not a template (test for bogus messages, line 14)
FAIL: g++.pt/memtemp92.C caused compiler crash
FAIL: g++.pt/memtemp93.C (test for excess errors)
FAIL: g++.pt/memtemp94.C caused compiler crash
FAIL: g++.pt/memtemp96.C (test for excess errors)
FAIL: g++.pt/memtemp97.C (test for excess errors)
FAIL: g++.pt/memtemp98.C caused compiler crash
FAIL: g++.pt/operator1.C (test for excess errors)
FAIL: g++.pt/overload13.C (test for excess errors)
FAIL: g++.pt/parms2.C caused compiler crash
FAIL: g++.pt/poi1.C (test for excess errors)
FAIL: g++.pt/ptrmem10.C (test for excess errors)
FAIL: g++.pt/ptrmem6.C  (test for errors, line 26)
FAIL: g++.pt/ptrmem8.C (test for excess errors)
FAIL: g++.pt/ref2.C (test for excess errors)
FAIL: g++.pt/repo2.C (test for excess errors)
FAIL: g++.pt/repo3.C (test for excess errors)
FAIL: g++.pt/static9.C (test for excess errors)
FAIL: g++.pt/switch1.C (test for excess errors)
FAIL: g++.pt/syntax1.C (test for excess errors)
FAIL: g++.pt/syntax2.C (test for excess errors)
FAIL: g++.pt/t05.C candidates (test for errors, line 3)
FAIL: g++.pt/t05.C (test for excess errors)
FAIL: g++.pt/ttp57.C caused compiler crash
FAIL: g++.pt/ttp58.C caused compiler crash
FAIL: g++.pt/ttp59.C caused compiler crash
FAIL: g++.pt/ttp60.C (test for excess errors)
FAIL: g++.pt/ttp61.C (test for excess errors)
FAIL: g++.pt/ttp62.C  Execution test
FAIL: g++.pt/ttp63.C (test for excess errors)
FAIL: g++.pt/typename24.C (test for excess errors)
FAIL: g++.pt/typename26.C does not declare anything (test for errors, line 11)
FAIL: g++.pt/typename26.C does not declare anything (test for errors, line 17)
FAIL: g++.pt/typename27.C caused compiler crash
FAIL: g++.pt/typename8.C (test for excess errors)
FAIL: g++.pt/unify7.C  (test for bogus messages, line 9)
FAIL: g++.pt/unify7.C  (test for bogus messages, line 13)
FAIL: g++.pt/unify7.C  (test for bogus messages, line 14)
FAIL: g++.pt/vaarg3.C cannot pass non-POD (test for errors, line 17)
FAIL: g++.pt/virtual2.C caused compiler crash
FAIL: g++.robertl/eb109.C candidates (test for errors, line 20)
FAIL: g++.robertl/eb109.C (test for excess errors)
FAIL: g++.robertl/eb127.C should use this->* (test for errors, line 50)
FAIL: g++.robertl/eb129a.C caused compiler crash
FAIL: g++.robertl/eb131.C candidate (test for errors, line 13)
FAIL: g++.robertl/eb22.C (test for excess errors)
FAIL: g++.robertl/eb55.C (test for excess errors)
FAIL: g++.robertl/eb69.C candidate (test for errors, line 8)
FAIL: g++.robertl/eb69.C candidate (test for errors, line 9)
FAIL: g++.robertl/eb69.C not a base (test for errors, line 13)
FAIL: g++.robertl/eb76.C (test for excess errors)
FAIL: g++.robertl/eh990323-2.C  Execution test
FAIL: g++.robertl/eh990323-3.C  Execution test
FAIL: g++.robertl/eh990323-4.C  Execution test
FAIL: g++.robertl/ice990323-1.C caused compiler crash
FAIL: g++.robertl/ice990323-2.C caused compiler crash
FAIL: g++.warn/impint.C double to int (test for warnings, line 25)
FAIL: g++.warn/impint.C float to int (test for warnings, line 26)
FAIL: g++.warn/impint.C double to int (test for warnings, line 27)
FAIL: g++.warn/impint.C float to int (test for warnings, line 28)
FAIL: g++.warn/impint.C double to int (test for warnings, line 29)
FAIL: g++.warn/impint.C float to int (test for warnings, line 30)
FAIL: g++.warn/impint.C double to int (test for warnings, line 32)
FAIL: g++.warn/impint.C float to int (test for warnings, line 33)
FAIL: g++.warn/impint.C double to int (test for warnings, line 47)
FAIL: g++.warn/impint.C float to int (test for warnings, line 48)
FAIL: g++.warn/impint.C double to int (test for warnings, line 49)
FAIL: g++.warn/impint.C float to int (test for warnings, line 50)
FAIL: g++.warn/impint.C double to int (test for warnings, line 51)
FAIL: g++.warn/impint.C float to int (test for warnings, line 52)
FAIL: g++.warn/impint2.C in passing (test for warnings, line 19)
FAIL: g++.warn/impint2.C in passing (test for warnings, line 21)
FAIL: g++.warn/impint2.C float to int (test for warnings, line 25)
FAIL: g++.warn/impint2.C float to int (test for warnings, line 26)
FAIL: g++.warn/impint2.C float to int (test for warnings, line 27)
FAIL: g++.warn/impint2.C float to int (test for warnings, line 29)
FAIL: g++.warn/impint2.C float to int (test for warnings, line 39)
FAIL: g++.warn/impint2.C float to int (test for warnings, line 40)
FAIL: g++.warn/impint2.C float to int (test for warnings, line 41)
FAIL: g++.warn/iomanip.C (test for excess errors)

		=== g++ Summary for unix ===

# of expected passes		5646
# of unexpected failures	445
# of unexpected successes	6
# of expected failures		104
# of untested testcases		15

Running target unix/-march=i486
FAIL: g++.benjamin/13478.C candidate (test for errors, line 22)
FAIL: g++.benjamin/14687.C (test for excess errors)
FAIL: g++.benjamin/scope01.C L is ambiguous base (test for errors, line 22)
FAIL: g++.benjamin/scope01.C L is ambiguous base (test for errors, line 23)
FAIL: g++.brendan/crash63.C cannot pass non-pod (test for warnings, line 15)
FAIL: g++.brendan/crash64.C cannot pass non-pod (test for warnings, line 19)
FAIL: g++.brendan/crash8.C in template.* (test for errors, line 4)
FAIL: g++.brendan/crash8.C (test for excess errors)
FAIL: g++.brendan/crash9.C (test for excess errors)
FAIL: g++.brendan/enum6.C within this context (test for errors, line 14)
FAIL: g++.brendan/misc15.C conversion to A is ambiguous (test for errors, line 12)
FAIL: g++.brendan/overload8.C cannot pass non pod (test for warnings, line 9)
FAIL: g++.brendan/parse4.C - referenced below (test for bogus messages, line 15)
XPASS: g++.brendan/parse4.C - treated as decl (test for bogus messages, line 22)
FAIL: g++.brendan/scope1.C (test for excess errors)
XPASS: g++.bugs/900205_03.C  (test for errors, line 28)
XPASS: g++.bugs/900205_03.C  (test for errors, line 31)
FAIL: g++.bugs/900215_01.C (test for excess errors)
FAIL: g++.bugs/900227_01.C small integer (test for warnings, line 35)
FAIL: g++.bugs/900227_01.C small integer (test for warnings, line 36)
FAIL: g++.bugs/900428_01.C reference not accessed (test for warnings, line 49)
FAIL: g++.bugs/900428_01.C reference not accessed (test for warnings, line 50)
FAIL: g++.bugs/900428_01.C reference not accessed (test for warnings, line 51)
FAIL: g++.bugs/900428_01.C reference not accessed (test for warnings, line 52)
FAIL: g++.bugs/900428_01.C reference not accessed (test for warnings, line 53)
FAIL: g++.bugs/900428_01.C reference not accessed (test for warnings, line 58)
FAIL: g++.bugs/900428_01.C reference not accessed (test for warnings, line 99)
FAIL: g++.bugs/900428_01.C reference not accessed (test for warnings, line 131)
FAIL: g++.bugs/900428_01.C reference not accessed (test for warnings, line 132)
FAIL: g++.bugs/900428_01.C reference not accessed (test for warnings, line 133)
FAIL: g++.bugs/900428_01.C reference not accessed (test for warnings, line 134)
FAIL: g++.bugs/900428_01.C reference not accessed (test for warnings, line 135)
FAIL: g++.bugs/900428_01.C reference not accessed (test for warnings, line 140)
FAIL: g++.bugs/900428_01.C reference not accessed (test for warnings, line 163)
FAIL: g++.bugs/900428_01.C (test for excess errors)
FAIL: g++.eh/badalloc1.C  Execution test
FAIL: g++.eh/catch1.C forward decl (test for errors, line 8)
FAIL: g++.eh/catch1.C undefined type (test for errors, line 13)
FAIL: g++.eh/catch10.C ... followed by others (test for errors, line 11)
FAIL: g++.eh/catch10.C A* before B* (test for warnings, line 15)
FAIL: g++.eh/catch10.C A* before B* (test for warnings, line 16)
FAIL: g++.eh/catch10.C (test for excess errors)
FAIL: g++.eh/catch11.C  Execution test
FAIL: g++.eh/catch12.C  Execution test
FAIL: g++.eh/catch3.C  Execution test
FAIL: g++.eh/catch3p.C  Execution test
FAIL: g++.eh/catch4.C  Execution test
FAIL: g++.eh/catch4p.C  Execution test
FAIL: g++.eh/catch5.C  Execution test
FAIL: g++.eh/catch5p.C  Execution test
FAIL: g++.eh/catch6.C  Execution test
FAIL: g++.eh/catch6p.C  Execution test
FAIL: g++.eh/catch7.C  Execution test
FAIL: g++.eh/catch7p.C  Execution test
FAIL: g++.eh/catch8.C  Execution test
FAIL: g++.eh/catch8p.C  Execution test
FAIL: g++.eh/catch9.C  Execution test
FAIL: g++.eh/catch9p.C  Execution test
FAIL: g++.eh/catchptr1.C  Execution test
FAIL: g++.eh/cond1.C (test for excess errors)
FAIL: g++.eh/fntry1.C  Execution test
FAIL: g++.eh/rethrow6.C  Execution test
FAIL: g++.eh/spec6.C forward declaration.* (test for errors, line 10)
FAIL: g++.eh/spec6.C invalid use of undefined type (test for errors, line 11)
FAIL: g++.eh/spec6.C invalid use of undefined type (test for errors, line 12)
FAIL: g++.eh/spec6.C invalid use of undefined tyoe (test for errors, line 13)
FAIL: g++.eh/spec6.C invalid use of void expression (test for errors, line 14)
FAIL: g++.eh/spec6.C invalid use of void (test for errors, line 22)
FAIL: g++.eh/spec6.C invalid use of void expression (test for errors, line 24)
FAIL: g++.eh/spec6.C overriding (test for errors, line 83)
FAIL: g++.eh/spec6.C overriding (pedantically) (test for errors, line 87)
FAIL: g++.eh/spec6.C overriding (test for errors, line 88)
FAIL: g++.eh/spec6.C overriding (test for errors, line 89)
FAIL: g++.eh/spec6.C overriding (test for errors, line 90)
FAIL: g++.eh/spec6.C overriding (test for errors, line 91)
FAIL: g++.eh/spec6.C overriding (test for errors, line 92)
FAIL: g++.eh/spec6.C looser throw - A::foo (test for errors, line 100)
FAIL: g++.eh/spec6.C looser (pedantically) (test for errors, line 104)
FAIL: g++.eh/spec6.C looser throw - A::quux() (test for errors, line 105)
FAIL: g++.eh/spec6.C looser throw - A::quux(int) (test for errors, line 106)
FAIL: g++.eh/spec6.C looser throw - A::wibble (test for errors, line 107)
FAIL: g++.eh/spec6.C looser throw - A::wobble() (test for errors, line 108)
FAIL: g++.eh/spec6.C looser throw - A::wobble(int) (test for errors, line 109)
FAIL: g++.eh/spec6.C overriding (test for errors, line 117)
FAIL: g++.eh/spec6.C looser throw - A::foo (test for errors, line 127)
FAIL: g++.eh/spec6.C looser throw - A1::bar (test for errors, line 128)
FAIL: g++.eh/spec6.C ANSI C++ forbids (test for errors, line 142)
FAIL: g++.eh/spec6.C (test for excess errors)
FAIL: g++.ext/addrfunc1.C (test for excess errors)
FAIL: g++.ext/addrfunc2.C (test for excess errors)
FAIL: g++.ext/addrfunc4.C (test for excess errors)
FAIL: g++.ext/anon1.C (test for excess errors)
FAIL: g++.ext/anon2.C struct with constructor in union (test for errors, line 11)
FAIL: g++.ext/anon2.C (test for excess errors)
FAIL: g++.ext/array3.C caused compiler crash
FAIL: g++.ext/comint1.C (test for excess errors)
FAIL: g++.ext/instantiate1.C not instantiated (test for errors, line 20)
FAIL: g++.ext/instantiate3.C not instantiated (test for errors, line 13)
FAIL: g++.ext/label1.C  Execution test
FAIL: g++.ext/label2.C (test for excess errors)
FAIL: g++.ext/pretty2.C  Execution test
FAIL: g++.ext/pretty3.C  Execution test
FAIL: g++.ext/pretty4.C (test for excess errors)
FAIL: g++.ext/realpt1.C (test for excess errors)
FAIL: g++.ext/restrict1.C (test for excess errors)
FAIL: g++.ext/typename1.C (test for excess errors)
FAIL: g++.jason/ctor1.C (test for excess errors)
FAIL: g++.jason/new3.C (test for excess errors)
FAIL: g++.jason/report.C private (test for errors, line 43)
FAIL: g++.jason/report.C qualifiers (test for errors, line 47)
FAIL: g++.jason/report.C in this context (test for errors, line 50)
FAIL: g++.jason/report.C in this context (test for errors, line 51)
FAIL: g++.jason/report.C (test for excess errors)
FAIL: g++.jason/rfg20.C no conversion from pfn to void* (test for errors, line 9)
FAIL: g++.law/access5.C private (test for errors, line 16)
FAIL: g++.law/access5.C in this context (test for errors, line 22)
FAIL: g++.law/arm14.C within this context (test for errors, line 21)
XPASS: g++.law/operators17.C  (test for errors, line 11)
FAIL: g++.law/profile1.C (test for excess errors)
FAIL: g++.law/visibility26.C (test for excess errors)
FAIL: g++.martin/crash1.C caused compiler crash
FAIL: g++.martin/pmf1.C  Execution test
FAIL: g++.martin/pmf2.C (test for excess errors)
FAIL: g++.martin/pure1.C called in a destructor (test for errors, line 7)
FAIL: g++.mike/for3.C shadows parm (test for warnings, line 5)
FAIL: g++.mike/for3.C (test for excess errors)
FAIL: g++.mike/net36.C candidate (test for errors, line 14)
FAIL: g++.mike/net5.C mismatch (test for warnings, line 5)
FAIL: g++.mike/p11110.C (test for excess errors)
FAIL: g++.mike/p646.C control reaches end (test for warnings, line 145)
FAIL: g++.mike/warn8.C  (test for warnings, line 16)
FAIL: g++.ns/koenig9.C caused compiler crash
FAIL: g++.ns/new1.C (test for excess errors)
FAIL: g++.ns/ns18.C (test for excess errors)
FAIL: g++.ns/overload3.C (test for excess errors)
FAIL: g++.ns/template10.C caused compiler crash
FAIL: g++.ns/template11.C (test for excess errors)
FAIL: g++.ns/template13.C previous declaration (test for errors, line 8)
FAIL: g++.ns/template13.C does not match declaration (test for errors, line 23)
FAIL: g++.ns/template14.C (test for excess errors)
FAIL: g++.ns/type1.C (test for excess errors)
FAIL: g++.ns/using14.C (test for excess errors)
FAIL: g++.oliva/ctor1.C (test for excess errors)
FAIL: g++.oliva/delete2.C  Execution test
FAIL: g++.oliva/delete3.C  Execution test
FAIL: g++.oliva/delete4.C  Execution test
FAIL: g++.oliva/delete5.C  Execution test
FAIL: g++.oliva/new1.C  Execution test
FAIL: g++.oliva/ns1.C - parse error (test for bogus messages, line 11)
FAIL: g++.oliva/overload1.C (test for excess errors)
FAIL: g++.oliva/template2.C - C<T> not a class (test for bogus messages, line 14)
FAIL: g++.oliva/template4.C - using c as constant (test for bogus messages, line 20)
FAIL: g++.oliva/template6.C caused compiler crash
FAIL: g++.oliva/template7.C - conversion from int to non-scalar (test for bogus messages, line 11)
FAIL: g++.oliva/typename1.C caused compiler crash
FAIL: g++.oliva/typename2.C (test for excess errors)
FAIL: g++.other/access7.C private (test for errors, line 7)
FAIL: g++.other/access7.C private (test for errors, line 8)
FAIL: g++.other/access7.C within this context (test for errors, line 22)
FAIL: g++.other/access7.C within this context (test for errors, line 23)
FAIL: g++.other/access7.C within this context (test for errors, line 30)
FAIL: g++.other/access7.C within this context (test for errors, line 31)
FAIL: g++.other/access7.C within this context (test for errors, line 32)
FAIL: g++.other/access8.C (test for excess errors)
FAIL: g++.other/ambig2.C A is an ambiguous base (test for errors, line 17)
FAIL: g++.other/ambig3.C (test for excess errors)
FAIL: g++.other/base1.C cv qualified (test for errors, line 19)
FAIL: g++.other/bitfld1.C (test for excess errors)
FAIL: g++.other/bitfld2.C array type as bitfield (test for errors, line 7)
FAIL: g++.other/bitfld2.C (test for excess errors)
FAIL: g++.other/bitfld4.C (test for excess errors)
FAIL: g++.other/bitfld5.C (test for excess errors)
FAIL: g++.other/cast3.C lose const (test for errors, line 24)
FAIL: g++.other/cast3.C lose const (test for errors, line 26)
FAIL: g++.other/cast3.C lose const (test for errors, line 28)
FAIL: g++.other/cast3.C lose const (test for errors, line 29)
FAIL: g++.other/cast3.C (test for excess errors)
FAIL: g++.other/cond1.C (test for excess errors)
FAIL: g++.other/cond5.C mismatch (test for warnings, line 25)
FAIL: g++.other/cond5.C mismatch (test for warnings, line 26)
FAIL: g++.other/cond5.C mismatch (test for warnings, line 27)
FAIL: g++.other/cond5.C (test for excess errors)
FAIL: g++.other/conv5.C adding const (test for errors, line 8)
FAIL: g++.other/conv6.C - distinct types (test for bogus messages, line 14)
FAIL: g++.other/conv6.C - distinct types (test for bogus messages, line 20)
FAIL: g++.other/conv6.C - distinct types (test for bogus messages, line 26)
FAIL: g++.other/crash17.C invalid declaration (test for errors, line 5)
FAIL: g++.other/crash24.C (test for excess errors)
FAIL: g++.other/crash25.C (test for excess errors)
FAIL: g++.other/crash26.C (test for excess errors)
FAIL: g++.other/crash28.C (test for excess errors)
FAIL: g++.other/crash31.C parse error (test for errors, line 11)
FAIL: g++.other/crash31.C (test for excess errors)
FAIL: g++.other/crash32.C (test for excess errors)
FAIL: g++.other/crash35.C (test for excess errors)
FAIL: g++.other/crash36.C must take void * (test for errors, line 20)
FAIL: g++.other/crash36.C (test for excess errors)
FAIL: g++.other/crash37.C (test for excess errors)
FAIL: g++.other/decl4.C (test for excess errors)
FAIL: g++.other/decl5.C (test for excess errors)
FAIL: g++.other/defarg3.C (test for excess errors)
FAIL: g++.other/deref1.C not a pointer to object (test for errors, line 11)
FAIL: g++.other/deref1.C not a pointer to object (test for errors, line 12)
FAIL: g++.other/dtor11.C  Execution test
FAIL: g++.other/dtor5.C  Execution test
FAIL: g++.other/dtor6.C  Execution test
FAIL: g++.other/dyncast1.C  Execution test
FAIL: g++.other/dyncast2.C  Execution test
FAIL: g++.other/dyncast4.C  Execution test
FAIL: g++.other/dyncast5.C  Execution test
FAIL: g++.other/dyncast6.C  Execution test
FAIL: g++.other/enum2.C previous def (test for errors, line 9)
FAIL: g++.other/enum2.C multiple def (test for errors, line 14)
FAIL: g++.other/enum2.C (test for excess errors)
FAIL: g++.other/explicit1.C no suitable constructor (test for errors, line 11)
FAIL: g++.other/explicit1.C (test for excess errors)
FAIL: g++.other/externC3.C (test for excess errors)
FAIL: g++.other/for2.C caused compiler crash
FAIL: g++.other/friend6.C (test for excess errors)
FAIL: g++.other/friend7.C (test for excess errors)
FAIL: g++.other/friend8.C friend must use aggr tag (test for errors, line 14)
FAIL: g++.other/friend9.C is private (test for errors, line 10)
FAIL: g++.other/friend9.C in this context (test for errors, line 15)
FAIL: g++.other/goto1.C skips initialization (test for errors, line 13)
FAIL: g++.other/goto1.C jump to label (test for errors, line 15)
FAIL: g++.other/goto3.C jumps (test for errors, line 7)
FAIL: g++.other/goto3.C into try (test for errors, line 8)
FAIL: g++.other/goto3.C jumps (test for errors, line 9)
FAIL: g++.other/goto3.C into catch (test for errors, line 10)
FAIL: g++.other/goto3.C  (test for errors, line 14)
FAIL: g++.other/goto3.C  (test for errors, line 15)
FAIL: g++.other/goto3.C  (test for errors, line 16)
FAIL: g++.other/goto3.C  (test for errors, line 17)
FAIL: g++.other/goto3.C  (test for errors, line 18)
FAIL: g++.other/goto3.C  (test for errors, line 19)
FAIL: g++.other/incomplete.C forward ref (test for errors, line 7)
FAIL: g++.other/incomplete.C incomplete (test for errors, line 15)
FAIL: g++.other/incomplete.C incomplete (test for errors, line 16)
FAIL: g++.other/init15.C caused compiler crash
XPASS: g++.other/init16.C (test for excess errors)
FAIL: g++.other/instan1.C (test for excess errors)
FAIL: g++.other/linkage3.C previous declaration (test for errors, line 4)
FAIL: g++.other/linkage3.C extern redeclared static (test for errors, line 5)
FAIL: g++.other/linkage6.C (test for excess errors)
FAIL: g++.other/lookup18.C (test for excess errors)
FAIL: g++.other/lookup19.C mismatch (test for errors, line 51)
FAIL: g++.other/lookup19.C (test for excess errors)
FAIL: g++.other/nested4.C caused compiler crash
FAIL: g++.other/op1.C caused compiler crash
FAIL: g++.other/overload11.C not suitable for overload resolution (test for errors, line 44)
FAIL: g++.other/overload11.C not suitable for overload (test for errors, line 83)
FAIL: g++.other/overload11.C not suitable for overload (test for errors, line 84)
FAIL: g++.other/overload12.C (test for excess errors)
FAIL: g++.other/ptrmem5.C conversion from vbase (test for errors, line 15)
FAIL: g++.other/ptrmem5.C conversion from vbase (test for errors, line 16)
FAIL: g++.other/ptrmem6.C (test for excess errors)
FAIL: g++.other/ptrmem7.C not ptr mem (test for errors, line 37)
FAIL: g++.other/ptrmem7.C not ptr mem (test for errors, line 38)
FAIL: g++.other/ptrmem7.C (test for excess errors)
FAIL: g++.other/ptrmem8.C pointer to member (test for warnings, line 37)
FAIL: g++.other/ptrmem8.C pointer to member (test for warnings, line 38)
FAIL: g++.other/ptrmem8.C pointer to member (test for warnings, line 53)
FAIL: g++.other/ptrmem8.C pointer to member (test for warnings, line 54)
FAIL: g++.other/qual1.C caused compiler crash
FAIL: g++.other/refinit1.C requires two UDCs (test for errors, line 17)
FAIL: g++.other/refinit2.C caused compiler crash
FAIL: g++.other/sizeof2.C member (test for errors, line 6)
FAIL: g++.other/sizeof2.C non-static data member (test for errors, line 12)
FAIL: g++.other/sizeof3.C (test for excess errors)
FAIL: g++.other/sizeof4.C incomplete (test for errors, line 25)
FAIL: g++.other/sizeof4.C incomplete (test for errors, line 26)
FAIL: g++.other/sizeof4.C incomplete (test for errors, line 29)
FAIL: g++.other/sizeof4.C incomplete (test for errors, line 30)
FAIL: g++.other/sizeof4.C cannot take size of function (test for errors, line 33)
FAIL: g++.other/sizeof4.C cannot take size of function (test for errors, line 34)
FAIL: g++.other/sizeof5.C ISO forbids, ERROR - invalid quals (test for errors, line 16)
FAIL: g++.other/static14.C (test for excess errors)
FAIL: g++.other/static5.C implicit declaration (test for errors, line 12)
FAIL: g++.other/struct1.C previous definition (test for errors, line 10)
FAIL: g++.other/struct1.C previous definition (test for errors, line 17)
FAIL: g++.other/struct1.C redefinition (test for errors, line 20)
FAIL: g++.other/struct1.C previous definition (test for errors, line 24)
FAIL: g++.other/struct1.C redefinition (test for errors, line 27)
FAIL: g++.other/struct1.C previous definition (test for errors, line 31)
FAIL: g++.other/struct1.C redefinition (test for errors, line 34)
FAIL: g++.other/struct1.C previous definition (test for errors, line 38)
FAIL: g++.other/struct1.C redefinition (test for errors, line 41)
FAIL: g++.other/struct1.C (test for excess errors)
FAIL: g++.other/syntax3.C (test for excess errors)
FAIL: g++.other/syntax4.C (test for excess errors)
FAIL: g++.other/typedef7.C (test for excess errors)
FAIL: g++.other/typedef8.C (test for excess errors)
FAIL: g++.other/union2.C  Execution test
FAIL: g++.other/union3.C  Execution test
FAIL: g++.other/union4.C multiple initializations (test for errors, line 10)
FAIL: g++.other/union4.C multiple initializations (test for errors, line 20)
FAIL: g++.other/union4.C (test for excess errors)
FAIL: g++.other/using2.C (test for excess errors)
FAIL: g++.other/using4.C (test for excess errors)
FAIL: g++.other/using6.C (test for excess errors)
FAIL: g++.other/using7.C (test for excess errors)
FAIL: g++.other/vaarg3.C forward decl (test for errors, line 12)
FAIL: g++.other/vaarg3.C promote (test for errors, line 23)
FAIL: g++.other/vaarg3.C promote (test for errors, line 26)
FAIL: g++.other/vaarg3.C cannot receive (test for warnings, line 16)
FAIL: g++.other/vaarg3.C cannot receive (test for warnings, line 17)
FAIL: g++.other/vaarg4.C (test for excess errors)
FAIL: g++.other/vbase2.C  Execution test
FAIL: g++.other/volatile1.C candidates (test for errors, line 5)
FAIL: g++.other/warn4.C (test for excess errors)
FAIL: g++.pt/array5.C caused compiler crash
FAIL: g++.pt/builtin.C (test for excess errors)
FAIL: g++.pt/cond2.C (test for excess errors)
FAIL: g++.pt/conv3.C no conversion from int to A. (test for errors, line 10)
FAIL: g++.pt/crash15.C (test for excess errors)
FAIL: g++.pt/crash41.C (test for excess errors)
FAIL: g++.pt/crash43.C typename as friend (test for errors, line 13)
FAIL: g++.pt/crash43.C typename as friend (test for errors, line 18)
FAIL: g++.pt/crash43.C typename as friend (test for errors, line 23)
FAIL: g++.pt/crash44.C friend must use tag (test for errors, line 8)
FAIL: g++.pt/crash44.C (test for excess errors)
FAIL: g++.pt/crash46.C (test for excess errors)
FAIL: g++.pt/crash47.C (test for excess errors)
FAIL: g++.pt/crash5.C forward declaration (test for errors, line 4)
FAIL: g++.pt/crash5.C (test for excess errors)
FAIL: g++.pt/crash56.C caused compiler crash
FAIL: g++.pt/crash57.C caused compiler crash
FAIL: g++.pt/crash58.C caused compiler crash
FAIL: g++.pt/crash60.C no match (test for errors, line 17)
FAIL: g++.pt/crash60.C (test for excess errors)
FAIL: g++.pt/crash9.C forward declaration (test for errors, line 6)
XPASS: g++.pt/decl2.C ICE - (test for errors, line 8)
FAIL: g++.pt/deduct2.C (test for excess errors)
FAIL: g++.pt/defarg10.C caused compiler crash
FAIL: g++.pt/defarg12.C (test for excess errors)
FAIL: g++.pt/defarg13.C default argument uses local (test for errors, line 7)
FAIL: g++.pt/defarg13.C instantiated here (test for errors, line 9)
FAIL: g++.pt/defarg13.C instantiated here (test for errors, line 12)
FAIL: g++.pt/enum14.C private (test for errors, line 27)
FAIL: g++.pt/enum14.C private (test for errors, line 28)
FAIL: g++.pt/enum14.C within this context (test for errors, line 33)
FAIL: g++.pt/enum14.C within this context (test for errors, line 34)
FAIL: g++.pt/error2.C caused compiler crash
FAIL: g++.pt/explarg1.C (test for excess errors)
FAIL: g++.pt/explicit80.C (test for excess errors)
FAIL: g++.pt/explicit82.C (test for excess errors)
FAIL: g++.pt/explicit83.C (test for excess errors)
FAIL: g++.pt/expr6.C (test for excess errors)
FAIL: g++.pt/expr8.C (test for excess errors)
FAIL: g++.pt/fntry1.C  Execution test
FAIL: g++.pt/friend38.C template parameters cannot be friends (test for errors, line 7)
FAIL: g++.pt/friend38.C template parameters cannot be friends (test for errors, line 8)
FAIL: g++.pt/friend43.C caused compiler crash
FAIL: g++.pt/friend44.C caused compiler crash
FAIL: g++.pt/friend45.C friend must use aggr tag (test for errors, line 10)
FAIL: g++.pt/friend45.C (test for excess errors)
FAIL: g++.pt/friend46.C (test for excess errors)
FAIL: g++.pt/incomplete1.C forward decl (test for errors, line 9)
FAIL: g++.pt/inject1.C (test for excess errors)
FAIL: g++.pt/inject2.C caused compiler crash
FAIL: g++.pt/instantiate6.C (test for excess errors)
FAIL: g++.pt/instantiate7.C (test for excess errors)
FAIL: g++.pt/instantiate9.C caused compiler crash
FAIL: g++.pt/koenig1.C candiate (test for errors, line 15)
FAIL: g++.pt/koenig1.C (test for excess errors)
FAIL: g++.pt/mangle1.C caused compiler crash
FAIL: g++.pt/memclass21.C (test for excess errors)
FAIL: g++.pt/memtemp64.C original declaration. (test for errors, line 7)
FAIL: g++.pt/memtemp77.C  Execution test
FAIL: g++.pt/memtemp79.C - quals (test for bogus messages, line 5)
FAIL: g++.pt/memtemp89.C caused compiler crash
FAIL: g++.pt/memtemp90.C - B is not a template (test for bogus messages, line 14)
FAIL: g++.pt/memtemp92.C caused compiler crash
FAIL: g++.pt/memtemp93.C (test for excess errors)
FAIL: g++.pt/memtemp94.C caused compiler crash
FAIL: g++.pt/memtemp96.C (test for excess errors)
FAIL: g++.pt/memtemp97.C (test for excess errors)
FAIL: g++.pt/memtemp98.C caused compiler crash
FAIL: g++.pt/operator1.C (test for excess errors)
FAIL: g++.pt/overload13.C (test for excess errors)
FAIL: g++.pt/parms2.C caused compiler crash
FAIL: g++.pt/poi1.C (test for excess errors)
FAIL: g++.pt/ptrmem10.C (test for excess errors)
FAIL: g++.pt/ptrmem6.C  (test for errors, line 26)
FAIL: g++.pt/ptrmem8.C (test for excess errors)
FAIL: g++.pt/ref2.C (test for excess errors)
FAIL: g++.pt/repo2.C (test for excess errors)
FAIL: g++.pt/repo3.C (test for excess errors)
FAIL: g++.pt/static9.C (test for excess errors)
FAIL: g++.pt/switch1.C (test for excess errors)
FAIL: g++.pt/syntax1.C (test for excess errors)
FAIL: g++.pt/syntax2.C (test for excess errors)
FAIL: g++.pt/t05.C candidates (test for errors, line 3)
FAIL: g++.pt/t05.C (test for excess errors)
FAIL: g++.pt/ttp57.C caused compiler crash
FAIL: g++.pt/ttp58.C caused compiler crash
FAIL: g++.pt/ttp59.C caused compiler crash
FAIL: g++.pt/ttp60.C (test for excess errors)
FAIL: g++.pt/ttp61.C (test for excess errors)
FAIL: g++.pt/ttp62.C  Execution test
FAIL: g++.pt/ttp63.C (test for excess errors)
FAIL: g++.pt/typename24.C (test for excess errors)
FAIL: g++.pt/typename26.C does not declare anything (test for errors, line 11)
FAIL: g++.pt/typename26.C does not declare anything (test for errors, line 17)
FAIL: g++.pt/typename27.C caused compiler crash
FAIL: g++.pt/typename8.C (test for excess errors)
FAIL: g++.pt/unify7.C  (test for bogus messages, line 9)
FAIL: g++.pt/unify7.C  (test for bogus messages, line 13)
FAIL: g++.pt/unify7.C  (test for bogus messages, line 14)
FAIL: g++.pt/vaarg3.C cannot pass non-POD (test for errors, line 17)
FAIL: g++.pt/virtual2.C caused compiler crash
FAIL: g++.robertl/eb109.C candidates (test for errors, line 20)
FAIL: g++.robertl/eb109.C (test for excess errors)
FAIL: g++.robertl/eb127.C should use this->* (test for errors, line 50)
FAIL: g++.robertl/eb129a.C caused compiler crash
FAIL: g++.robertl/eb131.C candidate (test for errors, line 13)
FAIL: g++.robertl/eb22.C (test for excess errors)
FAIL: g++.robertl/eb55.C (test for excess errors)
FAIL: g++.robertl/eb69.C candidate (test for errors, line 8)
FAIL: g++.robertl/eb69.C candidate (test for errors, line 9)
FAIL: g++.robertl/eb69.C not a base (test for errors, line 13)
FAIL: g++.robertl/eb76.C (test for excess errors)
FAIL: g++.robertl/eh990323-2.C  Execution test
FAIL: g++.robertl/eh990323-3.C  Execution test
FAIL: g++.robertl/eh990323-4.C  Execution test
FAIL: g++.robertl/ice990323-1.C caused compiler crash
FAIL: g++.robertl/ice990323-2.C caused compiler crash
FAIL: g++.warn/impint.C double to int (test for warnings, line 25)
FAIL: g++.warn/impint.C float to int (test for warnings, line 26)
FAIL: g++.warn/impint.C double to int (test for warnings, line 27)
FAIL: g++.warn/impint.C float to int (test for warnings, line 28)
FAIL: g++.warn/impint.C double to int (test for warnings, line 29)
FAIL: g++.warn/impint.C float to int (test for warnings, line 30)
FAIL: g++.warn/impint.C double to int (test for warnings, line 32)
FAIL: g++.warn/impint.C float to int (test for warnings, line 33)
FAIL: g++.warn/impint.C double to int (test for warnings, line 47)
FAIL: g++.warn/impint.C float to int (test for warnings, line 48)
FAIL: g++.warn/impint.C double to int (test for warnings, line 49)
FAIL: g++.warn/impint.C float to int (test for warnings, line 50)
FAIL: g++.warn/impint.C double to int (test for warnings, line 51)
FAIL: g++.warn/impint.C float to int (test for warnings, line 52)
FAIL: g++.warn/impint2.C in passing (test for warnings, line 19)
FAIL: g++.warn/impint2.C in passing (test for warnings, line 21)
FAIL: g++.warn/impint2.C float to int (test for warnings, line 25)
FAIL: g++.warn/impint2.C float to int (test for warnings, line 26)
FAIL: g++.warn/impint2.C float to int (test for warnings, line 27)
FAIL: g++.warn/impint2.C float to int (test for warnings, line 29)
FAIL: g++.warn/impint2.C float to int (test for warnings, line 39)
FAIL: g++.warn/impint2.C float to int (test for warnings, line 40)
FAIL: g++.warn/impint2.C float to int (test for warnings, line 41)
FAIL: g++.warn/iomanip.C (test for excess errors)

		=== g++ Summary for unix/-march=i486 ===

# of expected passes		5646
# of unexpected failures	445
# of unexpected successes	6
# of expected failures		104
# of untested testcases		15

Running target unix/-march=i386
FAIL: g++.benjamin/13478.C candidate (test for errors, line 22)
FAIL: g++.benjamin/14687.C (test for excess errors)
FAIL: g++.benjamin/scope01.C L is ambiguous base (test for errors, line 22)
FAIL: g++.benjamin/scope01.C L is ambiguous base (test for errors, line 23)
FAIL: g++.brendan/crash63.C cannot pass non-pod (test for warnings, line 15)
FAIL: g++.brendan/crash64.C cannot pass non-pod (test for warnings, line 19)
FAIL: g++.brendan/crash8.C in template.* (test for errors, line 4)
FAIL: g++.brendan/crash8.C (test for excess errors)
FAIL: g++.brendan/crash9.C (test for excess errors)
FAIL: g++.brendan/enum6.C within this context (test for errors, line 14)
FAIL: g++.brendan/misc15.C conversion to A is ambiguous (test for errors, line 12)
FAIL: g++.brendan/overload8.C cannot pass non pod (test for warnings, line 9)
FAIL: g++.brendan/parse4.C - referenced below (test for bogus messages, line 15)
XPASS: g++.brendan/parse4.C - treated as decl (test for bogus messages, line 22)
FAIL: g++.brendan/scope1.C (test for excess errors)
XPASS: g++.bugs/900205_03.C  (test for errors, line 28)
XPASS: g++.bugs/900205_03.C  (test for errors, line 31)
FAIL: g++.bugs/900215_01.C (test for excess errors)
FAIL: g++.bugs/900227_01.C small integer (test for warnings, line 35)
FAIL: g++.bugs/900227_01.C small integer (test for warnings, line 36)
FAIL: g++.bugs/900428_01.C reference not accessed (test for warnings, line 49)
FAIL: g++.bugs/900428_01.C reference not accessed (test for warnings, line 50)
FAIL: g++.bugs/900428_01.C reference not accessed (test for warnings, line 51)
FAIL: g++.bugs/900428_01.C reference not accessed (test for warnings, line 52)
FAIL: g++.bugs/900428_01.C reference not accessed (test for warnings, line 53)
FAIL: g++.bugs/900428_01.C reference not accessed (test for warnings, line 58)
FAIL: g++.bugs/900428_01.C reference not accessed (test for warnings, line 99)
FAIL: g++.bugs/900428_01.C reference not accessed (test for warnings, line 131)
FAIL: g++.bugs/900428_01.C reference not accessed (test for warnings, line 132)
FAIL: g++.bugs/900428_01.C reference not accessed (test for warnings, line 133)
FAIL: g++.bugs/900428_01.C reference not accessed (test for warnings, line 134)
FAIL: g++.bugs/900428_01.C reference not accessed (test for warnings, line 135)
FAIL: g++.bugs/900428_01.C reference not accessed (test for warnings, line 140)
FAIL: g++.bugs/900428_01.C reference not accessed (test for warnings, line 163)
FAIL: g++.bugs/900428_01.C (test for excess errors)
FAIL: g++.eh/badalloc1.C  Execution test
FAIL: g++.eh/catch1.C forward decl (test for errors, line 8)
FAIL: g++.eh/catch1.C undefined type (test for errors, line 13)
FAIL: g++.eh/catch10.C ... followed by others (test for errors, line 11)
FAIL: g++.eh/catch10.C A* before B* (test for warnings, line 15)
FAIL: g++.eh/catch10.C A* before B* (test for warnings, line 16)
FAIL: g++.eh/catch10.C (test for excess errors)
FAIL: g++.eh/catch11.C  Execution test
FAIL: g++.eh/catch12.C  Execution test
FAIL: g++.eh/catch3.C  Execution test
FAIL: g++.eh/catch3p.C  Execution test
FAIL: g++.eh/catch4.C  Execution test
FAIL: g++.eh/catch4p.C  Execution test
FAIL: g++.eh/catch5.C  Execution test
FAIL: g++.eh/catch5p.C  Execution test
FAIL: g++.eh/catch6.C  Execution test
FAIL: g++.eh/catch6p.C  Execution test
FAIL: g++.eh/catch7.C  Execution test
FAIL: g++.eh/catch7p.C  Execution test
FAIL: g++.eh/catch8.C  Execution test
FAIL: g++.eh/catch8p.C  Execution test
FAIL: g++.eh/catch9.C  Execution test
FAIL: g++.eh/catch9p.C  Execution test
FAIL: g++.eh/catchptr1.C  Execution test
FAIL: g++.eh/cond1.C (test for excess errors)
FAIL: g++.eh/fntry1.C  Execution test
FAIL: g++.eh/rethrow6.C  Execution test
FAIL: g++.eh/spec6.C forward declaration.* (test for errors, line 10)
FAIL: g++.eh/spec6.C invalid use of undefined type (test for errors, line 11)
FAIL: g++.eh/spec6.C invalid use of undefined type (test for errors, line 12)
FAIL: g++.eh/spec6.C invalid use of undefined tyoe (test for errors, line 13)
FAIL: g++.eh/spec6.C invalid use of void expression (test for errors, line 14)
FAIL: g++.eh/spec6.C invalid use of void (test for errors, line 22)
FAIL: g++.eh/spec6.C invalid use of void expression (test for errors, line 24)
FAIL: g++.eh/spec6.C overriding (test for errors, line 83)
FAIL: g++.eh/spec6.C overriding (pedantically) (test for errors, line 87)
FAIL: g++.eh/spec6.C overriding (test for errors, line 88)
FAIL: g++.eh/spec6.C overriding (test for errors, line 89)
FAIL: g++.eh/spec6.C overriding (test for errors, line 90)
FAIL: g++.eh/spec6.C overriding (test for errors, line 91)
FAIL: g++.eh/spec6.C overriding (test for errors, line 92)
FAIL: g++.eh/spec6.C looser throw - A::foo (test for errors, line 100)
FAIL: g++.eh/spec6.C looser (pedantically) (test for errors, line 104)
FAIL: g++.eh/spec6.C looser throw - A::quux() (test for errors, line 105)
FAIL: g++.eh/spec6.C looser throw - A::quux(int) (test for errors, line 106)
FAIL: g++.eh/spec6.C looser throw - A::wibble (test for errors, line 107)
FAIL: g++.eh/spec6.C looser throw - A::wobble() (test for errors, line 108)
FAIL: g++.eh/spec6.C looser throw - A::wobble(int) (test for errors, line 109)
FAIL: g++.eh/spec6.C overriding (test for errors, line 117)
FAIL: g++.eh/spec6.C looser throw - A::foo (test for errors, line 127)
FAIL: g++.eh/spec6.C looser throw - A1::bar (test for errors, line 128)
FAIL: g++.eh/spec6.C ANSI C++ forbids (test for errors, line 142)
FAIL: g++.eh/spec6.C (test for excess errors)
FAIL: g++.ext/addrfunc1.C (test for excess errors)
FAIL: g++.ext/addrfunc2.C (test for excess errors)
FAIL: g++.ext/addrfunc4.C (test for excess errors)
FAIL: g++.ext/anon1.C (test for excess errors)
FAIL: g++.ext/anon2.C struct with constructor in union (test for errors, line 11)
FAIL: g++.ext/anon2.C (test for excess errors)
FAIL: g++.ext/array3.C caused compiler crash
FAIL: g++.ext/comint1.C (test for excess errors)
FAIL: g++.ext/instantiate1.C not instantiated (test for errors, line 20)
FAIL: g++.ext/instantiate3.C not instantiated (test for errors, line 13)
FAIL: g++.ext/label1.C  Execution test
FAIL: g++.ext/label2.C (test for excess errors)
FAIL: g++.ext/pretty2.C  Execution test
FAIL: g++.ext/pretty3.C  Execution test
FAIL: g++.ext/pretty4.C (test for excess errors)
FAIL: g++.ext/realpt1.C (test for excess errors)
FAIL: g++.ext/restrict1.C (test for excess errors)
FAIL: g++.ext/typename1.C (test for excess errors)
FAIL: g++.jason/ctor1.C (test for excess errors)
FAIL: g++.jason/new3.C (test for excess errors)
FAIL: g++.jason/report.C private (test for errors, line 43)
FAIL: g++.jason/report.C qualifiers (test for errors, line 47)
FAIL: g++.jason/report.C in this context (test for errors, line 50)
FAIL: g++.jason/report.C in this context (test for errors, line 51)
FAIL: g++.jason/report.C (test for excess errors)
FAIL: g++.jason/rfg20.C no conversion from pfn to void* (test for errors, line 9)
FAIL: g++.law/access5.C private (test for errors, line 16)
FAIL: g++.law/access5.C in this context (test for errors, line 22)
FAIL: g++.law/arm14.C within this context (test for errors, line 21)
XPASS: g++.law/operators17.C  (test for errors, line 11)
FAIL: g++.law/profile1.C (test for excess errors)
FAIL: g++.law/visibility26.C (test for excess errors)
FAIL: g++.martin/crash1.C caused compiler crash
FAIL: g++.martin/pmf1.C  Execution test
FAIL: g++.martin/pmf2.C (test for excess errors)
FAIL: g++.martin/pure1.C called in a destructor (test for errors, line 7)
FAIL: g++.mike/for3.C shadows parm (test for warnings, line 5)
FAIL: g++.mike/for3.C (test for excess errors)
FAIL: g++.mike/net36.C candidate (test for errors, line 14)
FAIL: g++.mike/net5.C mismatch (test for warnings, line 5)
FAIL: g++.mike/p11110.C (test for excess errors)
FAIL: g++.mike/p646.C control reaches end (test for warnings, line 145)
FAIL: g++.mike/warn8.C  (test for warnings, line 16)
FAIL: g++.ns/koenig9.C caused compiler crash
FAIL: g++.ns/new1.C (test for excess errors)
FAIL: g++.ns/ns18.C (test for excess errors)
FAIL: g++.ns/overload3.C (test for excess errors)
FAIL: g++.ns/template10.C caused compiler crash
FAIL: g++.ns/template11.C (test for excess errors)
FAIL: g++.ns/template13.C previous declaration (test for errors, line 8)
FAIL: g++.ns/template13.C does not match declaration (test for errors, line 23)
FAIL: g++.ns/template14.C (test for excess errors)
FAIL: g++.ns/type1.C (test for excess errors)
FAIL: g++.ns/using14.C (test for excess errors)
FAIL: g++.oliva/ctor1.C (test for excess errors)
FAIL: g++.oliva/delete2.C  Execution test
FAIL: g++.oliva/delete3.C  Execution test
FAIL: g++.oliva/delete4.C  Execution test
FAIL: g++.oliva/delete5.C  Execution test
FAIL: g++.oliva/new1.C  Execution test
FAIL: g++.oliva/ns1.C - parse error (test for bogus messages, line 11)
FAIL: g++.oliva/overload1.C (test for excess errors)
FAIL: g++.oliva/template2.C - C<T> not a class (test for bogus messages, line 14)
FAIL: g++.oliva/template4.C - using c as constant (test for bogus messages, line 20)
FAIL: g++.oliva/template6.C caused compiler crash
FAIL: g++.oliva/template7.C - conversion from int to non-scalar (test for bogus messages, line 11)
FAIL: g++.oliva/typename1.C caused compiler crash
FAIL: g++.oliva/typename2.C (test for excess errors)
FAIL: g++.other/access7.C private (test for errors, line 7)
FAIL: g++.other/access7.C private (test for errors, line 8)
FAIL: g++.other/access7.C within this context (test for errors, line 22)
FAIL: g++.other/access7.C within this context (test for errors, line 23)
FAIL: g++.other/access7.C within this context (test for errors, line 30)
FAIL: g++.other/access7.C within this context (test for errors, line 31)
FAIL: g++.other/access7.C within this context (test for errors, line 32)
FAIL: g++.other/access8.C (test for excess errors)
FAIL: g++.other/ambig2.C A is an ambiguous base (test for errors, line 17)
FAIL: g++.other/ambig3.C (test for excess errors)
FAIL: g++.other/base1.C cv qualified (test for errors, line 19)
FAIL: g++.other/bitfld1.C (test for excess errors)
FAIL: g++.other/bitfld2.C array type as bitfield (test for errors, line 7)
FAIL: g++.other/bitfld2.C (test for excess errors)
FAIL: g++.other/bitfld4.C (test for excess errors)
FAIL: g++.other/bitfld5.C (test for excess errors)
FAIL: g++.other/cast3.C lose const (test for errors, line 24)
FAIL: g++.other/cast3.C lose const (test for errors, line 26)
FAIL: g++.other/cast3.C lose const (test for errors, line 28)
FAIL: g++.other/cast3.C lose const (test for errors, line 29)
FAIL: g++.other/cast3.C (test for excess errors)
FAIL: g++.other/cond1.C (test for excess errors)
FAIL: g++.other/cond5.C mismatch (test for warnings, line 25)
FAIL: g++.other/cond5.C mismatch (test for warnings, line 26)
FAIL: g++.other/cond5.C mismatch (test for warnings, line 27)
FAIL: g++.other/cond5.C (test for excess errors)
FAIL: g++.other/conv5.C adding const (test for errors, line 8)
FAIL: g++.other/conv6.C - distinct types (test for bogus messages, line 14)
FAIL: g++.other/conv6.C - distinct types (test for bogus messages, line 20)
FAIL: g++.other/conv6.C - distinct types (test for bogus messages, line 26)
FAIL: g++.other/crash17.C invalid declaration (test for errors, line 5)
FAIL: g++.other/crash24.C (test for excess errors)
FAIL: g++.other/crash25.C (test for excess errors)
FAIL: g++.other/crash26.C (test for excess errors)
FAIL: g++.other/crash28.C (test for excess errors)
FAIL: g++.other/crash31.C parse error (test for errors, line 11)
FAIL: g++.other/crash31.C (test for excess errors)
FAIL: g++.other/crash32.C (test for excess errors)
FAIL: g++.other/crash35.C (test for excess errors)
FAIL: g++.other/crash36.C must take void * (test for errors, line 20)
FAIL: g++.other/crash36.C (test for excess errors)
FAIL: g++.other/crash37.C (test for excess errors)
FAIL: g++.other/decl4.C (test for excess errors)
FAIL: g++.other/decl5.C (test for excess errors)
FAIL: g++.other/defarg3.C (test for excess errors)
FAIL: g++.other/deref1.C not a pointer to object (test for errors, line 11)
FAIL: g++.other/deref1.C not a pointer to object (test for errors, line 12)
FAIL: g++.other/dtor11.C  Execution test
FAIL: g++.other/dtor5.C  Execution test
FAIL: g++.other/dtor6.C  Execution test
FAIL: g++.other/dyncast1.C  Execution test
FAIL: g++.other/dyncast2.C  Execution test
FAIL: g++.other/dyncast4.C  Execution test
FAIL: g++.other/dyncast5.C  Execution test
FAIL: g++.other/dyncast6.C  Execution test
FAIL: g++.other/enum2.C previous def (test for errors, line 9)
FAIL: g++.other/enum2.C multiple def (test for errors, line 14)
FAIL: g++.other/enum2.C (test for excess errors)
FAIL: g++.other/explicit1.C no suitable constructor (test for errors, line 11)
FAIL: g++.other/explicit1.C (test for excess errors)
FAIL: g++.other/externC3.C (test for excess errors)
FAIL: g++.other/for2.C caused compiler crash
FAIL: g++.other/friend6.C (test for excess errors)
FAIL: g++.other/friend7.C (test for excess errors)
FAIL: g++.other/friend8.C friend must use aggr tag (test for errors, line 14)
FAIL: g++.other/friend9.C is private (test for errors, line 10)
FAIL: g++.other/friend9.C in this context (test for errors, line 15)
FAIL: g++.other/goto1.C skips initialization (test for errors, line 13)
FAIL: g++.other/goto1.C jump to label (test for errors, line 15)
FAIL: g++.other/goto3.C jumps (test for errors, line 7)
FAIL: g++.other/goto3.C into try (test for errors, line 8)
FAIL: g++.other/goto3.C jumps (test for errors, line 9)
FAIL: g++.other/goto3.C into catch (test for errors, line 10)
FAIL: g++.other/goto3.C  (test for errors, line 14)
FAIL: g++.other/goto3.C  (test for errors, line 15)
FAIL: g++.other/goto3.C  (test for errors, line 16)
FAIL: g++.other/goto3.C  (test for errors, line 17)
FAIL: g++.other/goto3.C  (test for errors, line 18)
FAIL: g++.other/goto3.C  (test for errors, line 19)
FAIL: g++.other/incomplete.C forward ref (test for errors, line 7)
FAIL: g++.other/incomplete.C incomplete (test for errors, line 15)
FAIL: g++.other/incomplete.C incomplete (test for errors, line 16)
FAIL: g++.other/init15.C caused compiler crash
XPASS: g++.other/init16.C (test for excess errors)
FAIL: g++.other/instan1.C (test for excess errors)
FAIL: g++.other/linkage3.C previous declaration (test for errors, line 4)
FAIL: g++.other/linkage3.C extern redeclared static (test for errors, line 5)
FAIL: g++.other/linkage6.C (test for excess errors)
FAIL: g++.other/lookup18.C (test for excess errors)
FAIL: g++.other/lookup19.C mismatch (test for errors, line 51)
FAIL: g++.other/lookup19.C (test for excess errors)
FAIL: g++.other/nested4.C caused compiler crash
FAIL: g++.other/op1.C caused compiler crash
FAIL: g++.other/overload11.C not suitable for overload resolution (test for errors, line 44)
FAIL: g++.other/overload11.C not suitable for overload (test for errors, line 83)
FAIL: g++.other/overload11.C not suitable for overload (test for errors, line 84)
FAIL: g++.other/overload12.C (test for excess errors)
FAIL: g++.other/ptrmem5.C conversion from vbase (test for errors, line 15)
FAIL: g++.other/ptrmem5.C conversion from vbase (test for errors, line 16)
FAIL: g++.other/ptrmem6.C (test for excess errors)
FAIL: g++.other/ptrmem7.C not ptr mem (test for errors, line 37)
FAIL: g++.other/ptrmem7.C not ptr mem (test for errors, line 38)
FAIL: g++.other/ptrmem7.C (test for excess errors)
FAIL: g++.other/ptrmem8.C pointer to member (test for warnings, line 37)
FAIL: g++.other/ptrmem8.C pointer to member (test for warnings, line 38)
FAIL: g++.other/ptrmem8.C pointer to member (test for warnings, line 53)
FAIL: g++.other/ptrmem8.C pointer to member (test for warnings, line 54)
FAIL: g++.other/qual1.C caused compiler crash
FAIL: g++.other/refinit1.C requires two UDCs (test for errors, line 17)
FAIL: g++.other/refinit2.C caused compiler crash
FAIL: g++.other/sizeof2.C member (test for errors, line 6)
FAIL: g++.other/sizeof2.C non-static data member (test for errors, line 12)
FAIL: g++.other/sizeof3.C (test for excess errors)
FAIL: g++.other/sizeof4.C incomplete (test for errors, line 25)
FAIL: g++.other/sizeof4.C incomplete (test for errors, line 26)
FAIL: g++.other/sizeof4.C incomplete (test for errors, line 29)
FAIL: g++.other/sizeof4.C incomplete (test for errors, line 30)
FAIL: g++.other/sizeof4.C cannot take size of function (test for errors, line 33)
FAIL: g++.other/sizeof4.C cannot take size of function (test for errors, line 34)
FAIL: g++.other/sizeof5.C ISO forbids, ERROR - invalid quals (test for errors, line 16)
FAIL: g++.other/static14.C (test for excess errors)
FAIL: g++.other/static5.C implicit declaration (test for errors, line 12)
FAIL: g++.other/struct1.C previous definition (test for errors, line 10)
FAIL: g++.other/struct1.C previous definition (test for errors, line 17)
FAIL: g++.other/struct1.C redefinition (test for errors, line 20)
FAIL: g++.other/struct1.C previous definition (test for errors, line 24)
FAIL: g++.other/struct1.C redefinition (test for errors, line 27)
FAIL: g++.other/struct1.C previous definition (test for errors, line 31)
FAIL: g++.other/struct1.C redefinition (test for errors, line 34)
FAIL: g++.other/struct1.C previous definition (test for errors, line 38)
FAIL: g++.other/struct1.C redefinition (test for errors, line 41)
FAIL: g++.other/struct1.C (test for excess errors)
FAIL: g++.other/syntax3.C (test for excess errors)
FAIL: g++.other/syntax4.C (test for excess errors)
FAIL: g++.other/typedef7.C (test for excess errors)
FAIL: g++.other/typedef8.C (test for excess errors)
FAIL: g++.other/union2.C  Execution test
FAIL: g++.other/union3.C  Execution test
FAIL: g++.other/union4.C multiple initializations (test for errors, line 10)
FAIL: g++.other/union4.C multiple initializations (test for errors, line 20)
FAIL: g++.other/union4.C (test for excess errors)
FAIL: g++.other/using2.C (test for excess errors)
FAIL: g++.other/using4.C (test for excess errors)
FAIL: g++.other/using6.C (test for excess errors)
FAIL: g++.other/using7.C (test for excess errors)
FAIL: g++.other/vaarg3.C forward decl (test for errors, line 12)
FAIL: g++.other/vaarg3.C promote (test for errors, line 23)
FAIL: g++.other/vaarg3.C promote (test for errors, line 26)
FAIL: g++.other/vaarg3.C cannot receive (test for warnings, line 16)
FAIL: g++.other/vaarg3.C cannot receive (test for warnings, line 17)
FAIL: g++.other/vaarg4.C (test for excess errors)
FAIL: g++.other/vbase2.C  Execution test
FAIL: g++.other/volatile1.C candidates (test for errors, line 5)
FAIL: g++.other/warn4.C (test for excess errors)
FAIL: g++.pt/array5.C caused compiler crash
FAIL: g++.pt/builtin.C (test for excess errors)
FAIL: g++.pt/cond2.C (test for excess errors)
FAIL: g++.pt/conv3.C no conversion from int to A. (test for errors, line 10)
FAIL: g++.pt/crash15.C (test for excess errors)
FAIL: g++.pt/crash41.C (test for excess errors)
FAIL: g++.pt/crash43.C typename as friend (test for errors, line 13)
FAIL: g++.pt/crash43.C typename as friend (test for errors, line 18)
FAIL: g++.pt/crash43.C typename as friend (test for errors, line 23)
FAIL: g++.pt/crash44.C friend must use tag (test for errors, line 8)
FAIL: g++.pt/crash44.C (test for excess errors)
FAIL: g++.pt/crash46.C (test for excess errors)
FAIL: g++.pt/crash47.C (test for excess errors)
FAIL: g++.pt/crash5.C forward declaration (test for errors, line 4)
FAIL: g++.pt/crash5.C (test for excess errors)
FAIL: g++.pt/crash56.C caused compiler crash
FAIL: g++.pt/crash57.C caused compiler crash
FAIL: g++.pt/crash58.C caused compiler crash
FAIL: g++.pt/crash60.C no match (test for errors, line 17)
FAIL: g++.pt/crash60.C (test for excess errors)
FAIL: g++.pt/crash9.C forward declaration (test for errors, line 6)
XPASS: g++.pt/decl2.C ICE - (test for errors, line 8)
FAIL: g++.pt/deduct2.C (test for excess errors)
FAIL: g++.pt/defarg10.C caused compiler crash
FAIL: g++.pt/defarg12.C (test for excess errors)
FAIL: g++.pt/defarg13.C default argument uses local (test for errors, line 7)
FAIL: g++.pt/defarg13.C instantiated here (test for errors, line 9)
FAIL: g++.pt/defarg13.C instantiated here (test for errors, line 12)
FAIL: g++.pt/enum14.C private (test for errors, line 27)
FAIL: g++.pt/enum14.C private (test for errors, line 28)
FAIL: g++.pt/enum14.C within this context (test for errors, line 33)
FAIL: g++.pt/enum14.C within this context (test for errors, line 34)
FAIL: g++.pt/error2.C caused compiler crash
FAIL: g++.pt/explarg1.C (test for excess errors)
FAIL: g++.pt/explicit80.C (test for excess errors)
FAIL: g++.pt/explicit82.C (test for excess errors)
FAIL: g++.pt/explicit83.C (test for excess errors)
FAIL: g++.pt/expr6.C (test for excess errors)
FAIL: g++.pt/expr8.C (test for excess errors)
FAIL: g++.pt/fntry1.C  Execution test
FAIL: g++.pt/friend38.C template parameters cannot be friends (test for errors, line 7)
FAIL: g++.pt/friend38.C template parameters cannot be friends (test for errors, line 8)
FAIL: g++.pt/friend43.C caused compiler crash
FAIL: g++.pt/friend44.C caused compiler crash
FAIL: g++.pt/friend45.C friend must use aggr tag (test for errors, line 10)
FAIL: g++.pt/friend45.C (test for excess errors)
FAIL: g++.pt/friend46.C (test for excess errors)
FAIL: g++.pt/incomplete1.C forward decl (test for errors, line 9)
FAIL: g++.pt/inject1.C (test for excess errors)
FAIL: g++.pt/inject2.C caused compiler crash
FAIL: g++.pt/instantiate6.C (test for excess errors)
FAIL: g++.pt/instantiate7.C (test for excess errors)
FAIL: g++.pt/instantiate9.C caused compiler crash
FAIL: g++.pt/koenig1.C candiate (test for errors, line 15)
FAIL: g++.pt/koenig1.C (test for excess errors)
FAIL: g++.pt/mangle1.C caused compiler crash
FAIL: g++.pt/memclass21.C (test for excess errors)
FAIL: g++.pt/memtemp64.C original declaration. (test for errors, line 7)
FAIL: g++.pt/memtemp77.C  Execution test
FAIL: g++.pt/memtemp79.C - quals (test for bogus messages, line 5)
FAIL: g++.pt/memtemp89.C caused compiler crash
FAIL: g++.pt/memtemp90.C - B is not a template (test for bogus messages, line 14)
FAIL: g++.pt/memtemp92.C caused compiler crash
FAIL: g++.pt/memtemp93.C (test for excess errors)
FAIL: g++.pt/memtemp94.C caused compiler crash
FAIL: g++.pt/memtemp96.C (test for excess errors)
FAIL: g++.pt/memtemp97.C (test for excess errors)
FAIL: g++.pt/memtemp98.C caused compiler crash
FAIL: g++.pt/operator1.C (test for excess errors)
FAIL: g++.pt/overload13.C (test for excess errors)
FAIL: g++.pt/parms2.C caused compiler crash
FAIL: g++.pt/poi1.C (test for excess errors)
FAIL: g++.pt/ptrmem10.C (test for excess errors)
FAIL: g++.pt/ptrmem6.C  (test for errors, line 26)
FAIL: g++.pt/ptrmem8.C (test for excess errors)
FAIL: g++.pt/ref2.C (test for excess errors)
FAIL: g++.pt/repo2.C (test for excess errors)
FAIL: g++.pt/repo3.C (test for excess errors)
FAIL: g++.pt/static9.C (test for excess errors)
FAIL: g++.pt/switch1.C (test for excess errors)
FAIL: g++.pt/syntax1.C (test for excess errors)
FAIL: g++.pt/syntax2.C (test for excess errors)
FAIL: g++.pt/t05.C candidates (test for errors, line 3)
FAIL: g++.pt/t05.C (test for excess errors)
FAIL: g++.pt/ttp57.C caused compiler crash
FAIL: g++.pt/ttp58.C caused compiler crash
FAIL: g++.pt/ttp59.C caused compiler crash
FAIL: g++.pt/ttp60.C (test for excess errors)
FAIL: g++.pt/ttp61.C (test for excess errors)
FAIL: g++.pt/ttp62.C  Execution test
FAIL: g++.pt/ttp63.C (test for excess errors)
FAIL: g++.pt/typename24.C (test for excess errors)
FAIL: g++.pt/typename26.C does not declare anything (test for errors, line 11)
FAIL: g++.pt/typename26.C does not declare anything (test for errors, line 17)
FAIL: g++.pt/typename27.C caused compiler crash
FAIL: g++.pt/typename8.C (test for excess errors)
FAIL: g++.pt/unify7.C  (test for bogus messages, line 9)
FAIL: g++.pt/unify7.C  (test for bogus messages, line 13)
FAIL: g++.pt/unify7.C  (test for bogus messages, line 14)
FAIL: g++.pt/vaarg3.C cannot pass non-POD (test for errors, line 17)
FAIL: g++.pt/virtual2.C caused compiler crash
FAIL: g++.robertl/eb109.C candidates (test for errors, line 20)
FAIL: g++.robertl/eb109.C (test for excess errors)
FAIL: g++.robertl/eb127.C should use this->* (test for errors, line 50)
FAIL: g++.robertl/eb129a.C caused compiler crash
FAIL: g++.robertl/eb131.C candidate (test for errors, line 13)
FAIL: g++.robertl/eb22.C (test for excess errors)
FAIL: g++.robertl/eb55.C (test for excess errors)
FAIL: g++.robertl/eb69.C candidate (test for errors, line 8)
FAIL: g++.robertl/eb69.C candidate (test for errors, line 9)
FAIL: g++.robertl/eb69.C not a base (test for errors, line 13)
FAIL: g++.robertl/eb76.C (test for excess errors)
FAIL: g++.robertl/eh990323-2.C  Execution test
FAIL: g++.robertl/eh990323-3.C  Execution test
FAIL: g++.robertl/eh990323-4.C  Execution test
FAIL: g++.robertl/ice990323-1.C caused compiler crash
FAIL: g++.robertl/ice990323-2.C caused compiler crash
FAIL: g++.warn/impint.C double to int (test for warnings, line 25)
FAIL: g++.warn/impint.C float to int (test for warnings, line 26)
FAIL: g++.warn/impint.C double to int (test for warnings, line 27)
FAIL: g++.warn/impint.C float to int (test for warnings, line 28)
FAIL: g++.warn/impint.C double to int (test for warnings, line 29)
FAIL: g++.warn/impint.C float to int (test for warnings, line 30)
FAIL: g++.warn/impint.C double to int (test for warnings, line 32)
FAIL: g++.warn/impint.C float to int (test for warnings, line 33)
FAIL: g++.warn/impint.C double to int (test for warnings, line 47)
FAIL: g++.warn/impint.C float to int (test for warnings, line 48)
FAIL: g++.warn/impint.C double to int (test for warnings, line 49)
FAIL: g++.warn/impint.C float to int (test for warnings, line 50)
FAIL: g++.warn/impint.C double to int (test for warnings, line 51)
FAIL: g++.warn/impint.C float to int (test for warnings, line 52)
FAIL: g++.warn/impint2.C in passing (test for warnings, line 19)
FAIL: g++.warn/impint2.C in passing (test for warnings, line 21)
FAIL: g++.warn/impint2.C float to int (test for warnings, line 25)
FAIL: g++.warn/impint2.C float to int (test for warnings, line 26)
FAIL: g++.warn/impint2.C float to int (test for warnings, line 27)
FAIL: g++.warn/impint2.C float to int (test for warnings, line 29)
FAIL: g++.warn/impint2.C float to int (test for warnings, line 39)
FAIL: g++.warn/impint2.C float to int (test for warnings, line 40)
FAIL: g++.warn/impint2.C float to int (test for warnings, line 41)
FAIL: g++.warn/iomanip.C (test for excess errors)

		=== g++ Summary for unix/-march=i386 ===

# of expected passes		5646
# of unexpected failures	445
# of unexpected successes	6
# of expected failures		104
# of untested testcases		15

		=== g++ Summary ===

# of expected passes		16938
# of unexpected failures	1335
# of unexpected successes	18
# of expected failures		312
# of untested testcases		45
/devel/src/gcc-2.95.3-test5.obj/gcc/testsuite/../g++ version 2.95.3 20010312 (prerelease)

		=== g77 tests ===


Running target unix
FAIL: g77.f-torture/compile/20000630-2.f,  -O0  
FAIL: g77.f-torture/compile/20000630-2.f,  -O1  
FAIL: g77.f-torture/compile/20000630-2.f,  -O2  
FAIL: g77.f-torture/compile/20000630-2.f,  -O2 -fomit-frame-pointer -finline-functions  
FAIL: g77.f-torture/compile/20000630-2.f,  -O3 -g  
FAIL: g77.f-torture/compile/20000630-2.f,  -Os  
XPASS: g77.f-torture/execute/20001111.f execution,  -O0 
XPASS: g77.f-torture/execute/20001111.f execution,  -O1 
XPASS: g77.f-torture/execute/20001111.f execution,  -O2 
XPASS: g77.f-torture/execute/20001111.f execution,  -O2 -fomit-frame-pointer -finline-functions 
XPASS: g77.f-torture/execute/20001111.f execution,  -O2 -fomit-frame-pointer -finline-functions -funroll-loops 
XPASS: g77.f-torture/execute/20001111.f execution,  -O2 -fomit-frame-pointer -finline-functions -funroll-all-loops 
XPASS: g77.f-torture/execute/20001111.f execution,  -O3 -g 
XPASS: g77.f-torture/execute/20001111.f execution,  -Os 

		=== g77 Summary for unix ===

# of expected passes		863
# of unexpected failures	6
# of unexpected successes	8

Running target unix/-march=i486
FAIL: g77.f-torture/compile/20000630-2.f,  -O0  
FAIL: g77.f-torture/compile/20000630-2.f,  -O1  
FAIL: g77.f-torture/compile/20000630-2.f,  -O2  
FAIL: g77.f-torture/compile/20000630-2.f,  -O2 -fomit-frame-pointer -finline-functions  
FAIL: g77.f-torture/compile/20000630-2.f,  -O3 -g  
FAIL: g77.f-torture/compile/20000630-2.f,  -Os  
XPASS: g77.f-torture/execute/20001111.f execution,  -O0 
XPASS: g77.f-torture/execute/20001111.f execution,  -O1 
XPASS: g77.f-torture/execute/20001111.f execution,  -O2 
XPASS: g77.f-torture/execute/20001111.f execution,  -O2 -fomit-frame-pointer -finline-functions 
XPASS: g77.f-torture/execute/20001111.f execution,  -O2 -fomit-frame-pointer -finline-functions -funroll-loops 
XPASS: g77.f-torture/execute/20001111.f execution,  -O2 -fomit-frame-pointer -finline-functions -funroll-all-loops 
XPASS: g77.f-torture/execute/20001111.f execution,  -O3 -g 
XPASS: g77.f-torture/execute/20001111.f execution,  -Os 

		=== g77 Summary for unix/-march=i486 ===

# of expected passes		863
# of unexpected failures	6
# of unexpected successes	8

Running target unix/-march=i386
FAIL: g77.f-torture/compile/20000630-2.f,  -O0  
FAIL: g77.f-torture/compile/20000630-2.f,  -O1  
FAIL: g77.f-torture/compile/20000630-2.f,  -O2  
FAIL: g77.f-torture/compile/20000630-2.f,  -O2 -fomit-frame-pointer -finline-functions  
FAIL: g77.f-torture/compile/20000630-2.f,  -O3 -g  
FAIL: g77.f-torture/compile/20000630-2.f,  -Os  
XPASS: g77.f-torture/execute/20001111.f execution,  -O0 
XPASS: g77.f-torture/execute/20001111.f execution,  -O1 
XPASS: g77.f-torture/execute/20001111.f execution,  -O2 
XPASS: g77.f-torture/execute/20001111.f execution,  -O2 -fomit-frame-pointer -finline-functions 
XPASS: g77.f-torture/execute/20001111.f execution,  -O2 -fomit-frame-pointer -finline-functions -funroll-loops 
XPASS: g77.f-torture/execute/20001111.f execution,  -O2 -fomit-frame-pointer -finline-functions -funroll-all-loops 
XPASS: g77.f-torture/execute/20001111.f execution,  -O3 -g 
XPASS: g77.f-torture/execute/20001111.f execution,  -Os 

		=== g77 Summary for unix/-march=i386 ===

# of expected passes		863
# of unexpected failures	6
# of unexpected successes	8

		=== g77 Summary ===

# of expected passes		2589
# of unexpected failures	18
# of unexpected successes	24
		=== objc tests ===


Running target unix
FAIL: objc/execute/bf-20.m execution,  -O 
FAIL: objc/execute/fdecl.m compilation,  -O 

		=== objc Summary for unix ===

# of expected passes		49
# of unexpected failures	2
# of untested testcases		1

Running target unix/-march=i486
FAIL: objc/execute/bf-20.m execution,  -O 
FAIL: objc/execute/fdecl.m compilation,  -O 

		=== objc Summary for unix/-march=i486 ===

# of expected passes		49
# of unexpected failures	2
# of untested testcases		1

Running target unix/-march=i386
FAIL: objc/execute/bf-20.m execution,  -O 
FAIL: objc/execute/fdecl.m compilation,  -O 

		=== objc Summary for unix/-march=i386 ===

# of expected passes		49
# of unexpected failures	2
# of untested testcases		1

		=== objc Summary ===

# of expected passes		147
# of unexpected failures	6
# of untested testcases		3
/devel/src/gcc-2.95.3-test5.obj/gcc/xgcc version 2.95.3 20010312 (prerelease)


Compiler version: 2.95.3 20010312 (prerelease) 
Platform: i686-UnixWare7.1.0-sysv5
configure flags: --with-gcc-version-trigger=/devel/src/gcc-2.95.3-test5/gcc/version.c --host=i686-UnixWare7.1.0-sysv5 --with-gnu-as --with-gnu-ld --norecursion
Counting all warnings,
there are 26 warnings in stage3 of this bootstrap.

Number of warnings per file:
18 ../../gcc-2.95.3-test5/gcc/toplev.c
4 cxxmain.c
2 ../../gcc-2.95.3-test5/gcc/reload1.c
2 ../../../gcc-2.95.3-test5/gcc/f/com.c

Number of warning types:
18 initialization from incompatible pointer type
4 assignment discards qualifiers from pointer target type
2 unused parameter `???'
2 passing arg ??? of `???' from incompatible pointer type


Index Nav: [Date Index] [Subject Index] [Author Index] [Thread Index]
Message Nav: [Date Prev] [Date Next] [Thread Prev] [Thread Next]