This is the mail archive of the gcc-testresults@gcc.gnu.org mailing list for the GCC project.


Index Nav: [Date Index] [Subject Index] [Author Index] [Thread Index]
Message Nav: [Date Prev] [Date Next] [Thread Prev] [Thread Next]

Results for 3.0 20010314 (prerelease) testsuite on i686-pc-linux-gnu


This was run on a beta Red Hat Linux 7.0.91 (wolverine)/x86 system.

Detailed test results in ../20010314-mkcheck.txt
+: pass, -b: build failure, -r: run failure, x: disabled
------------------------------------------------------------------------
static  shared  test
------------------------------------------------------------------------
+       +       17_intro/header_ciso646.cc
+       +       17_intro/header_cstdio.cc
+       +       17_intro/header_cstdlib.cc
+       +       17_intro/header_cstring.cc
+       +       17_intro/header_ctime.cc
+       +       17_intro/header_cwchar.cc
+       +       17_intro/header_cwctype.cc
+       +       17_intro/header_fstream.cc
+       +       17_intro/header_iomanip.cc
+       +       17_intro/header_ios.cc
+       +       17_intro/header_iosfwd.cc
+       +       17_intro/header_iostream.cc
+       +       17_intro/header_istream.cc
+       +       17_intro/header_ostream.cc
+       +       17_intro/headers.cc
+       +       17_intro/headers_c.cc
+       +       17_intro/headers_c++.cc
+       +       17_intro/header_sstream.cc
+       +       17_intro/header_streambuf.cc
+       +       18_support/numeric_limits.cc
+       +       19_diagnostics/stdexceptions.cc
+       +       20_util/auto_ptr.cc
-r      +       21_strings/append.cc
+       +       21_strings/capacity.cc
+       +       21_strings/char_traits_requirements.cc
+       +       21_strings/char_traits_typedefs.cc
+       +       21_strings/compare.cc
-r      +       21_strings/ctor_copy_dtor.cc
+       +       21_strings/element_access.cc
+       +       21_strings/find.cc
-r      +       21_strings/insert.cc
+       +       21_strings/inserters_extractors.cc
+       +       21_strings/invariants.cc
+       +       21_strings/nonmember.cc
+       +       21_strings/operations.cc
+       +       21_strings/replace.cc
+       +       21_strings/rfind.cc
-r      +       21_strings/substr.cc
+       +       22_locale/codecvt_char_char.cc
+       +       22_locale/codecvt_unicode_char.cc
+       +       22_locale/codecvt_unicode_wchar_t.cc
+       +       22_locale/codecvt_wchar_t_char.cc
+       +       22_locale/ctor_copy_dtor.cc
+       +       22_locale/ctype.cc
+       +       22_locale/ctype_char_members.cc
+       +       22_locale/ctype_wchar_t_members.cc
+       +       22_locale/facet.cc
+       +       22_locale/global_templates.cc
+       +       22_locale/members.cc
+       +       22_locale/numpunct_byname.cc
+       +       22_locale/numpunct.cc
+       +       22_locale/numpunct_char_members.cc
+       +       22_locale/operators.cc
+       +       22_locale/static_members.cc
+       +       23_containers/bitset_ctor.cc
+       +       23_containers/bitset_shift.cc
-b      -b      23_containers/map_operators.cc
+       +       23_containers/multiset.cc
-b      -b      23_containers/set_operators.cc
+       +       23_containers/vector_capacity.cc
+       +       23_containers/vector_ctor.cc
+       +       23_containers/vector_element_access.cc
+       +       23_containers/vector_modifiers.cc
+       +       24_iterators/istreambuf_iterator.cc
+       +       24_iterators/iterator.cc
+       +       25_algorithms/lower_bound.cc
+       +       25_algorithms/min_max.cc
+       +       26_numerics/binary_closure.cc
+       +       26_numerics/buggy_complex.cc
+       +       26_numerics/c_math.cc
+       +       26_numerics/complex_inserters_extractors.cc
+       +       26_numerics/complex_value.cc
+       +       26_numerics/valarray.cc
-b      -b      27_io/filebuf.cc
+       +       27_io/filebuf_members.cc
+       +       27_io/fpos.cc
+       +       27_io/ifstream_members.cc
+       +       27_io/ios_base_callbacks.cc
-r      -r      27_io/ios_base_members_static.cc
+       +       27_io/ios_base_storage.cc
+       +       27_io/ios_ctor.cc
+       +       27_io/ios_manip_basefield.cc
+       +       27_io/ios_manip_fmtflags.cc
-r      +       27_io/ios_members.cc
+       +       27_io/istream.cc
+       +       27_io/istream_extractor_arith.cc
-r      -r      27_io/istream_extractor_char.cc
+       +       27_io/istream_extractor_other.cc
+       +       27_io/istream_manip.cc
-b      -b      27_io/istream_seeks.cc
+       +       27_io/istream_sentry.cc
diff: ./istream_unformatted-2.txt: No such file or directory
+       diff: ./istream_unformatted-2.txt: No such file or directory
+       27_io/istream_unformatted.cc
+       +       27_io/istringstream_members.cc
+       +       27_io/narrow_stream_objects.cc
+       +       27_io/ofstream_members.cc
+       +       27_io/ostream.cc
+       +       27_io/ostream_inserter_arith.cc
+       +       27_io/ostream_inserter_char.cc
+       +       27_io/ostream_inserter_other.cc
+       +       27_io/ostream_manip.cc
+       +       27_io/ostream_seeks.cc
+       +       27_io/ostream_unformatted.cc
+       +       27_io/streambuf.cc
+       +       27_io/stringbuf.cc
+       +       27_io/stringstream.cc
+       +       27_io/wide_stream_objects.cc
+       +       ext/headers.cc
testrun == 1072 seconds

Native configuration is i686-pc-linux-gnu

		=== gcc tests ===


Running target unix
FAIL: gcc.c-torture/compile/20001226-1.c,  -Os  
FAIL: gcc.c-torture/execute/20010114-2.c execution,  -O1 
FAIL: gcc.c-torture/execute/20010114-2.c execution,  -O2 
FAIL: gcc.c-torture/execute/20010114-2.c execution,  -Os 
FAIL: gcc.c-torture/execute/20010123-1.c execution,  -O0 
FAIL: gcc.c-torture/execute/20010123-1.c execution,  -O1 
FAIL: gcc.c-torture/execute/20010123-1.c execution,  -O2 
FAIL: gcc.c-torture/execute/20010123-1.c execution,  -O3
-fomit-frame-pointer 
FAIL: gcc.c-torture/execute/20010123-1.c execution,  -O3
-fomit-frame-pointer -funroll-loops 
FAIL: gcc.c-torture/execute/20010123-1.c execution,  -O3
-fomit-frame-pointer -funroll-all-loops -finline-functions 
FAIL: gcc.c-torture/execute/20010123-1.c execution,  -O3 -g 
FAIL: gcc.c-torture/execute/20010123-1.c execution,  -Os 
FAIL: gcc.c-torture/execute/20010124-1.c execution,  -O0 
FAIL: gcc.c-torture/execute/20010124-1.c execution,  -O1 
FAIL: gcc.c-torture/execute/20010124-1.c execution,  -O2 
FAIL: gcc.c-torture/execute/20010124-1.c execution,  -O3
-fomit-frame-pointer 
FAIL: gcc.c-torture/execute/20010124-1.c execution,  -O3 -g 
FAIL: gcc.c-torture/execute/20010124-1.c execution,  -Os 
FAIL: gcc.c-torture/execute/loop-2b.c execution,  -O2 
FAIL: gcc.dg/20000724-1.c execution test
FAIL: gcc.dg/20001117-1.c (test for excess errors)
FAIL: gcc.dg/sequence-pt-1.c sequence point warning (test for warnings,
line 59)

		=== gcc Summary ===

# of expected passes		15024
# of unexpected failures	22
# of expected failures		78
# of unsupported tests		20
/home/chj/dev/gcc/objdir/gcc/xgcc version 3.0 20010314 (prerelease)

		=== g++ tests ===


Running target unix
FAIL: g++.ext/instantiate1.C not instantiated (test for errors, line 18)
FAIL: g++.ext/instantiate1.C not instantiated (test for errors, line 20)
FAIL: g++.other/crash31.C parse error (test for errors, line 11)
FAIL: g++.other/crash31.C (test for excess errors)

		=== g++ Summary ===

# of expected passes		6423
# of unexpected failures	4
# of expected failures		86
# of untested testcases		9
/home/chj/dev/gcc/objdir/gcc/testsuite/../g++ version 3.0 20010314
(prerelease)

		=== g77 tests ===


Running target unix
XPASS: g77.f-torture/execute/20010116.f execution,  -O0 
XPASS: g77.f-torture/execute/20010116.f execution,  -O1 
FAIL: g77.f-torture/execute/short.f execution,  -Os 

		=== g77 Summary ===

# of expected passes		926
# of unexpected failures	1
# of unexpected successes	2
# of expected failures		6
		=== objc tests ===


Running target unix
FAIL: objc/execute/formal_protocol-5.m compilation,  -O 
FAIL: objc/execute/formal_protocol-6.m compilation,  -O 
FAIL: objc/execute/protocol.m compilation,  -O 

		=== objc Summary ===

# of expected passes		140
# of unexpected failures	3
# of untested testcases		3
/home/chj/dev/gcc/objdir/gcc/xgcc version 3.0 20010314 (prerelease)


Compiler version: 3.0 20010314 (prerelease) 
Platform: i686-pc-linux-gnu
configure flags: --host=i686-pc-linux-gnu
Counting all warnings,
there are 218 warnings in stage3 of this bootstrap.

Number of warnings per file:
     81	gcc/gcc.c
     28	gcc/combine.c
     23	gcc/f/lang-specs.h
     17	gcc/cp/lang-specs.h
     10	gcc/reg-stack.c
      9	gcc/objc/lang-specs.h
      6	gcc/cp/pt.c
      5	gcc/cse.c
      5	gcc/cp/error.c
      4	gcc/cp/call.c
      3	gcc/reload1.c
      3	gcc/config/i386/i386.c
      2	insn-emit.c
      2	hashtab.c
      2	gcc/reload.c
      2	gcc/function.c
      2	gcc/fold-const.c
      2	gcc/expr.c
      2	gcc/config/i386/i386.md
      2	gcc/alias.c
      1	gcc/sched-deps.c
      1	gcc/regmove.c
      1	gcc/final.c
      1	gcc/expmed.c
      1	gcc/dwarfout.c
      1	gcc/cp/init.c
      1	gcc/cp/errfn.c
      1	gcc/cp/decl.c

Number of warning types:
     62	(near initialization for \`???')
     62	missing initializer
     57	comparison between signed and unsigned
      9	\`???' might be used uninitialized in this function
      6	string length \`???' is greater than the length \`???' ISO C89
compilers are required to support
      5	initialization from incompatible pointer type
      4	signed and unsigned type in conditional expression
      3	unused variable \`???'
      2	passing arg ??? of \`???' from incompatible pointer type
      2	function declaration isn't a prototype
      2	destination missing a mode?
      1	pointer targets in passing arg ??? of \`???' differ in
signedness
      1	passing arg ??? of \`???' discards qualifiers from pointer
target type
      1	integer constant is unsigned in ISO C, signed with -traditional
      1	decimal constant is so large that it is unsigned


Index Nav: [Date Index] [Subject Index] [Author Index] [Thread Index]
Message Nav: [Date Prev] [Date Next] [Thread Prev] [Thread Next]