This is the mail archive of the gcc-testresults@gcc.gnu.org mailing list for the GCC project.


Index Nav: [Date Index] [Subject Index] [Author Index] [Thread Index]
Message Nav: [Date Prev] [Date Next] [Thread Prev] [Thread Next]

Results for 3.1 20010313 (experimental) testsuite on mips-sgi-irix6.5


Native configuration is mips-sgi-irix6.5

		=== objc tests ===


Running target unix
FAIL: objc/execute/class-2.m execution,  -O 
FAIL: objc/execute/formal_protocol-5.m compilation,  -O 
FAIL: objc/execute/formal_protocol-6.m compilation,  -O 
FAIL: objc/execute/protocol.m compilation,  -O 

		=== objc Summary for unix ===

# of expected passes		139
# of unexpected failures	4
# of untested testcases		3

Running target unix/-mabi=64
FAIL: objc/execute/bycopy-3.m execution,  -O 
FAIL: objc/execute/formal_protocol-5.m compilation,  -O 
FAIL: objc/execute/formal_protocol-6.m compilation,  -O 
FAIL: objc/execute/protocol.m compilation,  -O 

		=== objc Summary for unix/-mabi=64 ===

# of expected passes		139
# of unexpected failures	4
# of untested testcases		3

		=== objc Summary ===

# of expected passes		278
# of unexpected failures	8
# of untested testcases		6
/exd4/billingd/obj/gcc-mainline/gcc/xgcc version 3.1 20010313 (experimental)

		=== gcc tests ===


Running target unix
FAIL: gcc.c-torture/compile/20001226-1.c,  -O2  
FAIL: gcc.c-torture/compile/20001226-1.c,  -O3 -fomit-frame-pointer  
FAIL: gcc.c-torture/compile/20001226-1.c,  -O3 -g  
FAIL: gcc.c-torture/compile/20001226-1.c,  -Os  
FAIL: gcc.c-torture/execute/20010122-1.c execution,  -O0 
FAIL: gcc.c-torture/execute/20010122-1.c execution,  -O1 
FAIL: gcc.c-torture/execute/20010122-1.c execution,  -O2 
FAIL: gcc.c-torture/execute/20010122-1.c execution,  -O3
-fomit-frame-pointer 
FAIL: gcc.c-torture/execute/20010122-1.c execution,  -O3
-fomit-frame-pointer -funroll-loops 
FAIL: gcc.c-torture/execute/20010122-1.c execution,  -O3
-fomit-frame-pointer -funroll-all-loops -finline-functions 
FAIL: gcc.c-torture/execute/20010122-1.c execution,  -O3 -g 
FAIL: gcc.c-torture/execute/20010122-1.c execution,  -Os 
XPASS: gcc.c-torture/execute/memcheck/blkarg.c execution,  -O0 
XPASS: gcc.c-torture/execute/memcheck/blkarg.c execution,  -O1 
XPASS: gcc.c-torture/execute/memcheck/blkarg.c execution,  -O2 
XPASS: gcc.c-torture/execute/memcheck/blkarg.c execution,  -Os 

		=== gcc Summary for unix ===

# of expected passes		15013
# of unexpected failures	12
# of unexpected successes	4
# of expected failures		104
# of unsupported tests		56

Running target unix/-mabi=64
FAIL: gcc.c-torture/compile/20001226-1.c,  -O3 -g  
FAIL: gcc.c-torture/compile/20001226-1.c,  -Os  
FAIL: gcc.c-torture/execute/20010122-1.c compilation,  -O0 
FAIL: gcc.c-torture/execute/20010122-1.c compilation,  -O1 
FAIL: gcc.c-torture/execute/20010122-1.c compilation,  -O2 
FAIL: gcc.c-torture/execute/20010122-1.c compilation,  -O3
-fomit-frame-pointer 
FAIL: gcc.c-torture/execute/20010122-1.c compilation,  -O3
-fomit-frame-pointer -funroll-loops 
FAIL: gcc.c-torture/execute/20010122-1.c compilation,  -O3
-fomit-frame-pointer -funroll-all-loops -finline-functions 
FAIL: gcc.c-torture/execute/20010122-1.c compilation,  -O3 -g 
FAIL: gcc.c-torture/execute/20010122-1.c compilation,  -Os 
FAIL: gcc.c-torture/execute/991014-1.c compilation,  -O0 
FAIL: gcc.c-torture/execute/991014-1.c compilation,  -O1 
FAIL: gcc.c-torture/execute/991014-1.c compilation,  -O2 
FAIL: gcc.c-torture/execute/991014-1.c compilation,  -O3
-fomit-frame-pointer 
FAIL: gcc.c-torture/execute/991014-1.c compilation,  -O3 -g 
FAIL: gcc.c-torture/execute/991014-1.c compilation,  -Os 
FAIL: gcc.c-torture/execute/divconst-2.c execution,  -O1 
FAIL: gcc.c-torture/execute/divconst-2.c execution,  -O2 
FAIL: gcc.c-torture/execute/divconst-2.c execution,  -Os 
XPASS: gcc.c-torture/execute/memcheck/blkarg.c execution,  -O0 
XPASS: gcc.c-torture/execute/memcheck/blkarg.c execution,  -O1 
XPASS: gcc.c-torture/execute/memcheck/blkarg.c execution,  -O2 
XPASS: gcc.c-torture/execute/memcheck/blkarg.c execution,  -Os 
FAIL: linkage.c

		=== gcc Summary for unix/-mabi=64 ===

# of expected passes		14991
# of unexpected failures	20
# of unexpected successes	4
# of expected failures		104
# of unresolved testcases	14
# of unsupported tests		56

		=== gcc Summary ===

# of expected passes		30004
# of unexpected failures	32
# of unexpected successes	8
# of expected failures		208
# of unresolved testcases	14
# of unsupported tests		112
/exd4/billingd/obj/gcc-mainline/gcc/xgcc version 3.1 20010313 (experimental)

		=== g77 tests ===


Running target unix
FAIL: g77.f-torture/compile/20000511-2.f,  -O3 -g  
FAIL: g77.f-torture/compile/20000629-1.f,  -O3 -g  
FAIL: g77.f-torture/execute/19981119-0.f compilation,  -O3 -g 
FAIL: g77.f-torture/execute/short.f execution,  -Os 

		=== g77 Summary for unix ===

# of expected passes		914
# of unexpected failures	4
# of untested testcases		1
# of unsupported tests		8

Running target unix/-mabi=64
FAIL: g77.f-torture/compile/20000601-2.f,  -O1  
FAIL: g77.f-torture/compile/20000511-2.f,  -O3 -g  
FAIL: g77.f-torture/compile/20000629-1.f,  -O3 -g  
FAIL: g77.f-torture/execute/short.f execution,  -Os 

		=== g77 Summary for unix/-mabi=64 ===

# of expected passes		915
# of unexpected failures	4
# of unsupported tests		8

		=== g77 Summary ===

# of expected passes		1829
# of unexpected failures	8
# of untested testcases		1
# of unsupported tests		16
		=== g++ tests ===


Running target unix
FAIL: g++.ext/instantiate1.C not instantiated (test for errors, line 18)
FAIL: g++.ext/instantiate1.C not instantiated (test for errors, line 20)
XPASS: g++.jason/thunk3.C (test for excess errors)
XPASS: g++.jason/thunk3.C  Execution test
FAIL: g++.law/cvt2.C (test for excess errors)
FAIL: g++.pt/static11.C  Execution test

		=== g++ Summary for unix ===

# of expected passes		6396
# of unexpected failures	4
# of unexpected successes	2
# of expected failures		98
# of untested testcases		19

Running target unix/-mabi=64
FAIL: g++.abi/cxa_vec.C  Execution test
FAIL: g++.brendan/eh1.C  Execution test
FAIL: g++.eh/badalloc1.C  Execution test
FAIL: g++.eh/catch11.C  Execution test
FAIL: g++.eh/catch12.C  Execution test
FAIL: g++.eh/catch3.C  Execution test
FAIL: g++.eh/catch3p.C  Execution test
FAIL: g++.eh/catch4.C  Execution test
FAIL: g++.eh/catch4p.C  Execution test
FAIL: g++.eh/catch5.C  Execution test
FAIL: g++.eh/catch5p.C  Execution test
FAIL: g++.eh/catch6.C  Execution test
FAIL: g++.eh/catch6p.C  Execution test
FAIL: g++.eh/catch7.C  Execution test
FAIL: g++.eh/catch7p.C  Execution test
FAIL: g++.eh/catch8.C  Execution test
FAIL: g++.eh/catch8p.C  Execution test
FAIL: g++.eh/catch9.C  Execution test
FAIL: g++.eh/catch9p.C  Execution test
FAIL: g++.eh/catchptr1.C  Execution test
FAIL: g++.eh/cleanup1.C  Execution test
FAIL: g++.eh/cleanup2.C  Execution test
FAIL: g++.eh/flow1.C  Execution test
FAIL: g++.eh/fntry1.C  Execution test
FAIL: g++.eh/new1.C  Execution test
FAIL: g++.eh/new2.C  Execution test
FAIL: g++.eh/pdel1.C  Execution test
FAIL: g++.eh/pdel2.C  Execution test
FAIL: g++.eh/ptr1.C  Execution test
FAIL: g++.eh/rethrow1.C  Execution test
FAIL: g++.eh/rethrow2.C  Execution test
FAIL: g++.eh/rethrow3.C  Execution test
FAIL: g++.eh/rethrow4.C  Execution test
FAIL: g++.eh/rethrow5.C  Execution test
FAIL: g++.eh/rethrow6.C  Execution test
FAIL: g++.eh/spec1.C  Execution test
FAIL: g++.eh/spec2.C  Execution test
FAIL: g++.eh/spec3.C  Execution test
FAIL: g++.eh/spec4.C  Execution test
FAIL: g++.eh/tmpl1.C  Execution test
FAIL: g++.eh/unwind1.C  Execution test
FAIL: g++.eh/vbase1.C  Execution test
FAIL: g++.eh/vbase2.C  Execution test
FAIL: g++.eh/vbase4.C  Execution test
FAIL: g++.ext/instantiate1.C not instantiated (test for errors, line 18)
FAIL: g++.ext/instantiate1.C not instantiated (test for errors, line 20)
XPASS: g++.jason/thunk3.C (test for excess errors)
XPASS: g++.jason/thunk3.C  Execution test
FAIL: g++.law/cvt2.C (test for excess errors)
FAIL: g++.martin/new1.C  Execution test
FAIL: g++.mike/dyncast1.C  Execution test
FAIL: g++.mike/dyncast2.C  Execution test
FAIL: g++.mike/eh10.C  Execution test
FAIL: g++.mike/eh12.C  Execution test
FAIL: g++.mike/eh14.C  Execution test
FAIL: g++.mike/eh16.C  Execution test
FAIL: g++.mike/eh17.C  Execution test
FAIL: g++.mike/eh18.C  Execution test
FAIL: g++.mike/eh2.C  Execution test
FAIL: g++.mike/eh21.C  Execution test
FAIL: g++.mike/eh23.C  Execution test
FAIL: g++.mike/eh24.C  Execution test
FAIL: g++.mike/eh25.C  Execution test
FAIL: g++.mike/eh26.C  Execution test
FAIL: g++.mike/eh27.C  Execution test
FAIL: g++.mike/eh28.C  Execution test
FAIL: g++.mike/eh29.C  Execution test
FAIL: g++.mike/eh3.C  Execution test
FAIL: g++.mike/eh31.C  Execution test
FAIL: g++.mike/eh33.C  Execution test
FAIL: g++.mike/eh34.C  Execution test
FAIL: g++.mike/eh35.C  Execution test
FAIL: g++.mike/eh36.C  Execution test
FAIL: g++.mike/eh37.C  Execution test
FAIL: g++.mike/eh38.C  Execution test
FAIL: g++.mike/eh39.C  Execution test
FAIL: g++.mike/eh40.C  Execution test
FAIL: g++.mike/eh41.C  Execution test
FAIL: g++.mike/eh42.C  Execution test
FAIL: g++.mike/eh44.C  Execution test
FAIL: g++.mike/eh47.C  Execution test
FAIL: g++.mike/eh48.C  Execution test
FAIL: g++.mike/eh49.C  Execution test
FAIL: g++.mike/eh5.C  Execution test
FAIL: g++.mike/eh50.C  Execution test
FAIL: g++.mike/eh51.C  Execution test
FAIL: g++.mike/eh55.C  Execution test
FAIL: g++.mike/eh6.C  Execution test
FAIL: g++.mike/eh8.C  Execution test
FAIL: g++.mike/p7912.C  Execution test
FAIL: g++.mike/p9706.C  Execution test
FAIL: g++.oliva/delete3.C  Execution test
FAIL: g++.oliva/new1.C  Execution test
FAIL: g++.other/array1.C  Execution test
FAIL: g++.other/eh3.C  Execution test
FAIL: g++.other/init7.C  Execution test
FAIL: g++.other/singleton.C  Execution test
FAIL: g++.other/vbase2.C  Execution test
FAIL: g++.pt/fntry1.C  Execution test
FAIL: g++.pt/static11.C  Execution test
FAIL: g++.robertl/eb31.C  Execution test
FAIL: g++.robertl/eb50.C  Execution test
FAIL: g++.robertl/eb66.C  Execution test
FAIL: g++.robertl/eb88.C  Execution test
FAIL: g++.robertl/eh990323-1.C  Execution test
FAIL: g++.robertl/eh990323-2.C  Execution test
FAIL: g++.robertl/eh990323-3.C  Execution test
FAIL: g++.robertl/eh990323-4.C  Execution test
FAIL: g++.robertl/eh990323-5.C  Execution test
FAIL: g++.robertl/ice990323-2.C  Execution test

		=== g++ Summary for unix/-mabi=64 ===

# of expected passes		6292
# of unexpected failures	108
# of unexpected successes	2
# of expected failures		98
# of untested testcases		19

		=== g++ Summary ===

# of expected passes		12688
# of unexpected failures	112
# of unexpected successes	4
# of expected failures		196
# of untested testcases		38
/exd4/billingd/obj/gcc-mainline/gcc/testsuite/../g++ version 3.1 20010313
(experimental)


Compiler version: 3.1 20010313 (experimental) 
Platform: mips-sgi-irix6.5
configure flags: --host=mips-sgi-irix6.5 --enable-shared --enable-haifa
--enable-pthreads --enable-languages=c,c++,f77,objc
--prefix=/exd4/billingd/tmp/gcc-mainline
Counting all warnings,
there are 107 warnings in stage3 of this bootstrap.

Number of warnings per file:
  28 gcc/combine.c
  10 gcc/config/mips/mips.md
   9 gcc/config/mips/mips.c
   6 gcc/gcc.c
   6 gcc/cse.c
   6 gcc/cp/pt.c
   5 gcc/expr.c
   5 gcc/cp/error.c
   4 gcc/reload1.c
   4 gcc/cp/call.c
   2 hashtab.c
   2 gcc/reload.c
   2 gcc/libgcc2.c
   2 gcc/function.c
   2 gcc/fold-const.c
   2 gcc/cp/lang-specs.h
   2 gcc/alias.c
   1 gcc/sched-deps.c
   1 gcc/regmove.c
   1 gcc/objc/lang-specs.h
   1 gcc/intl/dcgettext.c
   1 gcc/f/lang-specs.h
   1 gcc/final.c
   1 gcc/expmed.c
   1 gcc/dwarf2out.c
   1 gcc/dwarf2asm.c
   1 gcc/cp/errfn.c

Number of warning types:
  51 comparison between signed and unsigned
  12 signed and unsigned type in conditional expression
  10 \`???' might be used uninitialized in this function
  10 string length \`???' is greater than the length \`???' ISO C89
compilers are required to support
   6 operand 1 missing mode?
   5 initialization from incompatible pointer type
   4 operand 0 missing mode?
   2 alignment of \`???' is greater than maximum object file alignment.
Using 8.
   1 ??? format, ??? arg (arg ???)
   1 unused variable \`???'
   1 suggest not using #elif in traditional C
   1 pointer targets in passing arg ??? of \`???' differ in signedness
   1 integer constant is unsigned in ISO C, signed with -traditional
   1 function declaration isn't a prototype
   1 decimal constant is so large that it is unsigned


Index Nav: [Date Index] [Subject Index] [Author Index] [Thread Index]
Message Nav: [Date Prev] [Date Next] [Thread Prev] [Thread Next]