This is the mail archive of the gcc-testresults@gcc.gnu.org mailing list for the GCC project.


Index Nav: [Date Index] [Subject Index] [Author Index] [Thread Index]
Message Nav: [Date Prev] [Date Next] [Thread Prev] [Thread Next]

Results for 3.0 20010311 (prerelease) testsuite on i686-pc-cygwin


NT4 sp5 and 2001-02-22 cygwin1.dll snapshot 
Tests g++.old-deja/g++.mike/p3708*.C deleted as they crash dejagnu
Bootstrap failed as stage2/xgcc could not compile f/top.c.  Copied
stage2/f/top.o and continued

Native configuration is i686-pc-cygwin

		=== g++ tests ===


Running target unix
FAIL: conpr-1.C
FAIL: conpr-2a.o
FAIL: conpr-3a.o
FAIL: g++.abi/cxa_vec.C  Execution test
FAIL: g++.benjamin/15071.C  Execution test
FAIL: g++.brendan/copy9.C  Execution test
FAIL: g++.brendan/crash20.C (test for excess errors)
FAIL: g++.brendan/nest21.C  Execution test
FAIL: g++.brendan/ptolemy2.C  Execution test
FAIL: g++.eh/rethrow1.C  Execution test
FAIL: g++.eh/rethrow2.C  Execution test
FAIL: g++.eh/rethrow4.C  Execution test
FAIL: g++.eh/rethrow6.C  Execution test
FAIL: g++.ext/initp1.C caused compiler crash
FAIL: g++.ext/instantiate1.C not instantiated (test for errors, line 18)
FAIL: g++.ext/instantiate1.C not instantiated (test for errors, line 20)
FAIL: g++.ext/instantiate2.C not instantiated (test for errors, line 16)
FAIL: g++.ext/instantiate3.C not instantiated (test for errors, line 13)
XPASS: g++.ext/instantiate3.C (test for excess errors)
FAIL: g++.jason/2371.C  Execution test
XPASS: g++.jason/template18.C (test for excess errors)
XPASS: g++.jason/template18.C  Execution test
FAIL: g++.jason/template24.C  Execution test
FAIL: g++.jason/template31.C  Execution test
FAIL: g++.jason/thunk2.C (test for excess errors)
FAIL: g++.jason/typeid1.C  Execution test
FAIL: g++.law/arg8.C  Execution test
FAIL: g++.law/code-gen5.C  Execution test
FAIL: g++.law/ctors12.C  Execution test
FAIL: g++.law/ctors6.C (test for excess errors)
FAIL: g++.law/cvt2.C  Execution test
FAIL: g++.law/operators4.C (test for excess errors)
FAIL: g++.law/virtual3.C  Execution test
FAIL: g++.martin/bitset1.C  Execution test
FAIL: g++.mike/eh2.C  Execution test
FAIL: g++.mike/eh30.C (test for excess errors)
FAIL: g++.mike/eh33.C  Execution test
FAIL: g++.mike/eh50.C  Execution test
FAIL: g++.mike/eh51.C  Execution test
FAIL: g++.mike/net34.C  Execution test
FAIL: g++.mike/net46.C  Execution test
FAIL: g++.mike/p4750.C (test for excess errors)
FAIL: g++.mike/p658.C  Execution test
FAIL: g++.other/crash18.C (test for excess errors)
FAIL: g++.other/crash31.C parse error (test for errors, line 11)
FAIL: g++.other/crash31.C (test for excess errors)
FAIL: g++.other/headers1.C (test for excess errors)
FAIL: g++.other/sibcall1.C  Execution test
FAIL: g++.robertl/eb106.C (test for excess errors)
FAIL: g++.robertl/eb115.C  Execution test
FAIL: g++.robertl/eb118.C  Execution test
FAIL: g++.robertl/eb21.C  Execution test
FAIL: g++.robertl/eb27.C  Execution test
FAIL: g++.robertl/eb3.C (test for excess errors)
FAIL: g++.robertl/eb31.C  Execution test
FAIL: g++.robertl/eb41.C  Execution test
FAIL: g++.robertl/eb46.C  Execution test
FAIL: g++.robertl/eb54.C  Execution test
FAIL: g++.robertl/eb66.C  Execution test
FAIL: g++.robertl/eb73.C  Execution test
FAIL: g++.robertl/eb77.C  Execution test

		=== g++ Summary ===

# of expected passes		6347
# of unexpected failures	58
# of unexpected successes	3
# of expected failures		84
# of untested testcases		15
/usr/local/obj/gcc/gcc/testsuite/../g++ version 3.0 20010311 (prerelease)

		=== g77 tests ===


Running target unix
XPASS: g77.f-torture/compile/20000629-1.f,  -O3 -fomit-frame-pointer
-funroll-loops  
XPASS: g77.f-torture/compile/20000629-1.f,  -O3 -fomit-frame-pointer
-funroll-all-loops -finline-functions  
XPASS: g77.f-torture/execute/20010116.f execution,  -O0 
XPASS: g77.f-torture/execute/20010116.f execution,  -O1 
XPASS: g77.f-torture/execute/20010116.f execution,  -O2 
XPASS: g77.f-torture/execute/20010116.f execution,  -O3 -fomit-frame-pointer

XPASS: g77.f-torture/execute/20010116.f execution,  -O3 -fomit-frame-pointer
-funroll-loops 
XPASS: g77.f-torture/execute/20010116.f execution,  -O3 -fomit-frame-pointer
-funroll-all-loops -finline-functions 
XPASS: g77.f-torture/execute/20010116.f execution,  -O3 -g 
XPASS: g77.f-torture/execute/20010116.f execution,  -Os 
FAIL: g77.f-torture/execute/labug1.f execution,  -O0 
FAIL: g77.f-torture/execute/labug1.f execution,  -O1 
FAIL: g77.f-torture/execute/labug1.f execution,  -O2 
FAIL: g77.f-torture/execute/labug1.f execution,  -O3 -fomit-frame-pointer 
FAIL: g77.f-torture/execute/labug1.f execution,  -O3 -fomit-frame-pointer
-funroll-loops 
FAIL: g77.f-torture/execute/labug1.f execution,  -O3 -fomit-frame-pointer
-funroll-all-loops -finline-functions 
FAIL: g77.f-torture/execute/labug1.f execution,  -O3 -g 
FAIL: g77.f-torture/execute/labug1.f execution,  -Os 
FAIL: g77.f-torture/execute/short.f execution,  -Os 

		=== g77 Summary ===

# of expected passes		916
# of unexpected failures	9
# of unexpected successes	10
		=== gcc tests ===


Running target unix
FAIL: gcc.c-torture/execute/20010114-2.c execution,  -O1 
FAIL: gcc.c-torture/execute/20010114-2.c execution,  -O2 
FAIL: gcc.c-torture/execute/20010114-2.c execution,  -Os 
FAIL: gcc.c-torture/execute/20010123-1.c execution,  -O0 
FAIL: gcc.c-torture/execute/20010123-1.c execution,  -O1 
FAIL: gcc.c-torture/execute/20010123-1.c execution,  -O2 
FAIL: gcc.c-torture/execute/20010123-1.c execution,  -O3
-fomit-frame-pointer 
FAIL: gcc.c-torture/execute/20010123-1.c execution,  -O3
-fomit-frame-pointer -funroll-loops 
FAIL: gcc.c-torture/execute/20010123-1.c execution,  -O3
-fomit-frame-pointer -funroll-all-loops -finline-functions 
FAIL: gcc.c-torture/execute/20010123-1.c execution,  -O3 -g 
FAIL: gcc.c-torture/execute/20010123-1.c execution,  -Os 
FAIL: gcc.c-torture/execute/20010124-1.c execution,  -O0 
FAIL: gcc.c-torture/execute/20010124-1.c execution,  -O1 
FAIL: gcc.c-torture/execute/20010124-1.c execution,  -O2 
FAIL: gcc.c-torture/execute/20010124-1.c execution,  -O3
-fomit-frame-pointer 
FAIL: gcc.c-torture/execute/20010124-1.c execution,  -O3 -g 
FAIL: gcc.c-torture/execute/20010124-1.c execution,  -Os 
FAIL: gcc.c-torture/execute/920410-1.c execution,  -O0 
FAIL: gcc.c-torture/execute/920410-1.c execution,  -O1 
FAIL: gcc.c-torture/execute/920410-1.c execution,  -O2 
FAIL: gcc.c-torture/execute/920410-1.c execution,  -O3 -fomit-frame-pointer 
FAIL: gcc.c-torture/execute/920410-1.c execution,  -O3 -g 
FAIL: gcc.c-torture/execute/920410-1.c execution,  -Os 
FAIL: gcc.c-torture/execute/921113-1.c execution,  -O0 
FAIL: gcc.c-torture/execute/921113-1.c execution,  -O1 
FAIL: gcc.c-torture/execute/921113-1.c execution,  -O2 
FAIL: gcc.c-torture/execute/921113-1.c execution,  -O3 -fomit-frame-pointer 
FAIL: gcc.c-torture/execute/921113-1.c execution,  -O3 -g 
FAIL: gcc.c-torture/execute/921113-1.c execution,  -Os 
FAIL: gcc.c-torture/execute/921202-1.c execution,  -O0 
FAIL: gcc.c-torture/execute/921202-1.c execution,  -O1 
FAIL: gcc.c-torture/execute/921202-1.c execution,  -O2 
FAIL: gcc.c-torture/execute/921202-1.c execution,  -O3 -fomit-frame-pointer 
FAIL: gcc.c-torture/execute/921202-1.c execution,  -O3 -fomit-frame-pointer
-funroll-loops 
FAIL: gcc.c-torture/execute/921202-1.c execution,  -O3 -fomit-frame-pointer
-funroll-all-loops -finline-functions 
FAIL: gcc.c-torture/execute/921202-1.c execution,  -O3 -g 
FAIL: gcc.c-torture/execute/921202-1.c execution,  -Os 
FAIL: gcc.c-torture/execute/921208-2.c execution,  -O0 
FAIL: gcc.c-torture/execute/921208-2.c execution,  -O1 
FAIL: gcc.c-torture/execute/921208-2.c execution,  -O2 
FAIL: gcc.c-torture/execute/921208-2.c execution,  -O3 -fomit-frame-pointer 
FAIL: gcc.c-torture/execute/921208-2.c execution,  -O3 -fomit-frame-pointer
-funroll-loops 
FAIL: gcc.c-torture/execute/921208-2.c execution,  -O3 -fomit-frame-pointer
-funroll-all-loops -finline-functions 
FAIL: gcc.c-torture/execute/921208-2.c execution,  -O3 -g 
FAIL: gcc.c-torture/execute/921208-2.c execution,  -Os 
FAIL: gcc.c-torture/execute/930106-1.c execution,  -O0 
FAIL: gcc.c-torture/execute/930106-1.c execution,  -O1 
FAIL: gcc.c-torture/execute/930106-1.c execution,  -O2 
FAIL: gcc.c-torture/execute/930106-1.c execution,  -O3 -fomit-frame-pointer 
FAIL: gcc.c-torture/execute/930106-1.c execution,  -O3 -g 
FAIL: gcc.c-torture/execute/930106-1.c execution,  -Os 
FAIL: gcc.c-torture/execute/980605-1.c execution,  -O0 
FAIL: gcc.c-torture/execute/980605-1.c execution,  -O1 
FAIL: gcc.c-torture/execute/980605-1.c execution,  -O2 
FAIL: gcc.c-torture/execute/980605-1.c execution,  -O3 -fomit-frame-pointer 
FAIL: gcc.c-torture/execute/980605-1.c execution,  -O3 -g 
FAIL: gcc.c-torture/execute/980605-1.c execution,  -Os 
FAIL: gcc.c-torture/execute/991118-1.c execution,  -O3 -fomit-frame-pointer 
FAIL: gcc.c-torture/execute/991118-1.c execution,  -O3 -g 
FAIL: gcc.c-torture/execute/bf64-1.c execution,  -O3 -fomit-frame-pointer 
FAIL: gcc.c-torture/execute/bf64-1.c execution,  -O3 -g 
FAIL: gcc.c-torture/execute/loop-2b.c execution,  -O2 
FAIL: gcc.c-torture/execute/memcpy-1.c execution,  -O0 
FAIL: gcc.c-torture/execute/memcpy-1.c execution,  -O1 
FAIL: gcc.c-torture/execute/memcpy-1.c execution,  -O2 
FAIL: gcc.c-torture/execute/memcpy-1.c execution,  -O3 -fomit-frame-pointer 
FAIL: gcc.c-torture/execute/memcpy-1.c execution,  -O3 -fomit-frame-pointer
-funroll-loops 
FAIL: gcc.c-torture/execute/memcpy-1.c execution,  -O3 -fomit-frame-pointer
-funroll-all-loops -finline-functions 
FAIL: gcc.c-torture/execute/memcpy-1.c execution,  -O3 -g 
FAIL: gcc.c-torture/execute/memcpy-1.c execution,  -Os 
FAIL: gcc.dg/20000807-1.c (test for excess errors)
FAIL: gcc.dg/20000904-1.c (test for excess errors)
FAIL: gcc.dg/20001009-1.c (test for excess errors)
FAIL: gcc.dg/20001117-1.c (test for excess errors)
FAIL: gcc.dg/990213-2.c (test for excess errors)
FAIL: gcc.dg/990214-1.c (test for excess errors)
FAIL: gcc.dg/asm-fs-1.c scan-assembler-not \\*_bar
FAIL: gcc.dg/asm-fs-1.c scan-assembler-not \\*_baz
FAIL: gcc.dg/sequence-pt-1.c sequence point warning (test for warnings, line
59)

		=== gcc Summary ===

# of expected passes		14962
# of unexpected failures	79
# of expected failures		78
# of unsupported tests		25
/usr/local/obj/gcc/gcc/xgcc version 3.0 20010311 (prerelease)

		=== objc tests ===


Running target unix
FAIL: objc/execute/protocol.m compilation,  -O 

		=== objc Summary ===

# of expected passes		66
# of unexpected failures	1
# of untested testcases		1
/usr/local/obj/gcc/gcc/xgcc version 3.0 20010311 (prerelease)


Compiler version: 3.0 20010311 (prerelease) 
Platform: i686-pc-cygwin
configure flags: --host=i686-pc-cygwin
Counting all warnings,
there are 322 warnings in stage3 of this bootstrap.

Number of warnings per file:
    110	gcc/gcc.c
     28	gcc/combine.c
     27	gcc/config/i386/winnt.c
     23	gcc/f/lang-specs.h
     20	gcc/cppinit.c
     19	gcc/cp/lang-specs.h
     16	gcc/varasm.c
     10	gcc/reg-stack.c
      9	gcc/objc/lang-specs.h
      6	gcc/cp/pt.c
      5	gcc/cse.c
      5	gcc/cp/error.c
      4	gcc/dwarf2out.c
      4	gcc/cp/call.c
      4	gcc/collect2.c
      3	gcc/reload1.c
      3	gcc/config/i386/i386.c
      2	insn-emit.c
      2	hashtab.c
      2	gcc/toplev.c
      2	gcc/reload.c
      2	gcc/function.c
      2	gcc/fold-const.c
      2	gcc/expr.c
      2	gcc/config/i386/i386.md
      2	gcc/alias.c
      1	gcc/sdbout.c
      1	gcc/sched-deps.c
      1	gcc/regmove.c
      1	gcc/final.c
      1	gcc/expmed.c
      1	gcc/cp/init.c
      1	gcc/cp/errfn.c
      1	gcc/cp/decl.c

Number of warning types:
     62	missing initializer
     62	(near initialization for \`???')
     57	comparison between signed and unsigned
     29	function \`???' was previously declared within a block
     19	implicit declaration of function \`???'
     17	function declaration isn't a prototype
     14	unused variable \`???'
      9	\`???' might be used uninitialized in this function
      8	string length \`???' is greater than the length \`???' ISO C89
compilers are required to support
      8	assignment discards qualifiers from pointer target type
      5	passing arg ??? of \`???' discards qualifiers from pointer target
type
      5	initialization from incompatible pointer type
      4	signed and unsigned type in conditional expression
      4	??? format, ??? arg (arg ???)
      3	traditional C rejects string concatenation
      2	suggest parentheses around assignment used as truth value
      2	passing arg ??? of \`???' from incompatible pointer type
      2	initialization discards qualifiers from pointer target type
      2	destination missing a mode?
      2	assignment of read-only location
      1	unused parameter \`???'
      1	return discards qualifiers from pointer target type
      1	pointer targets in passing arg ??? of \`???' differ in signedness
      1	integer constant is unsigned in ISO C, signed with -traditional
      1	decimal constant is so large that it is unsigned
      1	\`???' defined but not used


Index Nav: [Date Index] [Subject Index] [Author Index] [Thread Index]
Message Nav: [Date Prev] [Date Next] [Thread Prev] [Thread Next]