This is the mail archive of the
gcc-testresults@gcc.gnu.org
mailing list for the GCC project.
Results for 3.0 20010305 (prerelease) testsuite on alpha-dec-osf4.0e
- To: gcc-testresults at gcc dot gnu dot org
- Subject: Results for 3.0 20010305 (prerelease) testsuite on alpha-dec-osf4.0e
- From: RDBrown at mira dot net
- Date: Mon, 12 Mar 2001 09:32:46 +1100
Native configuration is alpha-dec-osf4.0e
=== gcc tests ===
Running target unix
FAIL: gcc.c-torture/compile/20001226-1.c, -O2
FAIL: gcc.c-torture/compile/20001226-1.c, -O3 -fomit-frame-pointer
FAIL: gcc.c-torture/compile/20001226-1.c, -O3 -g
FAIL: gcc.c-torture/compile/20001226-1.c, -Os
FAIL: gcc.c-torture/execute/20001229-1.c compilation, -O0
FAIL: gcc.c-torture/execute/20001229-1.c compilation, -O1
FAIL: gcc.c-torture/execute/20001229-1.c compilation, -O2
FAIL: gcc.c-torture/execute/20001229-1.c compilation, -O3 -fomit-frame-pointer
FAIL: gcc.c-torture/execute/20001229-1.c compilation, -O3 -g
FAIL: gcc.c-torture/execute/20001229-1.c compilation, -Os
FAIL: gcc.c-torture/execute/20010123-1.c execution, -O0
FAIL: gcc.c-torture/execute/20010123-1.c execution, -O1
FAIL: gcc.c-torture/execute/20010123-1.c execution, -O2
FAIL: gcc.c-torture/execute/20010123-1.c execution, -O3 -fomit-frame-pointer
FAIL: gcc.c-torture/execute/20010123-1.c execution, -O3 -fomit-frame-pointer -funroll-loops
FAIL: gcc.c-torture/execute/20010123-1.c execution, -O3 -fomit-frame-pointer -funroll-all-loops -finline-functions
FAIL: gcc.c-torture/execute/20010123-1.c execution, -O3 -g
FAIL: gcc.c-torture/execute/20010123-1.c execution, -Os
FAIL: gcc.c-torture/execute/20010124-1.c execution, -O0
FAIL: gcc.c-torture/execute/20010124-1.c execution, -O1
FAIL: gcc.c-torture/execute/20010124-1.c execution, -O2
FAIL: gcc.c-torture/execute/20010124-1.c execution, -O3 -fomit-frame-pointer
FAIL: gcc.c-torture/execute/20010124-1.c execution, -O3 -g
FAIL: gcc.c-torture/execute/20010124-1.c execution, -Os
FAIL: gcc.c-torture/execute/builtin-abs-1.c compilation, -O0
FAIL: gcc.c-torture/execute/builtin-abs-1.c compilation, -O1
FAIL: gcc.c-torture/execute/builtin-abs-1.c compilation, -O2
FAIL: gcc.c-torture/execute/builtin-abs-1.c compilation, -O3 -fomit-frame-pointer
FAIL: gcc.c-torture/execute/builtin-abs-1.c compilation, -O3 -g
FAIL: gcc.c-torture/execute/builtin-abs-1.c compilation, -Os
FAIL: gcc.c-torture/execute/builtin-abs-2.c compilation, -O0
FAIL: gcc.c-torture/execute/builtin-abs-2.c compilation, -O1
FAIL: gcc.c-torture/execute/builtin-abs-2.c compilation, -O2
FAIL: gcc.c-torture/execute/builtin-abs-2.c compilation, -O3 -fomit-frame-pointer
FAIL: gcc.c-torture/execute/builtin-abs-2.c compilation, -O3 -g
FAIL: gcc.c-torture/execute/builtin-abs-2.c compilation, -Os
FAIL: gcc.c-torture/execute/ieee/20000320-1.c execution, -O0
FAIL: gcc.c-torture/execute/ieee/20000320-1.c execution, -O1
FAIL: gcc.c-torture/execute/ieee/20000320-1.c execution, -O2
FAIL: gcc.c-torture/execute/ieee/20000320-1.c execution, -O3 -fomit-frame-pointer
FAIL: gcc.c-torture/execute/ieee/20000320-1.c execution, -O3 -g
FAIL: gcc.c-torture/execute/ieee/20000320-1.c execution, -Os
FAIL: gcc.c-torture/execute/ieee/fp-cmp-2.c execution, -O0
FAIL: gcc.c-torture/execute/ieee/fp-cmp-2.c execution, -O1
FAIL: gcc.c-torture/execute/ieee/fp-cmp-2.c execution, -O2
FAIL: gcc.c-torture/execute/ieee/fp-cmp-2.c execution, -O3 -fomit-frame-pointer
FAIL: gcc.c-torture/execute/ieee/fp-cmp-2.c execution, -O3 -fomit-frame-pointer -funroll-loops
FAIL: gcc.c-torture/execute/ieee/fp-cmp-2.c execution, -O3 -fomit-frame-pointer -funroll-all-loops -finline-functions
FAIL: gcc.c-torture/execute/ieee/fp-cmp-2.c execution, -O3 -g
FAIL: gcc.c-torture/execute/ieee/fp-cmp-2.c execution, -Os
FAIL: gcc.c-torture/execute/ieee/fp-cmp-4.c execution, -O0
FAIL: gcc.c-torture/execute/ieee/fp-cmp-4.c execution, -O1
FAIL: gcc.c-torture/execute/ieee/fp-cmp-4.c execution, -O2
FAIL: gcc.c-torture/execute/ieee/fp-cmp-4.c execution, -O3 -fomit-frame-pointer
FAIL: gcc.c-torture/execute/ieee/fp-cmp-4.c execution, -O3 -fomit-frame-pointer -funroll-loops
FAIL: gcc.c-torture/execute/ieee/fp-cmp-4.c execution, -O3 -fomit-frame-pointer -funroll-all-loops -finline-functions
FAIL: gcc.c-torture/execute/ieee/fp-cmp-4.c execution, -O3 -g
FAIL: gcc.c-torture/execute/ieee/fp-cmp-4.c execution, -Os
FAIL: gcc.c-torture/execute/ieee/hugeval.c execution, -O0
FAIL: gcc.c-torture/execute/ieee/hugeval.c execution, -O1
FAIL: gcc.c-torture/execute/ieee/hugeval.c execution, -O2
FAIL: gcc.c-torture/execute/ieee/hugeval.c execution, -O3 -fomit-frame-pointer
FAIL: gcc.c-torture/execute/ieee/hugeval.c execution, -O3 -g
FAIL: gcc.c-torture/execute/ieee/hugeval.c execution, -Os
FAIL: gcc.c-torture/execute/ieee/mzero2.c execution, -O0
FAIL: gcc.c-torture/execute/ieee/mzero2.c execution, -O1
FAIL: gcc.c-torture/execute/ieee/mzero2.c execution, -O2
FAIL: gcc.c-torture/execute/ieee/mzero2.c execution, -O3 -fomit-frame-pointer
FAIL: gcc.c-torture/execute/ieee/mzero2.c execution, -O3 -g
FAIL: gcc.c-torture/execute/ieee/mzero2.c execution, -Os
XPASS: gcc.c-torture/execute/memcheck/blkarg.c execution, -O0
XPASS: gcc.c-torture/execute/memcheck/blkarg.c execution, -O1
XPASS: gcc.c-torture/execute/memcheck/blkarg.c execution, -O2
XPASS: gcc.c-torture/execute/memcheck/blkarg.c execution, -Os
FAIL: gcc.dg/asm-fs-1.c (test for excess errors)
FAIL: gcc.dg/sequence-pt-1.c sequence point warning (test for warnings, line 59)
=== gcc Summary ===
# of expected passes 14888
# of unexpected failures 72
# of unexpected successes 4
# of expected failures 72
# of unresolved testcases 21
# of unsupported tests 55
/user/rand/rdb/src/gcc-20010305.obj/gcc/xgcc version 3.0 20010305 (prerelease)
=== g++ tests ===
Running target unix
FAIL: g++.dg/vtgc1.C (test for excess errors)
FAIL: g++.abi/cxa_vec.C (test for excess errors)
FAIL: g++.benjamin/15071.C (test for excess errors)
FAIL: g++.brendan/copy9.C (test for excess errors)
FAIL: g++.brendan/nest21.C (test for excess errors)
FAIL: g++.brendan/ptolemy2.C (test for excess errors)
FAIL: g++.eh/badalloc1.C Execution test
FAIL: g++.ext/instantiate1.C not instantiated (test for errors, line 18)
FAIL: g++.ext/instantiate1.C not instantiated (test for errors, line 20)
FAIL: g++.ext/instantiate2.C not instantiated (test for errors, line 16)
FAIL: g++.ext/instantiate3.C not instantiated (test for errors, line 13)
FAIL: g++.jason/2371.C (test for excess errors)
FAIL: g++.jason/template24.C (test for excess errors)
FAIL: g++.jason/template31.C (test for excess errors)
FAIL: g++.jason/typeid1.C (test for excess errors)
FAIL: g++.law/arg8.C (test for excess errors)
FAIL: g++.law/code-gen5.C (test for excess errors)
FAIL: g++.law/ctors12.C (test for excess errors)
FAIL: g++.law/cvt2.C (test for excess errors)
FAIL: g++.law/virtual3.C (test for excess errors)
FAIL: g++.martin/bitset1.C (test for excess errors)
FAIL: g++.mike/eh2.C (test for excess errors)
FAIL: g++.mike/net34.C (test for excess errors)
FAIL: g++.mike/net46.C (test for excess errors)
FAIL: g++.mike/p658.C (test for excess errors)
FAIL: g++.mike/p9706.C Execution test
FAIL: g++.other/call1.C Execution test
FAIL: g++.other/crash18.C (test for excess errors)
FAIL: g++.other/crash31.C parse error (test for errors, line 11)
FAIL: g++.other/crash31.C (test for excess errors)
FAIL: g++.other/headers1.C (test for excess errors)
FAIL: g++.other/inline7.C (test for excess errors)
FAIL: g++.other/inline8.C (test for excess errors)
FAIL: g++.other/sibcall1.C (test for excess errors)
FAIL: g++.robertl/eb115.C (test for excess errors)
FAIL: g++.robertl/eb118.C (test for excess errors)
FAIL: g++.robertl/eb21.C (test for excess errors)
FAIL: g++.robertl/eb27.C (test for excess errors)
FAIL: g++.robertl/eb31.C (test for excess errors)
FAIL: g++.robertl/eb41.C (test for excess errors)
FAIL: g++.robertl/eb44.C (test for excess errors)
FAIL: g++.robertl/eb46.C (test for excess errors)
FAIL: g++.robertl/eb54.C (test for excess errors)
FAIL: g++.robertl/eb66.C (test for excess errors)
FAIL: g++.robertl/eb73.C (test for excess errors)
FAIL: g++.robertl/eb77.C (test for excess errors)
=== g++ Summary ===
# of expected passes 6316
# of unexpected failures 46
# of expected failures 125
# of unresolved testcases 1
# of untested testcases 18
/user/rand/rdb/src/gcc-20010305.obj/gcc/testsuite/../g++ version 3.0 20010305 (prerelease)
=== g77 tests ===
Running target unix
=== g77 Summary ===
# of expected passes 919
# of unsupported tests 8
=== objc tests ===
Running target unix
FAIL: objc/execute/protocol.m compilation, -O
=== objc Summary ===
# of expected passes 58
# of unexpected failures 1
# of untested testcases 1
/user/rand/rdb/src/gcc-20010305.obj/gcc/xgcc version 3.0 20010305 (prerelease)
Compiler version: 3.0 20010305 (prerelease)
Platform: alpha-dec-osf4.0e
configure flags: --host=alpha-dec-osf4.0e
Counting all warnings,
there are 273 warnings in stage3 of this bootstrap.
Number of warnings per file:
84 gcc/gcc.c
48 libiberty/md5.c
23 gcc/f/lang-specs.h
17 gcc/cp/lang-specs.h
12 gcc/mips-tfile.c
9 libsupc++/exception_support.cc
9 gcc/objc/lang-specs.h
8 gcc/cpphash.h
6 gcc/gcov-io.h
6 gcc/cp/pt.c
5 gcc/cp/error.c
4 libiberty/sort.c
4 gcc/cp/call.c
3 include/bits/std_valarray.h
3 gcc/reload1.c
3 gcc/config/alpha/alpha.c
2 libiberty/getopt.c
2 gcc/reload.c
2 gcc/expr.c
1 objc-parse.y
1 libstdc++-v3/src/strstream.cc
1 libstdc++-v3/src/locale.cc
1 include/va_list.h
1 include/va-alpha.h
1 include/bits/basic_string.h
1 gcc/toplev.c
1 gcc/sdbout.c
1 gcc/sched-deps.c
1 gcc/regmove.c
1 gcc/jump.c
1 gcc/intl/dcgettext.c
1 gcc/fold-const.c
1 gcc/final.c
1 gcc/cppinit.c
1 gcc/cppexp.c
1 gcc/cp/method.c
1 gcc/cp/errfn.c
1 gcc/cp/decl.c
1 gcc/combine.c
1 gcc/collect2.c
1 configure
1 c-parse.y
Number of warning types:
63 missing initializer
63 (near initialization for \`???')
25 comparison between signed and unsigned
16 function-like macro \`FI' must be used with arguments in traditional C
16 function-like macro \`FH' must be used with arguments in traditional C
16 function-like macro \`FG' must be used with arguments in traditional C
15 traditional C rejects the 'u' suffix
8 \`???' might be used uninitialized in this function
7 ??? format, ??? arg (arg ???)
5 string length \`???' is greater than the length \`???' ISO C89 compilers are required to support
5 initialization from incompatible pointer type
5 function declaration isn't a prototype
3 unused parameter \`???'
3 new
3 function
3 ambiguates
3 \`noreturn'
2 assignment from incompatible pointer type
1 wchar_t support disabled.
1 unused variable \`???'
1 suggest not using #elif in traditional C
1 redefinition of \`???'
1 pointer targets in passing arg ??? of \`???' differ in signedness
1 comparison
1 comparison
1 assignment discards qualifiers from pointer target type
1 \`long' switch expression not converted to \`int' in ISO C
1 \`???' previously declared here
1 \`???' declared \`static' but never defined
1 \`???'