This is the mail archive of the gcc-testresults@gcc.gnu.org mailing list for the GCC project.


Index Nav: [Date Index] [Subject Index] [Author Index] [Thread Index]
Message Nav: [Date Prev] [Date Next] [Thread Prev] [Thread Next]

Results for 3.0 20010309 (prerelease) testsuite on alphapca56-unknown-linux-gnu


Native configuration is alphapca56-unknown-linux-gnu

		=== libjava tests ===


Running target unix
XPASS: PR207 compilation from bytecode
XPASS: PR207 -O compilation from bytecode
XPASS: PR208 -O compilation from source
XPASS: PR209 compilation from source
XPASS: abstr -O compilation from source
XPASS: assignment compilation from source
XPASS: assignment byte compilation
XPASS: assignment -O compilation from source
XPASS: assignment byte compilation
XPASS: assignment_2 compilation from source
XPASS: assignment_2 byte compilation
XPASS: assignment_2 -O compilation from source
XPASS: assignment_2 byte compilation
FAIL: inner_1 byte compilation
FAIL: inner_1 byte compilation
XPASS: N19990310_4 output from source compiled test
XPASS: N19990310_4 -O output from source compiled test
XPASS: PR162 output from source compiled test
XPASS: PR162 -O output from source compiled test
FAIL: Primes output from source compiled test
FAIL: Primes output from bytecode->native test
FAIL: Primes -O output from source compiled test
FAIL: Primes -O output from bytecode->native test
XPASS: stringconst output from bytecode->native test
XPASS: stringconst -O output from bytecode->native test
XPASS: stub compilation from source
XPASS: stub byte compilation
XPASS: stub compilation from bytecode
XPASS: stub -O compilation from source
XPASS: stub byte compilation
XPASS: stub -O compilation from bytecode

		=== libjava Summary ===

# of expected passes		1603
# of unexpected failures	6
# of unexpected successes	25
# of expected failures		90
		=== gcc tests ===


Running target unix
FAIL: gcc.c-torture/compile/20001226-1.c,  -Os  
FAIL: gcc.c-torture/execute/20010122-1.c compilation,  -O0 
FAIL: gcc.c-torture/execute/20010122-1.c compilation,  -O1 
FAIL: gcc.c-torture/execute/20010122-1.c compilation,  -O2 
FAIL: gcc.c-torture/execute/20010122-1.c compilation,  -O3 -fomit-frame-pointer 
FAIL: gcc.c-torture/execute/20010122-1.c compilation,  -O3 -fomit-frame-pointer -funroll-loops 
FAIL: gcc.c-torture/execute/20010122-1.c compilation,  -O3 -fomit-frame-pointer -funroll-all-loops -finline-functions 
FAIL: gcc.c-torture/execute/20010122-1.c compilation,  -O3 -g 
FAIL: gcc.c-torture/execute/20010122-1.c compilation,  -Os 
FAIL: gcc.c-torture/execute/20010123-1.c execution,  -O0 
FAIL: gcc.c-torture/execute/20010123-1.c execution,  -O1 
FAIL: gcc.c-torture/execute/20010123-1.c execution,  -O2 
FAIL: gcc.c-torture/execute/20010123-1.c execution,  -O3 -fomit-frame-pointer 
FAIL: gcc.c-torture/execute/20010123-1.c execution,  -O3 -fomit-frame-pointer -funroll-loops 
FAIL: gcc.c-torture/execute/20010123-1.c execution,  -O3 -fomit-frame-pointer -funroll-all-loops -finline-functions 
FAIL: gcc.c-torture/execute/20010123-1.c execution,  -O3 -g 
FAIL: gcc.c-torture/execute/20010123-1.c execution,  -Os 
FAIL: gcc.c-torture/execute/20010124-1.c execution,  -O0 
FAIL: gcc.c-torture/execute/20010124-1.c execution,  -O1 
FAIL: gcc.c-torture/execute/20010124-1.c execution,  -O2 
FAIL: gcc.c-torture/execute/20010124-1.c execution,  -O3 -fomit-frame-pointer 
FAIL: gcc.c-torture/execute/20010124-1.c execution,  -O3 -g 
FAIL: gcc.c-torture/execute/20010124-1.c execution,  -Os 
FAIL: gcc.c-torture/execute/ieee/20000320-1.c execution,  -O0 
FAIL: gcc.c-torture/execute/ieee/20000320-1.c execution,  -O1 
FAIL: gcc.c-torture/execute/ieee/20000320-1.c execution,  -O2 
FAIL: gcc.c-torture/execute/ieee/20000320-1.c execution,  -O3 -fomit-frame-pointer 
FAIL: gcc.c-torture/execute/ieee/20000320-1.c execution,  -O3 -g 
FAIL: gcc.c-torture/execute/ieee/20000320-1.c execution,  -Os 
FAIL: gcc.c-torture/execute/ieee/fp-cmp-2.c execution,  -O0 
FAIL: gcc.c-torture/execute/ieee/fp-cmp-2.c execution,  -O1 
FAIL: gcc.c-torture/execute/ieee/fp-cmp-2.c execution,  -O2 
FAIL: gcc.c-torture/execute/ieee/fp-cmp-2.c execution,  -O3 -fomit-frame-pointer 
FAIL: gcc.c-torture/execute/ieee/fp-cmp-2.c execution,  -O3 -fomit-frame-pointer -funroll-loops 
FAIL: gcc.c-torture/execute/ieee/fp-cmp-2.c execution,  -O3 -fomit-frame-pointer -funroll-all-loops -finline-functions 
FAIL: gcc.c-torture/execute/ieee/fp-cmp-2.c execution,  -O3 -g 
FAIL: gcc.c-torture/execute/ieee/fp-cmp-2.c execution,  -Os 
FAIL: gcc.c-torture/execute/ieee/fp-cmp-4.c execution,  -O0 
FAIL: gcc.c-torture/execute/ieee/fp-cmp-4.c execution,  -O1 
FAIL: gcc.c-torture/execute/ieee/fp-cmp-4.c execution,  -O2 
FAIL: gcc.c-torture/execute/ieee/fp-cmp-4.c execution,  -O3 -fomit-frame-pointer 
FAIL: gcc.c-torture/execute/ieee/fp-cmp-4.c execution,  -O3 -fomit-frame-pointer -funroll-loops 
FAIL: gcc.c-torture/execute/ieee/fp-cmp-4.c execution,  -O3 -fomit-frame-pointer -funroll-all-loops -finline-functions 
FAIL: gcc.c-torture/execute/ieee/fp-cmp-4.c execution,  -O3 -g 
FAIL: gcc.c-torture/execute/ieee/fp-cmp-4.c execution,  -Os 
FAIL: gcc.c-torture/execute/ieee/hugeval.c execution,  -O0 
FAIL: gcc.c-torture/execute/ieee/mzero2.c execution,  -O0 
FAIL: gcc.c-torture/execute/ieee/mzero2.c execution,  -O1 
FAIL: gcc.c-torture/execute/ieee/mzero2.c execution,  -O2 
FAIL: gcc.c-torture/execute/ieee/mzero2.c execution,  -O3 -fomit-frame-pointer 
FAIL: gcc.c-torture/execute/ieee/mzero2.c execution,  -O3 -g 
FAIL: gcc.c-torture/execute/ieee/mzero2.c execution,  -Os 
XPASS: gcc.c-torture/execute/memcheck/blkarg.c execution,  -O0 
XPASS: gcc.c-torture/execute/memcheck/blkarg.c execution,  -O1 
XPASS: gcc.c-torture/execute/memcheck/blkarg.c execution,  -O2 
XPASS: gcc.c-torture/execute/memcheck/blkarg.c execution,  -Os 
FAIL: gcc.dg/sequence-pt-1.c sequence point warning (test for warnings, line 59)

		=== gcc Summary ===

# of expected passes		14937
# of unexpected failures	53
# of unexpected successes	4
# of expected failures		72
# of unresolved testcases	8
# of unsupported tests		49
/home/jsturm/dev/gcc/objdir/gcc/xgcc version 3.0 20010309 (prerelease)

		=== g++ tests ===


Running target unix
FAIL: g++.dg/vtgc1.C (test for excess errors)
FAIL: g++.eh/badalloc1.C  Execution test
FAIL: g++.other/call1.C  Execution test
FAIL: g++.other/crash18.C (test for excess errors)
FAIL: g++.other/crash31.C parse error (test for errors, line 11)
FAIL: g++.other/crash31.C (test for excess errors)

		=== g++ Summary ===

# of expected passes		6395
# of unexpected failures	6
# of expected failures		86
# of unresolved testcases	1
# of untested testcases		18
/home/jsturm/dev/gcc/objdir/gcc/testsuite/../g++ version 3.0 20010309 (prerelease)

		=== g77 tests ===


Running target unix
FAIL: g77.f-torture/compile/20000629-1.f,  -O3 -g  

		=== g77 Summary ===

# of expected passes		918
# of unexpected failures	1
# of unsupported tests		8
		=== objc tests ===


Running target unix
FAIL: objc/execute/bf-1.m compilation,  -O 
FAIL: objc/execute/bf-10.m compilation,  -O 
FAIL: objc/execute/bf-11.m compilation,  -O 
FAIL: objc/execute/bf-12.m compilation,  -O 
FAIL: objc/execute/bf-13.m compilation,  -O 
FAIL: objc/execute/bf-14.m compilation,  -O 
FAIL: objc/execute/bf-15.m compilation,  -O 
FAIL: objc/execute/bf-16.m compilation,  -O 
FAIL: objc/execute/bf-17.m compilation,  -O 
FAIL: objc/execute/bf-18.m compilation,  -O 
FAIL: objc/execute/bf-19.m compilation,  -O 
FAIL: objc/execute/bf-2.m compilation,  -O 
FAIL: objc/execute/bf-20.m compilation,  -O 
FAIL: objc/execute/bf-3.m compilation,  -O 
FAIL: objc/execute/bf-4.m compilation,  -O 
FAIL: objc/execute/bf-5.m compilation,  -O 
FAIL: objc/execute/bf-6.m compilation,  -O 
FAIL: objc/execute/bf-7.m compilation,  -O 
FAIL: objc/execute/bf-8.m compilation,  -O 
FAIL: objc/execute/bf-9.m compilation,  -O 
FAIL: objc/execute/bycopy-1.m compilation,  -O 
FAIL: objc/execute/bycopy-2.m compilation,  -O 
FAIL: objc/execute/bycopy-3.m compilation,  -O 
FAIL: objc/execute/fdecl.m compilation,  -O 
FAIL: objc/execute/nested-1.m compilation,  -O 
FAIL: objc/execute/nested-2.m compilation,  -O 
FAIL: objc/execute/np-1.m compilation,  -O 
FAIL: objc/execute/np-2.m compilation,  -O 
FAIL: objc/execute/paste.m compilation,  -O 
FAIL: objc/execute/protocol.m compilation,  -O 
FAIL: objc/execute/string1.m compilation,  -O 
FAIL: objc/execute/string2.m compilation,  -O 
FAIL: objc/execute/string3.m compilation,  -O 
FAIL: objc/execute/string4.m compilation,  -O 

		=== objc Summary ===

# of unexpected failures	34
# of untested testcases		34
/home/jsturm/dev/gcc/objdir/gcc/xgcc version 3.0 20010309 (prerelease)


Compiler version: 3.0 20010309 (prerelease) 
Platform: alphapca56-unknown-linux-gnu
configure flags: --host=alphapca56-unknown-linux-gnu --prefix=/opt/gcj --enable-languages=c,c++,f77,java --enable-shared --enable-threads --without-x


Index Nav: [Date Index] [Subject Index] [Author Index] [Thread Index]
Message Nav: [Date Prev] [Date Next] [Thread Prev] [Thread Next]