This is the mail archive of the gcc-testresults@gcc.gnu.org mailing list for the GCC project.


Index Nav: [Date Index] [Subject Index] [Author Index] [Thread Index]
Message Nav: [Date Prev] [Date Next] [Thread Prev] [Thread Next]

Results for 3.1 20010309 (experimental) testsuite on sparc-sun-solaris2.8


Native configuration is sparc-sun-solaris2.8

		=== gcc tests ===


Running target unix
FAIL: gcc.c-torture/execute/20010122-1.c execution,  -O3 -fomit-frame-pointer 
FAIL: gcc.c-torture/execute/20010122-1.c execution,  -O3 -fomit-frame-pointer -funroll-loops 
FAIL: gcc.c-torture/execute/20010122-1.c execution,  -O3 -fomit-frame-pointer -funroll-all-loops -finline-functions 
FAIL: gcc.c-torture/execute/20010122-1.c execution,  -O3 -g 
FAIL: gcc.c-torture/execute/950511-1.c execution,  -O1 
FAIL: gcc.c-torture/execute/960215-1.c execution,  -O1 
FAIL: gcc.c-torture/execute/960215-1.c execution,  -O2 
FAIL: gcc.c-torture/execute/960215-1.c execution,  -O3 -fomit-frame-pointer 
FAIL: gcc.c-torture/execute/960215-1.c execution,  -O3 -g 
FAIL: gcc.c-torture/execute/960215-1.c execution,  -Os 
FAIL: gcc.c-torture/execute/builtin-abs-1.c compilation,  -O1 
FAIL: gcc.c-torture/execute/builtin-abs-2.c compilation,  -O1 
FAIL: gcc.c-torture/execute/regstack-1.c execution,  -O1 
FAIL: gcc.c-torture/execute/regstack-1.c execution,  -O2 
FAIL: gcc.c-torture/execute/regstack-1.c execution,  -O3 -fomit-frame-pointer 
FAIL: gcc.c-torture/execute/regstack-1.c execution,  -O3 -g 
FAIL: gcc.c-torture/execute/regstack-1.c execution,  -Os 
FAIL: gcc.dg/20001013-1.c (test for excess errors)
FAIL: gcc.dg/c99-float-1.c (test for excess errors)
FAIL: gcc.dg/ultrasp2.c (test for excess errors)

		=== gcc Summary ===

# of expected passes		15031
# of unexpected failures	20
# of expected failures		87
# of unresolved testcases	5
# of unsupported tests		48
/export/home/lucier/gcc/objdir/gcc/xgcc version 3.1 20010309 (experimental)

		=== g++ tests ===


Running target unix
FAIL: g++.dg/special/conpr-1.C execution test
FAIL: g++.dg/special/conpr-2.C execution test
FAIL: g++.dg/special/conpr-3.C execution test
FAIL: g++.dg/special/conpr-3.C execution test
FAIL: g++.ext/initp1.C  Execution test
FAIL: g++.ext/instantiate1.C not instantiated (test for errors, line 18)
FAIL: g++.ext/instantiate1.C not instantiated (test for errors, line 20)
FAIL: g++.ext/instantiate2.C not instantiated (test for errors, line 16)
FAIL: g++.ext/instantiate3.C not instantiated (test for errors, line 13)
FAIL: g++.law/cvt2.C (test for excess errors)
FAIL: g++.other/crash18.C (test for excess errors)
FAIL: g++.other/op2.C (test for excess errors)
FAIL: g++.other/op3.C (test for excess errors)
FAIL: g++.pt/static11.C  Execution test
FAIL: g++.robertl/eb39.C (test for excess errors)
FAIL: g++.robertl/eb91.C (test for excess errors)

		=== g++ Summary ===

# of expected passes		6400
# of unexpected failures	16
# of expected failures		89
# of untested testcases		17
/export/home/lucier/gcc/objdir/gcc/testsuite/../g++ version 3.1 20010309 (experimental)

		=== g77 tests ===


Running target unix

		=== g77 Summary ===

# of expected passes		919
# of unsupported tests		8
		=== objc tests ===


Running target unix
FAIL: objc/execute/bf-1.m compilation,  -O 
FAIL: objc/execute/bf-10.m compilation,  -O 
FAIL: objc/execute/bf-11.m compilation,  -O 
FAIL: objc/execute/bf-12.m compilation,  -O 
FAIL: objc/execute/bf-13.m compilation,  -O 
FAIL: objc/execute/bf-14.m compilation,  -O 
FAIL: objc/execute/bf-15.m compilation,  -O 
FAIL: objc/execute/bf-16.m compilation,  -O 
FAIL: objc/execute/bf-17.m compilation,  -O 
FAIL: objc/execute/bf-18.m compilation,  -O 
FAIL: objc/execute/bf-19.m compilation,  -O 
FAIL: objc/execute/bf-2.m compilation,  -O 
FAIL: objc/execute/bf-20.m compilation,  -O 
FAIL: objc/execute/bf-3.m compilation,  -O 
FAIL: objc/execute/bf-4.m compilation,  -O 
FAIL: objc/execute/bf-5.m compilation,  -O 
FAIL: objc/execute/bf-6.m compilation,  -O 
FAIL: objc/execute/bf-7.m compilation,  -O 
FAIL: objc/execute/bf-8.m compilation,  -O 
FAIL: objc/execute/bf-9.m compilation,  -O 
FAIL: objc/execute/bycopy-1.m compilation,  -O 
FAIL: objc/execute/bycopy-2.m compilation,  -O 
FAIL: objc/execute/bycopy-3.m compilation,  -O 
FAIL: objc/execute/fdecl.m compilation,  -O 
FAIL: objc/execute/np-1.m compilation,  -O 
FAIL: objc/execute/np-2.m compilation,  -O 
FAIL: objc/execute/protocol.m compilation,  -O 
FAIL: objc/execute/string1.m compilation,  -O 
FAIL: objc/execute/string2.m compilation,  -O 
FAIL: objc/execute/string3.m compilation,  -O 
FAIL: objc/execute/string4.m compilation,  -O 

		=== objc Summary ===

# of expected passes		6
# of unexpected failures	31
# of untested testcases		31
/export/home/lucier/gcc/objdir/gcc/xgcc version 3.1 20010309 (experimental)


Compiler version: 3.1 20010309 (experimental) 
Platform: sparc-sun-solaris2.8
configure flags: --host=sparc-sun-solaris2.8 --enable-languages=c,c++,f77,objc
Counting all warnings,
there are 96 warnings in stage3 of this bootstrap.

Number of warnings per file:
  29 gcc/combine.c
   6 gcc/cse.c
   6 gcc/cp/pt.c
   5 gcc/reload1.c
   5 gcc/libgcc2.c
   5 gcc/expr.c
   5 gcc/cp/error.c
   4 gcc/gcc.c
   4 gcc/cp/call.c
   4 gcc/config/sparc/sparc.c
   2 hashtab.c
   2 gcc/reload.c
   2 gcc/function.c
   2 gcc/fold-const.c
   2 gcc/alias.c
   1 gcc/sched-deps.c
   1 gcc/regmove.c
   1 gcc/objc/lang-specs.h
   1 gcc/flow.c
   1 gcc/final.c
   1 gcc/f/lang-specs.h
   1 gcc/expmed.c
   1 gcc/dwarfout.c
   1 gcc/dwarf2out.c
   1 gcc/cppfiles.c
   1 gcc/cp/lang-specs.h
   1 gcc/cp/init.c
   1 gcc/cp/errfn.c

Number of warning types:
  52 comparison between signed and unsigned
  11 signed and unsigned type in conditional expression
  10 \`???' might be used uninitialized in this function
   7 string length \`???' is greater than the length \`???' ISO C89 compilers are required to support
   5 initialization from incompatible pointer type
   2 missing braces around initializer
   2 (near initialization for \`???')
   1 pointer targets in passing arg ??? of \`???' differ in signedness
   1 passing arg ??? of \`???' discards qualifiers from pointer target type
   1 integer constant is unsigned in ISO C, signed with -traditional
   1 implicit declaration of function \`???'
   1 function declaration isn't a prototype
   1 decimal constant is so large that it is unsigned
   1 ??? format, ??? arg (arg ???)


Index Nav: [Date Index] [Subject Index] [Author Index] [Thread Index]
Message Nav: [Date Prev] [Date Next] [Thread Prev] [Thread Next]