This is the mail archive of the gcc-testresults@gcc.gnu.org mailing list for the GCC project.


Index Nav: [Date Index] [Subject Index] [Author Index] [Thread Index]
Message Nav: [Date Prev] [Date Next] [Thread Prev] [Thread Next]

Results for 3.1 20010309 (experimental) testsuite on i686-pc-linux-gnu


Native configuration is i686-pc-linux-gnu

		=== gcc tests ===


Running target unix
FAIL: gcc.c-torture/execute/20010114-2.c execution,  -O1 
FAIL: gcc.c-torture/execute/20010114-2.c execution,  -O2 
FAIL: gcc.c-torture/execute/20010114-2.c execution,  -Os 
FAIL: gcc.c-torture/execute/991118-1.c execution,  -O3 -fomit-frame-pointer 
FAIL: gcc.c-torture/execute/991118-1.c execution,  -O3 -g 
FAIL: gcc.c-torture/execute/bf64-1.c execution,  -O3 -fomit-frame-pointer 
FAIL: gcc.c-torture/execute/bf64-1.c execution,  -O3 -g 
FAIL: gcc.c-torture/execute/loop-2b.c execution,  -O2 
FAIL: gcc.dg/20000724-1.c execution test

		=== gcc Summary ===

# of expected passes		15098
# of unexpected failures	9
# of expected failures		93
# of unsupported tests		20
/builds/gcc/gcc-2.97/gcc/xgcc version 3.1 20010309 (experimental)

		=== g++ tests ===


Running target unix
FAIL: g++.ext/instantiate1.C not instantiated (test for errors, line 18)
FAIL: g++.ext/instantiate1.C not instantiated (test for errors, line 20)

		=== g++ Summary ===

# of expected passes		6428
# of unexpected failures	2
# of expected failures		87
# of untested testcases		9
/builds/gcc/gcc-2.97/gcc/testsuite/../g++ version 3.1 20010309 (experimental)

		=== g77 tests ===


Running target unix

		=== g77 Summary ===

# of expected passes		928
# of expected failures		7
		=== objc tests ===


Running target unix
FAIL: objc/execute/protocol.m compilation,  -O 

		=== objc Summary ===

# of expected passes		66
# of unexpected failures	1
# of untested testcases		1
/builds/gcc/gcc-2.97/gcc/xgcc version 3.1 20010309 (experimental)


Compiler version: 3.1 20010309 (experimental) 
Platform: i686-pc-linux-gnu
configure flags: --host=i686-pc-linux-gnu --prefix=/opt/gcc-2.97.test --enable-shared --enable-threads=posix --with-gnu-as --with-gnu-ld --disable-nls --with-system-zlib --enable-languages=c,objc,c++,f77


Index Nav: [Date Index] [Subject Index] [Author Index] [Thread Index]
Message Nav: [Date Prev] [Date Next] [Thread Prev] [Thread Next]